--
-- Host: 10.0.4.4    Database: db_institutphenixenergetique
-- ------------------------------------------------------


--
-- Table structure for table `wpinst_actionscheduler_actions`
--

CREATE TABLE `wpinst_actionscheduler_actions` (
  `action_id` bigint(20) unsigned NOT NULL AUTO_INCREMENT,
  `hook` varchar(191) COLLATE utf8mb4_unicode_520_ci NOT NULL,
  `status` varchar(20) COLLATE utf8mb4_unicode_520_ci NOT NULL,
  `scheduled_date_gmt` datetime DEFAULT '0000-00-00 00:00:00',
  `scheduled_date_local` datetime DEFAULT '0000-00-00 00:00:00',
  `args` varchar(191) COLLATE utf8mb4_unicode_520_ci DEFAULT NULL,
  `schedule` longtext COLLATE utf8mb4_unicode_520_ci,
  `group_id` bigint(20) unsigned NOT NULL DEFAULT '0',
  `attempts` int(11) NOT NULL DEFAULT '0',
  `last_attempt_gmt` datetime DEFAULT '0000-00-00 00:00:00',
  `last_attempt_local` datetime DEFAULT '0000-00-00 00:00:00',
  `claim_id` bigint(20) unsigned NOT NULL DEFAULT '0',
  `extended_args` varchar(8000) COLLATE utf8mb4_unicode_520_ci DEFAULT NULL,
  `priority` tinyint(3) unsigned NOT NULL DEFAULT '10',
  PRIMARY KEY (`action_id`),
  KEY `hook` (`hook`),
  KEY `status` (`status`),
  KEY `scheduled_date_gmt` (`scheduled_date_gmt`),
  KEY `args` (`args`),
  KEY `group_id` (`group_id`),
  KEY `last_attempt_gmt` (`last_attempt_gmt`),
  KEY `claim_id` (`claim_id`),
  KEY `claim_id_status_scheduled_date_gmt` (`claim_id`,`status`,`scheduled_date_gmt`)
) ENGINE=InnoDB AUTO_INCREMENT=26661 DEFAULT CHARSET=utf8mb4 COLLATE=utf8mb4_unicode_520_ci;

--
-- Dumping data for table `wpinst_actionscheduler_actions`
--

INSERT INTO `wpinst_actionscheduler_actions` VALUES (3192,'wp_mail_smtp_summary_report_email','failed','2023-01-26 10:58:41','2023-01-26 11:58:41','[1]','O:32:\"ActionScheduler_IntervalSchedule\":5:{s:22:\"\0*\0scheduled_timestamp\";i:1674730721;s:18:\"\0*\0first_timestamp\";i:1630324800;s:13:\"\0*\0recurrence\";i:604800;s:49:\"\0ActionScheduler_IntervalSchedule\0start_timestamp\";i:1674730721;s:53:\"\0ActionScheduler_IntervalSchedule\0interval_in_seconds\";i:604800;}',2,1,'2023-02-01 14:22:38','2023-02-01 15:22:38',0,NULL,10),(16205,'wp_mail_smtp_summary_report_email','failed','2023-08-24 05:30:08','2023-08-24 07:30:08','[1]','O:32:\"ActionScheduler_IntervalSchedule\":5:{s:22:\"\0*\0scheduled_timestamp\";i:1692855008;s:18:\"\0*\0first_timestamp\";i:1630324800;s:13:\"\0*\0recurrence\";i:604800;s:49:\"\0ActionScheduler_IntervalSchedule\0start_timestamp\";i:1692855008;s:53:\"\0ActionScheduler_IntervalSchedule\0interval_in_seconds\";i:604800;}',2,1,'2023-08-25 15:52:54','2023-08-25 17:52:54',0,NULL,10),(16345,'action_scheduler/migration_hook','failed','2023-08-25 15:53:54','2023-08-25 17:53:54','[]','O:30:\"ActionScheduler_SimpleSchedule\":2:{s:22:\"\0*\0scheduled_timestamp\";i:1692978834;s:41:\"\0ActionScheduler_SimpleSchedule\0timestamp\";i:1692978834;}',1,1,'2023-08-25 15:57:11','2023-08-25 17:57:11',0,NULL,10),(26181,'action_scheduler/migration_hook','failed','2023-11-15 15:07:27','2023-11-15 16:07:27','[]','O:30:\"ActionScheduler_SimpleSchedule\":2:{s:22:\"\0*\0scheduled_timestamp\";i:1700060847;s:41:\"\0ActionScheduler_SimpleSchedule\0timestamp\";i:1700060847;}',1,1,'2023-11-15 15:10:22','2023-11-15 16:10:22',0,NULL,10),(26183,'rocket_preload_job_check_finished','failed','2023-11-15 15:18:54','2023-11-15 16:18:54','[1700061474]','O:30:\"ActionScheduler_SimpleSchedule\":2:{s:22:\"\0*\0scheduled_timestamp\";i:1700061534;s:41:\"\0ActionScheduler_SimpleSchedule\0timestamp\";i:1700061534;}',3,1,'2023-11-15 15:19:10','2023-11-15 16:19:10',0,NULL,10),(26191,'rocket_preload_job_preload_url','failed','2023-11-15 15:18:07','2023-11-15 15:18:07','[\"https:\\/\\/www.institut-phenix-energetique.fr\\/approches-therapeutiques\"]','O:28:\"ActionScheduler_NullSchedule\":0:{}',3,1,'2023-11-15 15:18:41','2023-11-15 16:18:41',0,NULL,10),(26192,'rocket_preload_job_preload_url','failed','2023-11-15 15:18:07','2023-11-15 15:18:07','[\"https:\\/\\/www.institut-phenix-energetique.fr\\/tarifs\"]','O:28:\"ActionScheduler_NullSchedule\":0:{}',3,1,'2023-11-15 15:18:41','2023-11-15 16:18:41',0,NULL,10),(26193,'rocket_preload_job_preload_url','failed','2023-11-15 15:18:07','2023-11-15 15:18:07','[\"https:\\/\\/www.institut-phenix-energetique.fr\\/actualites\\/articles\\/automne\"]','O:28:\"ActionScheduler_NullSchedule\":0:{}',3,1,'2023-11-15 15:18:41','2023-11-15 16:18:41',0,NULL,10),(26194,'rocket_preload_job_preload_url','failed','2023-11-15 15:18:07','2023-11-15 15:18:07','[\"https:\\/\\/www.institut-phenix-energetique.fr\\/la-medecine-chinoise\"]','O:28:\"ActionScheduler_NullSchedule\":0:{}',3,1,'2023-11-15 15:18:41','2023-11-15 16:18:41',0,NULL,10),(26195,'rocket_preload_job_preload_url','failed','2023-11-15 15:18:07','2023-11-15 15:18:07','[\"https:\\/\\/www.institut-phenix-energetique.fr\\/kameleon\"]','O:28:\"ActionScheduler_NullSchedule\":0:{}',3,1,'2023-11-15 15:18:41','2023-11-15 16:18:41',0,NULL,10),(26196,'rocket_preload_job_preload_url','failed','2023-11-15 15:18:07','2023-11-15 15:18:07','[\"https:\\/\\/www.institut-phenix-energetique.fr\\/la-medecine-chinoise\\/la-lithotherapie-chinoise\"]','O:28:\"ActionScheduler_NullSchedule\":0:{}',3,1,'2023-11-15 15:18:41','2023-11-15 16:18:41',0,NULL,10),(26197,'rocket_preload_job_preload_url','failed','2023-11-15 15:18:07','2023-11-15 15:18:07','[\"https:\\/\\/www.institut-phenix-energetique.fr\\/lacupuncture-esthetique\"]','O:28:\"ActionScheduler_NullSchedule\":0:{}',3,1,'2023-11-15 15:18:41','2023-11-15 16:18:41',0,NULL,10),(26198,'rocket_preload_job_preload_url','failed','2023-11-15 15:18:07','2023-11-15 15:18:07','[\"https:\\/\\/www.institut-phenix-energetique.fr\\/la-medecine-chinoise\\/la-craniopuncture-de-yamamoto\"]','O:28:\"ActionScheduler_NullSchedule\":0:{}',3,1,'2023-11-15 15:18:41','2023-11-15 16:18:41',0,NULL,10),(26199,'rocket_preload_job_preload_url','failed','2023-11-15 15:18:07','2023-11-15 15:18:07','[\"https:\\/\\/www.institut-phenix-energetique.fr\\/prendre-rendez-vous\"]','O:28:\"ActionScheduler_NullSchedule\":0:{}',3,1,'2023-11-15 15:18:41','2023-11-15 16:18:41',0,NULL,10),(26200,'rocket_preload_job_preload_url','failed','2023-11-15 15:18:07','2023-11-15 15:18:07','[\"https:\\/\\/www.institut-phenix-energetique.fr\\/approches-therapeutiques\\/confiance-en-soi\"]','O:28:\"ActionScheduler_NullSchedule\":0:{}',3,1,'2023-11-15 15:18:41','2023-11-15 16:18:41',0,NULL,10),(26201,'rocket_preload_job_preload_url','failed','2023-11-15 15:18:07','2023-11-15 15:18:07','[\"https:\\/\\/www.institut-phenix-energetique.fr\\/actualites\\/articles\"]','O:28:\"ActionScheduler_NullSchedule\":0:{}',3,1,'2023-11-15 15:18:41','2023-11-15 16:18:41',0,NULL,10),(26202,'rocket_preload_job_preload_url','failed','2023-11-15 15:18:07','2023-11-15 15:18:07','[\"https:\\/\\/www.institut-phenix-energetique.fr\\/cgv\"]','O:28:\"ActionScheduler_NullSchedule\":0:{}',3,1,'2023-11-15 15:18:41','2023-11-15 16:18:41',0,NULL,10),(26203,'rocket_preload_job_preload_url','failed','2023-11-15 15:18:07','2023-11-15 15:18:07','[\"https:\\/\\/www.institut-phenix-energetique.fr\\/author\\/incomm-wordpressgmail-com\"]','O:28:\"ActionScheduler_NullSchedule\":0:{}',3,1,'2023-11-15 15:18:41','2023-11-15 16:18:41',0,NULL,10),(26204,'rocket_preload_job_preload_url','failed','2023-11-15 15:18:07','2023-11-15 15:18:07','[\"https:\\/\\/www.institut-phenix-energetique.fr\\/actualites\\/articles\\/comment-trouver-un-bon-acupuncteur-a-sorgues\"]','O:28:\"ActionScheduler_NullSchedule\":0:{}',3,1,'2023-11-15 15:18:41','2023-11-15 16:18:41',0,NULL,10),(26205,'rocket_preload_job_preload_url','failed','2023-11-15 15:18:07','2023-11-15 15:18:07','[\"https:\\/\\/www.institut-phenix-energetique.fr\\/author\\/contactinstitutphenixenergetique-fr\"]','O:28:\"ActionScheduler_NullSchedule\":0:{}',3,1,'2023-11-15 15:18:41','2023-11-15 16:18:41',0,NULL,10),(26206,'rocket_preload_job_preload_url','failed','2023-11-15 15:18:07','2023-11-15 15:18:07','[\"https:\\/\\/www.institut-phenix-energetique.fr\\/le-reiki\\/a-propos-du-reiki\"]','O:28:\"ActionScheduler_NullSchedule\":0:{}',3,1,'2023-11-15 15:18:41','2023-11-15 16:18:41',0,NULL,10),(26207,'rocket_preload_job_preload_url','failed','2023-11-15 15:18:07','2023-11-15 15:18:07','[\"https:\\/\\/www.institut-phenix-energetique.fr\\/le-reiki\\/guerir-avec-le-reiki\"]','O:28:\"ActionScheduler_NullSchedule\":0:{}',3,1,'2023-11-15 15:18:41','2023-11-15 16:18:41',0,NULL,10),(26208,'rocket_preload_job_preload_url','failed','2023-11-15 15:18:07','2023-11-15 15:18:07','[\"https:\\/\\/www.institut-phenix-energetique.fr\\/dans-quel-cas-consulter-en-reiki-ou-medecine-chinoise\"]','O:28:\"ActionScheduler_NullSchedule\":0:{}',3,1,'2023-11-15 15:18:41','2023-11-15 16:18:41',0,NULL,10),(26209,'rocket_preload_job_preload_url','failed','2023-11-15 15:18:07','2023-11-15 15:18:07','[\"https:\\/\\/www.institut-phenix-energetique.fr\\/politique-de-cookies-eu\"]','O:28:\"ActionScheduler_NullSchedule\":0:{}',3,1,'2023-11-15 15:18:41','2023-11-15 16:18:41',0,NULL,10),(26210,'rocket_preload_job_preload_url','failed','2023-11-15 15:18:07','2023-11-15 15:18:07','[\"https:\\/\\/www.institut-phenix-energetique.fr\\/mentions-legales\"]','O:28:\"ActionScheduler_NullSchedule\":0:{}',3,1,'2023-11-15 15:18:41','2023-11-15 16:18:41',0,NULL,10),(26211,'rocket_preload_job_preload_url','failed','2023-11-15 15:18:07','2023-11-15 15:18:07','[\"https:\\/\\/www.institut-phenix-energetique.fr\\/la-medecine-chinoise\\/les-fondements-de-la-medecine-chinoise\"]','O:28:\"ActionScheduler_NullSchedule\":0:{}',3,1,'2023-11-15 15:18:41','2023-11-15 16:18:41',0,NULL,10),(26212,'rocket_preload_job_preload_url','failed','2023-11-15 15:18:07','2023-11-15 15:18:07','[\"https:\\/\\/www.institut-phenix-energetique.fr\\/faq\"]','O:28:\"ActionScheduler_NullSchedule\":0:{}',3,1,'2023-11-15 15:18:41','2023-11-15 16:18:41',0,NULL,10),(26213,'rocket_preload_job_preload_url','failed','2023-11-15 15:18:07','2023-11-15 15:18:07','[\"https:\\/\\/www.institut-phenix-energetique.fr\\/avertissement\"]','O:28:\"ActionScheduler_NullSchedule\":0:{}',3,1,'2023-11-15 15:18:41','2023-11-15 16:18:41',0,NULL,10),(26214,'rocket_preload_job_preload_url','failed','2023-11-15 15:18:07','2023-11-15 15:18:07','[\"https:\\/\\/www.institut-phenix-energetique.fr\\/contact\\/confirmation-rendez-vous\"]','O:28:\"ActionScheduler_NullSchedule\":0:{}',3,1,'2023-11-15 15:18:41','2023-11-15 16:18:41',0,NULL,10),(26215,'rocket_preload_job_preload_url','failed','2023-11-15 15:18:07','2023-11-15 15:18:07','[\"https:\\/\\/www.institut-phenix-energetique.fr\\/actualites\\/articles\\/intersaison\"]','O:28:\"ActionScheduler_NullSchedule\":0:{}',3,1,'2023-11-15 15:18:41','2023-11-15 16:18:41',0,NULL,10),(26216,'rocket_preload_job_preload_url','failed','2023-11-15 15:18:07','2023-11-15 15:18:07','[\"https:\\/\\/www.institut-phenix-energetique.fr\\/approches-therapeutiques\\/apaiser-le-stress-et-lanxiete\"]','O:28:\"ActionScheduler_NullSchedule\":0:{}',3,1,'2023-11-15 15:18:41','2023-11-15 16:18:41',0,NULL,10),(26217,'rocket_preload_job_preload_url','failed','2023-11-15 15:18:07','2023-11-15 15:18:07','[\"https:\\/\\/www.institut-phenix-energetique.fr\\/actualites\\/articles\\/hiver\"]','O:28:\"ActionScheduler_NullSchedule\":0:{}',3,1,'2023-11-15 15:18:41','2023-11-15 16:18:41',0,NULL,10),(26218,'rocket_preload_job_preload_url','failed','2023-11-15 15:18:07','2023-11-15 15:18:07','[\"https:\\/\\/www.institut-phenix-energetique.fr\\/formation-avancee-au-reiki-en-avignon\"]','O:28:\"ActionScheduler_NullSchedule\":0:{}',3,1,'2023-11-15 15:18:41','2023-11-15 16:18:41',0,NULL,10),(26219,'rocket_preload_job_preload_url','failed','2023-11-15 15:18:07','2023-11-15 15:18:07','[\"https:\\/\\/www.institut-phenix-energetique.fr\\/test\"]','O:28:\"ActionScheduler_NullSchedule\":0:{}',3,1,'2023-11-15 15:18:41','2023-11-15 16:18:41',0,NULL,10),(26220,'rocket_preload_job_preload_url','failed','2023-11-15 15:18:07','2023-11-15 15:18:07','[\"https:\\/\\/www.institut-phenix-energetique.fr\"]','O:28:\"ActionScheduler_NullSchedule\":0:{}',3,1,'2023-11-15 15:18:41','2023-11-15 16:18:41',0,NULL,10),(26221,'rocket_preload_job_preload_url','failed','2023-11-15 15:18:07','2023-11-15 15:18:07','[\"https:\\/\\/www.institut-phenix-energetique.fr\\/approches-therapeutiques\\/soutien-apres-avc-et-maladies-neurodegeneratives\"]','O:28:\"ActionScheduler_NullSchedule\":0:{}',3,1,'2023-11-15 15:18:41','2023-11-15 16:18:41',0,NULL,10),(26222,'rocket_preload_job_preload_url','failed','2023-11-15 15:18:07','2023-11-15 15:18:07','[\"https:\\/\\/www.institut-phenix-energetique.fr\\/formation-avancee-au-reiki-en-avignon\\/formation-avancee-en-reiki\"]','O:28:\"ActionScheduler_NullSchedule\":0:{}',3,1,'2023-11-15 15:18:41','2023-11-15 16:18:41',0,NULL,10),(26223,'rocket_preload_job_preload_url','failed','2023-11-15 15:18:07','2023-11-15 15:18:07','[\"https:\\/\\/www.institut-phenix-energetique.fr\\/approches-therapeutiques\\/optimiser-la-fertilite-naturellement\"]','O:28:\"ActionScheduler_NullSchedule\":0:{}',3,1,'2023-11-15 15:18:41','2023-11-15 16:18:41',0,NULL,10),(26224,'rocket_preload_job_preload_url','failed','2023-11-15 15:18:07','2023-11-15 15:18:07','[\"https:\\/\\/www.institut-phenix-energetique.fr\\/actualites\\/evenements\\/vvcc23\"]','O:28:\"ActionScheduler_NullSchedule\":0:{}',3,1,'2023-11-15 15:18:41','2023-11-15 16:18:41',0,NULL,10),(26225,'rocket_preload_job_preload_url','failed','2023-11-15 15:18:07','2023-11-15 15:18:07','[\"https:\\/\\/www.institut-phenix-energetique.fr\\/formation-avancee-au-reiki-en-avignon\\/les-formations-reiki-en-details\"]','O:28:\"ActionScheduler_NullSchedule\":0:{}',3,1,'2023-11-15 15:18:41','2023-11-15 16:18:41',0,NULL,10),(26226,'rocket_preload_job_preload_url','failed','2023-11-15 15:18:07','2023-11-15 15:18:07','[\"https:\\/\\/www.institut-phenix-energetique.fr\\/formation-avancee-au-reiki-en-avignon\\/rencontres-et-partages\"]','O:28:\"ActionScheduler_NullSchedule\":0:{}',3,1,'2023-11-15 15:18:41','2023-11-15 16:18:41',0,NULL,10),(26227,'rocket_preload_job_preload_url','failed','2023-11-15 15:18:07','2023-11-15 15:18:07','[\"https:\\/\\/www.institut-phenix-energetique.fr\\/actualites\\/articles\\/arreter-de-fumer-avec-lacupuncture\"]','O:28:\"ActionScheduler_NullSchedule\":0:{}',3,1,'2023-11-15 15:18:41','2023-11-15 16:18:41',0,NULL,10),(26228,'rocket_preload_job_preload_url','failed','2023-11-15 15:18:07','2023-11-15 15:18:07','[\"https:\\/\\/www.institut-phenix-energetique.fr\\/approches-therapeutiques\\/soulager-la-douleur-naturellement\"]','O:28:\"ActionScheduler_NullSchedule\":0:{}',3,1,'2023-11-15 15:18:41','2023-11-15 16:18:41',0,NULL,10),(26230,'action_scheduler/migration_hook','failed','2023-11-15 15:20:49','2023-11-15 16:20:49','[]','O:30:\"ActionScheduler_SimpleSchedule\":2:{s:22:\"\0*\0scheduled_timestamp\";i:1700061649;s:41:\"\0ActionScheduler_SimpleSchedule\0timestamp\";i:1700061649;}',1,1,'2023-11-15 15:21:08','2023-11-15 16:21:08',0,NULL,10),(26490,'action_scheduler/migration_hook','failed','2024-06-24 08:46:08','2024-06-24 10:46:08','[]','O:30:\"ActionScheduler_SimpleSchedule\":2:{s:22:\"\0*\0scheduled_timestamp\";i:1719218768;s:41:\"\0ActionScheduler_SimpleSchedule\0timestamp\";i:1719218768;}',1,1,'2024-06-24 08:46:47','2024-06-24 10:46:47',0,NULL,10),(26623,'wp_mail_smtp_admin_notifications_update','complete','2024-10-19 21:15:10','2024-10-19 23:15:10','[84]','O:32:\"ActionScheduler_IntervalSchedule\":5:{s:22:\"\0*\0scheduled_timestamp\";i:1729372510;s:18:\"\0*\0first_timestamp\";i:1693843818;s:13:\"\0*\0recurrence\";i:86400;s:49:\"\0ActionScheduler_IntervalSchedule\0start_timestamp\";i:1729372510;s:53:\"\0ActionScheduler_IntervalSchedule\0interval_in_seconds\";i:86400;}',2,1,'2024-10-19 21:30:09','2024-10-19 23:30:09',0,NULL,10),(26624,'wp_mail_smtp_summary_report_email','complete','2024-10-25 23:45:11','2024-10-26 01:45:11','[1]','O:32:\"ActionScheduler_IntervalSchedule\":5:{s:22:\"\0*\0scheduled_timestamp\";i:1729899911;s:18:\"\0*\0first_timestamp\";i:1630324800;s:13:\"\0*\0recurrence\";i:604800;s:49:\"\0ActionScheduler_IntervalSchedule\0start_timestamp\";i:1729899911;s:53:\"\0ActionScheduler_IntervalSchedule\0interval_in_seconds\";i:604800;}',2,1,'2024-10-26 00:00:11','2024-10-26 02:00:11',0,NULL,10),(26625,'wp_mail_smtp_admin_notifications_update','complete','2024-10-20 21:30:09','2024-10-20 23:30:09','[84]','O:32:\"ActionScheduler_IntervalSchedule\":5:{s:22:\"\0*\0scheduled_timestamp\";i:1729459809;s:18:\"\0*\0first_timestamp\";i:1693843818;s:13:\"\0*\0recurrence\";i:86400;s:49:\"\0ActionScheduler_IntervalSchedule\0start_timestamp\";i:1729459809;s:53:\"\0ActionScheduler_IntervalSchedule\0interval_in_seconds\";i:86400;}',2,1,'2024-10-20 21:30:09','2024-10-20 23:30:09',0,NULL,10),(26626,'wp_mail_smtp_admin_notifications_update','complete','2024-10-21 21:30:09','2024-10-21 23:30:09','[84]','O:32:\"ActionScheduler_IntervalSchedule\":5:{s:22:\"\0*\0scheduled_timestamp\";i:1729546209;s:18:\"\0*\0first_timestamp\";i:1693843818;s:13:\"\0*\0recurrence\";i:86400;s:49:\"\0ActionScheduler_IntervalSchedule\0start_timestamp\";i:1729546209;s:53:\"\0ActionScheduler_IntervalSchedule\0interval_in_seconds\";i:86400;}',2,1,'2024-10-21 21:30:09','2024-10-21 23:30:09',0,NULL,10),(26627,'wp_mail_smtp_admin_notifications_update','complete','2024-10-22 21:30:09','2024-10-22 23:30:09','[84]','O:32:\"ActionScheduler_IntervalSchedule\":5:{s:22:\"\0*\0scheduled_timestamp\";i:1729632609;s:18:\"\0*\0first_timestamp\";i:1693843818;s:13:\"\0*\0recurrence\";i:86400;s:49:\"\0ActionScheduler_IntervalSchedule\0start_timestamp\";i:1729632609;s:53:\"\0ActionScheduler_IntervalSchedule\0interval_in_seconds\";i:86400;}',2,1,'2024-10-22 21:30:11','2024-10-22 23:30:11',0,NULL,10),(26628,'action_scheduler/migration_hook','complete','2024-10-22 13:01:15','2024-10-22 15:01:15','[]','O:30:\"ActionScheduler_SimpleSchedule\":2:{s:22:\"\0*\0scheduled_timestamp\";i:1729602075;s:41:\"\0ActionScheduler_SimpleSchedule\0timestamp\";i:1729602075;}',1,1,'2024-10-22 13:02:54','2024-10-22 15:02:54',0,NULL,10),(26629,'wp_mail_smtp_admin_notifications_update','complete','2024-10-23 21:30:11','2024-10-23 23:30:11','[84]','O:32:\"ActionScheduler_IntervalSchedule\":5:{s:22:\"\0*\0scheduled_timestamp\";i:1729719011;s:18:\"\0*\0first_timestamp\";i:1693843818;s:13:\"\0*\0recurrence\";i:86400;s:49:\"\0ActionScheduler_IntervalSchedule\0start_timestamp\";i:1729719011;s:53:\"\0ActionScheduler_IntervalSchedule\0interval_in_seconds\";i:86400;}',2,1,'2024-10-23 21:45:09','2024-10-23 23:45:09',0,NULL,10),(26630,'wp_mail_smtp_admin_notifications_update','complete','2024-10-24 21:45:09','2024-10-24 23:45:09','[84]','O:32:\"ActionScheduler_IntervalSchedule\":5:{s:22:\"\0*\0scheduled_timestamp\";i:1729806309;s:18:\"\0*\0first_timestamp\";i:1693843818;s:13:\"\0*\0recurrence\";i:86400;s:49:\"\0ActionScheduler_IntervalSchedule\0start_timestamp\";i:1729806309;s:53:\"\0ActionScheduler_IntervalSchedule\0interval_in_seconds\";i:86400;}',2,1,'2024-10-24 21:45:09','2024-10-24 23:45:09',0,NULL,10),(26631,'wp_mail_smtp_admin_notifications_update','complete','2024-10-25 21:45:09','2024-10-25 23:45:09','[84]','O:32:\"ActionScheduler_IntervalSchedule\":5:{s:22:\"\0*\0scheduled_timestamp\";i:1729892709;s:18:\"\0*\0first_timestamp\";i:1693843818;s:13:\"\0*\0recurrence\";i:86400;s:49:\"\0ActionScheduler_IntervalSchedule\0start_timestamp\";i:1729892709;s:53:\"\0ActionScheduler_IntervalSchedule\0interval_in_seconds\";i:86400;}',2,1,'2024-10-25 21:45:09','2024-10-25 23:45:09',0,NULL,10),(26632,'wp_mail_smtp_admin_notifications_update','complete','2024-10-26 21:45:09','2024-10-26 23:45:09','[84]','O:32:\"ActionScheduler_IntervalSchedule\":5:{s:22:\"\0*\0scheduled_timestamp\";i:1729979109;s:18:\"\0*\0first_timestamp\";i:1693843818;s:13:\"\0*\0recurrence\";i:86400;s:49:\"\0ActionScheduler_IntervalSchedule\0start_timestamp\";i:1729979109;s:53:\"\0ActionScheduler_IntervalSchedule\0interval_in_seconds\";i:86400;}',2,1,'2024-10-26 21:45:09','2024-10-26 23:45:09',0,NULL,10),(26633,'wp_mail_smtp_summary_report_email','complete','2024-11-02 00:00:11','2024-11-02 01:00:11','[1]','O:32:\"ActionScheduler_IntervalSchedule\":5:{s:22:\"\0*\0scheduled_timestamp\";i:1730505611;s:18:\"\0*\0first_timestamp\";i:1630324800;s:13:\"\0*\0recurrence\";i:604800;s:49:\"\0ActionScheduler_IntervalSchedule\0start_timestamp\";i:1730505611;s:53:\"\0ActionScheduler_IntervalSchedule\0interval_in_seconds\";i:604800;}',2,1,'2024-11-02 00:15:09','2024-11-02 01:15:09',0,NULL,10),(26634,'wp_mail_smtp_admin_notifications_update','complete','2024-10-27 21:45:09','2024-10-27 22:45:09','[84]','O:32:\"ActionScheduler_IntervalSchedule\":5:{s:22:\"\0*\0scheduled_timestamp\";i:1730065509;s:18:\"\0*\0first_timestamp\";i:1693843818;s:13:\"\0*\0recurrence\";i:86400;s:49:\"\0ActionScheduler_IntervalSchedule\0start_timestamp\";i:1730065509;s:53:\"\0ActionScheduler_IntervalSchedule\0interval_in_seconds\";i:86400;}',2,1,'2024-10-27 21:45:10','2024-10-27 22:45:10',0,NULL,10),(26635,'wp_mail_smtp_admin_notifications_update','complete','2024-10-28 21:45:10','2024-10-28 22:45:10','[84]','O:32:\"ActionScheduler_IntervalSchedule\":5:{s:22:\"\0*\0scheduled_timestamp\";i:1730151910;s:18:\"\0*\0first_timestamp\";i:1693843818;s:13:\"\0*\0recurrence\";i:86400;s:49:\"\0ActionScheduler_IntervalSchedule\0start_timestamp\";i:1730151910;s:53:\"\0ActionScheduler_IntervalSchedule\0interval_in_seconds\";i:86400;}',2,1,'2024-10-28 22:00:09','2024-10-28 23:00:09',0,NULL,10),(26636,'wp_mail_smtp_admin_notifications_update','complete','2024-10-29 22:00:09','2024-10-29 23:00:09','[84]','O:32:\"ActionScheduler_IntervalSchedule\":5:{s:22:\"\0*\0scheduled_timestamp\";i:1730239209;s:18:\"\0*\0first_timestamp\";i:1693843818;s:13:\"\0*\0recurrence\";i:86400;s:49:\"\0ActionScheduler_IntervalSchedule\0start_timestamp\";i:1730239209;s:53:\"\0ActionScheduler_IntervalSchedule\0interval_in_seconds\";i:86400;}',2,1,'2024-10-29 22:00:10','2024-10-29 23:00:10',0,NULL,10),(26637,'wp_mail_smtp_admin_notifications_update','complete','2024-10-30 22:00:10','2024-10-30 23:00:10','[84]','O:32:\"ActionScheduler_IntervalSchedule\":5:{s:22:\"\0*\0scheduled_timestamp\";i:1730325610;s:18:\"\0*\0first_timestamp\";i:1693843818;s:13:\"\0*\0recurrence\";i:86400;s:49:\"\0ActionScheduler_IntervalSchedule\0start_timestamp\";i:1730325610;s:53:\"\0ActionScheduler_IntervalSchedule\0interval_in_seconds\";i:86400;}',2,1,'2024-10-30 22:00:10','2024-10-30 23:00:10',0,NULL,10),(26638,'wp_mail_smtp_admin_notifications_update','complete','2024-10-31 22:00:10','2024-10-31 23:00:10','[84]','O:32:\"ActionScheduler_IntervalSchedule\":5:{s:22:\"\0*\0scheduled_timestamp\";i:1730412010;s:18:\"\0*\0first_timestamp\";i:1693843818;s:13:\"\0*\0recurrence\";i:86400;s:49:\"\0ActionScheduler_IntervalSchedule\0start_timestamp\";i:1730412010;s:53:\"\0ActionScheduler_IntervalSchedule\0interval_in_seconds\";i:86400;}',2,1,'2024-10-31 22:00:10','2024-10-31 23:00:10',0,NULL,10),(26639,'wp_mail_smtp_admin_notifications_update','complete','2024-11-01 22:00:10','2024-11-01 23:00:10','[84]','O:32:\"ActionScheduler_IntervalSchedule\":5:{s:22:\"\0*\0scheduled_timestamp\";i:1730498410;s:18:\"\0*\0first_timestamp\";i:1693843818;s:13:\"\0*\0recurrence\";i:86400;s:49:\"\0ActionScheduler_IntervalSchedule\0start_timestamp\";i:1730498410;s:53:\"\0ActionScheduler_IntervalSchedule\0interval_in_seconds\";i:86400;}',2,1,'2024-11-01 22:15:10','2024-11-01 23:15:10',0,NULL,10),(26640,'wp_mail_smtp_admin_notifications_update','complete','2024-11-02 22:15:10','2024-11-02 23:15:10','[84]','O:32:\"ActionScheduler_IntervalSchedule\":5:{s:22:\"\0*\0scheduled_timestamp\";i:1730585710;s:18:\"\0*\0first_timestamp\";i:1693843818;s:13:\"\0*\0recurrence\";i:86400;s:49:\"\0ActionScheduler_IntervalSchedule\0start_timestamp\";i:1730585710;s:53:\"\0ActionScheduler_IntervalSchedule\0interval_in_seconds\";i:86400;}',2,1,'2024-11-02 22:30:10','2024-11-02 23:30:10',0,NULL,10),(26641,'wp_mail_smtp_summary_report_email','complete','2024-11-09 00:15:09','2024-11-09 01:15:09','[1]','O:32:\"ActionScheduler_IntervalSchedule\":5:{s:22:\"\0*\0scheduled_timestamp\";i:1731111309;s:18:\"\0*\0first_timestamp\";i:1630324800;s:13:\"\0*\0recurrence\";i:604800;s:49:\"\0ActionScheduler_IntervalSchedule\0start_timestamp\";i:1731111309;s:53:\"\0ActionScheduler_IntervalSchedule\0interval_in_seconds\";i:604800;}',2,1,'2024-11-09 00:20:51','2024-11-09 01:20:51',0,NULL,10),(26642,'wp_mail_smtp_admin_notifications_update','complete','2024-11-03 22:30:10','2024-11-03 23:30:10','[84]','O:32:\"ActionScheduler_IntervalSchedule\":5:{s:22:\"\0*\0scheduled_timestamp\";i:1730673010;s:18:\"\0*\0first_timestamp\";i:1693843818;s:13:\"\0*\0recurrence\";i:86400;s:49:\"\0ActionScheduler_IntervalSchedule\0start_timestamp\";i:1730673010;s:53:\"\0ActionScheduler_IntervalSchedule\0interval_in_seconds\";i:86400;}',2,1,'2024-11-03 22:30:10','2024-11-03 23:30:10',0,NULL,10),(26643,'wp_mail_smtp_admin_notifications_update','complete','2024-11-04 22:30:10','2024-11-04 23:30:10','[84]','O:32:\"ActionScheduler_IntervalSchedule\":5:{s:22:\"\0*\0scheduled_timestamp\";i:1730759410;s:18:\"\0*\0first_timestamp\";i:1693843818;s:13:\"\0*\0recurrence\";i:86400;s:49:\"\0ActionScheduler_IntervalSchedule\0start_timestamp\";i:1730759410;s:53:\"\0ActionScheduler_IntervalSchedule\0interval_in_seconds\";i:86400;}',2,1,'2024-11-04 22:30:10','2024-11-04 23:30:10',0,NULL,10),(26644,'wp_mail_smtp_admin_notifications_update','complete','2024-11-05 22:30:10','2024-11-05 23:30:10','[84]','O:32:\"ActionScheduler_IntervalSchedule\":5:{s:22:\"\0*\0scheduled_timestamp\";i:1730845810;s:18:\"\0*\0first_timestamp\";i:1693843818;s:13:\"\0*\0recurrence\";i:86400;s:49:\"\0ActionScheduler_IntervalSchedule\0start_timestamp\";i:1730845810;s:53:\"\0ActionScheduler_IntervalSchedule\0interval_in_seconds\";i:86400;}',2,1,'2024-11-05 22:30:11','2024-11-05 23:30:11',0,NULL,10),(26645,'wp_mail_smtp_admin_notifications_update','complete','2024-11-06 22:30:11','2024-11-06 23:30:11','[84]','O:32:\"ActionScheduler_IntervalSchedule\":5:{s:22:\"\0*\0scheduled_timestamp\";i:1730932211;s:18:\"\0*\0first_timestamp\";i:1693843818;s:13:\"\0*\0recurrence\";i:86400;s:49:\"\0ActionScheduler_IntervalSchedule\0start_timestamp\";i:1730932211;s:53:\"\0ActionScheduler_IntervalSchedule\0interval_in_seconds\";i:86400;}',2,1,'2024-11-06 22:45:09','2024-11-06 23:45:09',0,NULL,10),(26646,'wp_mail_smtp_admin_notifications_update','complete','2024-11-07 22:45:09','2024-11-07 23:45:09','[84]','O:32:\"ActionScheduler_IntervalSchedule\":5:{s:22:\"\0*\0scheduled_timestamp\";i:1731019509;s:18:\"\0*\0first_timestamp\";i:1693843818;s:13:\"\0*\0recurrence\";i:86400;s:49:\"\0ActionScheduler_IntervalSchedule\0start_timestamp\";i:1731019509;s:53:\"\0ActionScheduler_IntervalSchedule\0interval_in_seconds\";i:86400;}',2,1,'2024-11-07 22:45:11','2024-11-07 23:45:11',0,NULL,10),(26647,'wp_mail_smtp_admin_notifications_update','complete','2024-11-08 22:45:11','2024-11-08 23:45:11','[84]','O:32:\"ActionScheduler_IntervalSchedule\":5:{s:22:\"\0*\0scheduled_timestamp\";i:1731105911;s:18:\"\0*\0first_timestamp\";i:1693843818;s:13:\"\0*\0recurrence\";i:86400;s:49:\"\0ActionScheduler_IntervalSchedule\0start_timestamp\";i:1731105911;s:53:\"\0ActionScheduler_IntervalSchedule\0interval_in_seconds\";i:86400;}',2,1,'2024-11-08 23:00:10','2024-11-09 00:00:10',0,NULL,10),(26648,'wp_mail_smtp_admin_notifications_update','complete','2024-11-09 23:00:10','2024-11-10 00:00:10','[84]','O:32:\"ActionScheduler_IntervalSchedule\":5:{s:22:\"\0*\0scheduled_timestamp\";i:1731193210;s:18:\"\0*\0first_timestamp\";i:1693843818;s:13:\"\0*\0recurrence\";i:86400;s:49:\"\0ActionScheduler_IntervalSchedule\0start_timestamp\";i:1731193210;s:53:\"\0ActionScheduler_IntervalSchedule\0interval_in_seconds\";i:86400;}',2,1,'2024-11-09 23:00:10','2024-11-10 00:00:10',0,NULL,10),(26649,'wp_mail_smtp_summary_report_email','complete','2024-11-16 00:20:51','2024-11-16 01:20:51','[1]','O:32:\"ActionScheduler_IntervalSchedule\":5:{s:22:\"\0*\0scheduled_timestamp\";i:1731716451;s:18:\"\0*\0first_timestamp\";i:1630324800;s:13:\"\0*\0recurrence\";i:604800;s:49:\"\0ActionScheduler_IntervalSchedule\0start_timestamp\";i:1731716451;s:53:\"\0ActionScheduler_IntervalSchedule\0interval_in_seconds\";i:604800;}',2,1,'2024-11-16 00:30:10','2024-11-16 01:30:10',0,NULL,10),(26650,'wp_mail_smtp_admin_notifications_update','complete','2024-11-10 23:00:10','2024-11-11 00:00:10','[84]','O:32:\"ActionScheduler_IntervalSchedule\":5:{s:22:\"\0*\0scheduled_timestamp\";i:1731279610;s:18:\"\0*\0first_timestamp\";i:1693843818;s:13:\"\0*\0recurrence\";i:86400;s:49:\"\0ActionScheduler_IntervalSchedule\0start_timestamp\";i:1731279610;s:53:\"\0ActionScheduler_IntervalSchedule\0interval_in_seconds\";i:86400;}',2,1,'2024-11-10 23:00:10','2024-11-11 00:00:10',0,NULL,10),(26651,'wp_mail_smtp_admin_notifications_update','complete','2024-11-11 23:00:10','2024-11-12 00:00:10','[84]','O:32:\"ActionScheduler_IntervalSchedule\":5:{s:22:\"\0*\0scheduled_timestamp\";i:1731366010;s:18:\"\0*\0first_timestamp\";i:1693843818;s:13:\"\0*\0recurrence\";i:86400;s:49:\"\0ActionScheduler_IntervalSchedule\0start_timestamp\";i:1731366010;s:53:\"\0ActionScheduler_IntervalSchedule\0interval_in_seconds\";i:86400;}',2,1,'2024-11-11 23:00:10','2024-11-12 00:00:10',0,NULL,10),(26652,'wp_mail_smtp_admin_notifications_update','complete','2024-11-12 23:00:10','2024-11-13 00:00:10','[84]','O:32:\"ActionScheduler_IntervalSchedule\":5:{s:22:\"\0*\0scheduled_timestamp\";i:1731452410;s:18:\"\0*\0first_timestamp\";i:1693843818;s:13:\"\0*\0recurrence\";i:86400;s:49:\"\0ActionScheduler_IntervalSchedule\0start_timestamp\";i:1731452410;s:53:\"\0ActionScheduler_IntervalSchedule\0interval_in_seconds\";i:86400;}',2,1,'2024-11-12 23:15:09','2024-11-13 00:15:09',0,NULL,10),(26653,'wp_mail_smtp_admin_notifications_update','complete','2024-11-13 23:15:09','2024-11-14 00:15:09','[84]','O:32:\"ActionScheduler_IntervalSchedule\":5:{s:22:\"\0*\0scheduled_timestamp\";i:1731539709;s:18:\"\0*\0first_timestamp\";i:1693843818;s:13:\"\0*\0recurrence\";i:86400;s:49:\"\0ActionScheduler_IntervalSchedule\0start_timestamp\";i:1731539709;s:53:\"\0ActionScheduler_IntervalSchedule\0interval_in_seconds\";i:86400;}',2,1,'2024-11-13 23:15:09','2024-11-14 00:15:09',0,NULL,10),(26654,'wp_mail_smtp_admin_notifications_update','complete','2024-11-14 23:15:09','2024-11-15 00:15:09','[84]','O:32:\"ActionScheduler_IntervalSchedule\":5:{s:22:\"\0*\0scheduled_timestamp\";i:1731626109;s:18:\"\0*\0first_timestamp\";i:1693843818;s:13:\"\0*\0recurrence\";i:86400;s:49:\"\0ActionScheduler_IntervalSchedule\0start_timestamp\";i:1731626109;s:53:\"\0ActionScheduler_IntervalSchedule\0interval_in_seconds\";i:86400;}',2,1,'2024-11-14 23:15:12','2024-11-15 00:15:12',0,NULL,10),(26655,'wp_mail_smtp_admin_notifications_update','complete','2024-11-15 23:15:12','2024-11-16 00:15:12','[84]','O:32:\"ActionScheduler_IntervalSchedule\":5:{s:22:\"\0*\0scheduled_timestamp\";i:1731712512;s:18:\"\0*\0first_timestamp\";i:1693843818;s:13:\"\0*\0recurrence\";i:86400;s:49:\"\0ActionScheduler_IntervalSchedule\0start_timestamp\";i:1731712512;s:53:\"\0ActionScheduler_IntervalSchedule\0interval_in_seconds\";i:86400;}',2,1,'2024-11-15 23:30:10','2024-11-16 00:30:10',0,NULL,10),(26656,'wp_mail_smtp_admin_notifications_update','complete','2024-11-16 23:30:10','2024-11-17 00:30:10','[84]','O:32:\"ActionScheduler_IntervalSchedule\":5:{s:22:\"\0*\0scheduled_timestamp\";i:1731799810;s:18:\"\0*\0first_timestamp\";i:1693843818;s:13:\"\0*\0recurrence\";i:86400;s:49:\"\0ActionScheduler_IntervalSchedule\0start_timestamp\";i:1731799810;s:53:\"\0ActionScheduler_IntervalSchedule\0interval_in_seconds\";i:86400;}',2,1,'2024-11-16 23:45:09','2024-11-17 00:45:09',0,NULL,10),(26657,'wp_mail_smtp_summary_report_email','pending','2024-11-23 00:30:10','2024-11-23 01:30:10','[1]','O:32:\"ActionScheduler_IntervalSchedule\":5:{s:22:\"\0*\0scheduled_timestamp\";i:1732321810;s:18:\"\0*\0first_timestamp\";i:1630324800;s:13:\"\0*\0recurrence\";i:604800;s:49:\"\0ActionScheduler_IntervalSchedule\0start_timestamp\";i:1732321810;s:53:\"\0ActionScheduler_IntervalSchedule\0interval_in_seconds\";i:604800;}',2,0,'0000-00-00 00:00:00','0000-00-00 00:00:00',0,NULL,10),(26658,'wp_mail_smtp_admin_notifications_update','complete','2024-11-17 23:45:09','2024-11-18 00:45:09','[84]','O:32:\"ActionScheduler_IntervalSchedule\":5:{s:22:\"\0*\0scheduled_timestamp\";i:1731887109;s:18:\"\0*\0first_timestamp\";i:1693843818;s:13:\"\0*\0recurrence\";i:86400;s:49:\"\0ActionScheduler_IntervalSchedule\0start_timestamp\";i:1731887109;s:53:\"\0ActionScheduler_IntervalSchedule\0interval_in_seconds\";i:86400;}',2,1,'2024-11-17 23:45:10','2024-11-18 00:45:10',0,NULL,10),(26659,'wp_mail_smtp_admin_notifications_update','complete','2024-11-18 23:45:10','2024-11-19 00:45:10','[84]','O:32:\"ActionScheduler_IntervalSchedule\":5:{s:22:\"\0*\0scheduled_timestamp\";i:1731973510;s:18:\"\0*\0first_timestamp\";i:1693843818;s:13:\"\0*\0recurrence\";i:86400;s:49:\"\0ActionScheduler_IntervalSchedule\0start_timestamp\";i:1731973510;s:53:\"\0ActionScheduler_IntervalSchedule\0interval_in_seconds\";i:86400;}',2,1,'2024-11-19 00:00:09','2024-11-19 01:00:09',0,NULL,10),(26660,'wp_mail_smtp_admin_notifications_update','pending','2024-11-20 00:00:09','2024-11-20 01:00:09','[84]','O:32:\"ActionScheduler_IntervalSchedule\":5:{s:22:\"\0*\0scheduled_timestamp\";i:1732060809;s:18:\"\0*\0first_timestamp\";i:1693843818;s:13:\"\0*\0recurrence\";i:86400;s:49:\"\0ActionScheduler_IntervalSchedule\0start_timestamp\";i:1732060809;s:53:\"\0ActionScheduler_IntervalSchedule\0interval_in_seconds\";i:86400;}',2,0,'0000-00-00 00:00:00','0000-00-00 00:00:00',0,NULL,10);

--
-- Table structure for table `wpinst_actionscheduler_claims`
--

CREATE TABLE `wpinst_actionscheduler_claims` (
  `claim_id` bigint(20) unsigned NOT NULL AUTO_INCREMENT,
  `date_created_gmt` datetime NOT NULL DEFAULT '0000-00-00 00:00:00',
  PRIMARY KEY (`claim_id`),
  KEY `date_created_gmt` (`date_created_gmt`)
) ENGINE=InnoDB AUTO_INCREMENT=102879 DEFAULT CHARSET=utf8mb4 COLLATE=utf8mb4_unicode_520_ci;

--
-- Dumping data for table `wpinst_actionscheduler_claims`
--

INSERT INTO `wpinst_actionscheduler_claims` VALUES (11,'2022-11-04 22:32:23');

--
-- Table structure for table `wpinst_actionscheduler_groups`
--

CREATE TABLE `wpinst_actionscheduler_groups` (
  `group_id` bigint(20) unsigned NOT NULL AUTO_INCREMENT,
  `slug` varchar(255) COLLATE utf8mb4_unicode_520_ci NOT NULL,
  PRIMARY KEY (`group_id`),
  KEY `slug` (`slug`(191))
) ENGINE=InnoDB AUTO_INCREMENT=5 DEFAULT CHARSET=utf8mb4 COLLATE=utf8mb4_unicode_520_ci;

--
-- Dumping data for table `wpinst_actionscheduler_groups`
--

INSERT INTO `wpinst_actionscheduler_groups` VALUES (1,'action-scheduler-migration'),(2,'wp_mail_smtp'),(3,'rocket-preload'),(4,'rocket-rucss');

--
-- Table structure for table `wpinst_actionscheduler_logs`
--

CREATE TABLE `wpinst_actionscheduler_logs` (
  `log_id` bigint(20) unsigned NOT NULL AUTO_INCREMENT,
  `action_id` bigint(20) unsigned NOT NULL,
  `message` text COLLATE utf8mb4_unicode_520_ci NOT NULL,
  `log_date_gmt` datetime DEFAULT '0000-00-00 00:00:00',
  `log_date_local` datetime DEFAULT '0000-00-00 00:00:00',
  PRIMARY KEY (`log_id`),
  KEY `action_id` (`action_id`),
  KEY `log_date_gmt` (`log_date_gmt`)
) ENGINE=InnoDB AUTO_INCREMENT=78450 DEFAULT CHARSET=utf8mb4 COLLATE=utf8mb4_unicode_520_ci;

--
-- Dumping data for table `wpinst_actionscheduler_logs`
--

INSERT INTO `wpinst_actionscheduler_logs` VALUES (8048,3192,'action created','2023-01-19 10:58:41','2023-01-19 11:58:41'),(11452,3192,'action started via WP Cron','2023-02-01 14:22:38','2023-02-01 15:22:38'),(11453,3192,'action failed via WP Cron: Scheduled action for wp_mail_smtp_summary_report_email will not be executed as no callbacks are registered.','2023-02-01 14:22:38','2023-02-01 15:22:38'),(47086,16205,'action created','2023-08-17 05:30:08','2023-08-17 07:30:08'),(47495,16205,'action started via WP Cron','2023-08-25 15:52:54','2023-08-25 17:52:54'),(47496,16205,'action failed via WP Cron: Scheduled action for wp_mail_smtp_summary_report_email will not be executed as no callbacks are registered.','2023-08-25 15:52:54','2023-08-25 17:52:54'),(47498,16345,'action created','2023-08-25 15:52:54','2023-08-25 17:52:54'),(47640,16345,'action started via WP Cron','2023-08-25 15:57:11','2023-08-25 17:57:11'),(47641,16345,'action failed via WP Cron: Scheduled action for action_scheduler/migration_hook will not be executed as no callbacks are registered.','2023-08-25 15:57:11','2023-08-25 17:57:11'),(76971,26181,'action created','2023-11-15 15:06:27','2023-11-15 16:06:27'),(77014,26181,'action started via WP Cron','2023-11-15 15:10:22','2023-11-15 16:10:22'),(77015,26181,'action failed via WP Cron: Scheduled action for action_scheduler/migration_hook will not be executed as no callbacks are registered.','2023-11-15 15:10:22','2023-11-15 16:10:22'),(77016,26183,'action created','2023-11-15 15:17:54','2023-11-15 16:17:54'),(77024,26191,'action created','2023-11-15 15:18:07','2023-11-15 16:18:07'),(77025,26192,'action created','2023-11-15 15:18:07','2023-11-15 16:18:07'),(77026,26193,'action created','2023-11-15 15:18:07','2023-11-15 16:18:07'),(77027,26194,'action created','2023-11-15 15:18:07','2023-11-15 16:18:07'),(77028,26195,'action created','2023-11-15 15:18:07','2023-11-15 16:18:07'),(77029,26196,'action created','2023-11-15 15:18:07','2023-11-15 16:18:07'),(77030,26197,'action created','2023-11-15 15:18:07','2023-11-15 16:18:07'),(77031,26198,'action created','2023-11-15 15:18:07','2023-11-15 16:18:07'),(77032,26199,'action created','2023-11-15 15:18:07','2023-11-15 16:18:07'),(77033,26200,'action created','2023-11-15 15:18:07','2023-11-15 16:18:07'),(77034,26201,'action created','2023-11-15 15:18:07','2023-11-15 16:18:07'),(77035,26202,'action created','2023-11-15 15:18:07','2023-11-15 16:18:07'),(77036,26203,'action created','2023-11-15 15:18:07','2023-11-15 16:18:07'),(77037,26204,'action created','2023-11-15 15:18:07','2023-11-15 16:18:07'),(77038,26205,'action created','2023-11-15 15:18:07','2023-11-15 16:18:07'),(77039,26206,'action created','2023-11-15 15:18:07','2023-11-15 16:18:07'),(77040,26207,'action created','2023-11-15 15:18:07','2023-11-15 16:18:07'),(77041,26208,'action created','2023-11-15 15:18:07','2023-11-15 16:18:07'),(77042,26209,'action created','2023-11-15 15:18:07','2023-11-15 16:18:07'),(77043,26210,'action created','2023-11-15 15:18:07','2023-11-15 16:18:07'),(77044,26211,'action created','2023-11-15 15:18:07','2023-11-15 16:18:07'),(77045,26212,'action created','2023-11-15 15:18:07','2023-11-15 16:18:07'),(77046,26213,'action created','2023-11-15 15:18:07','2023-11-15 16:18:07'),(77047,26214,'action created','2023-11-15 15:18:07','2023-11-15 16:18:07'),(77048,26215,'action created','2023-11-15 15:18:07','2023-11-15 16:18:07'),(77049,26216,'action created','2023-11-15 15:18:07','2023-11-15 16:18:07'),(77050,26217,'action created','2023-11-15 15:18:07','2023-11-15 16:18:07'),(77051,26218,'action created','2023-11-15 15:18:07','2023-11-15 16:18:07'),(77052,26219,'action created','2023-11-15 15:18:07','2023-11-15 16:18:07'),(77053,26220,'action created','2023-11-15 15:18:07','2023-11-15 16:18:07'),(77054,26221,'action created','2023-11-15 15:18:07','2023-11-15 16:18:07'),(77055,26222,'action created','2023-11-15 15:18:07','2023-11-15 16:18:07'),(77056,26223,'action created','2023-11-15 15:18:07','2023-11-15 16:18:07'),(77057,26224,'action created','2023-11-15 15:18:07','2023-11-15 16:18:07'),(77058,26225,'action created','2023-11-15 15:18:07','2023-11-15 16:18:07'),(77059,26226,'action created','2023-11-15 15:18:07','2023-11-15 16:18:07'),(77060,26227,'action created','2023-11-15 15:18:07','2023-11-15 16:18:07'),(77061,26228,'action created','2023-11-15 15:18:07','2023-11-15 16:18:07'),(77077,26191,'action started via Async Request','2023-11-15 15:18:41','2023-11-15 16:18:41'),(77078,26191,'action failed via Async Request: Scheduled action for rocket_preload_job_preload_url will not be executed as no callbacks are registered.','2023-11-15 15:18:41','2023-11-15 16:18:41'),(77079,26192,'action started via Async Request','2023-11-15 15:18:41','2023-11-15 16:18:41'),(77080,26192,'action failed via Async Request: Scheduled action for rocket_preload_job_preload_url will not be executed as no callbacks are registered.','2023-11-15 15:18:41','2023-11-15 16:18:41'),(77081,26193,'action started via Async Request','2023-11-15 15:18:41','2023-11-15 16:18:41'),(77082,26193,'action failed via Async Request: Scheduled action for rocket_preload_job_preload_url will not be executed as no callbacks are registered.','2023-11-15 15:18:41','2023-11-15 16:18:41'),(77083,26194,'action started via Async Request','2023-11-15 15:18:41','2023-11-15 16:18:41'),(77084,26194,'action failed via Async Request: Scheduled action for rocket_preload_job_preload_url will not be executed as no callbacks are registered.','2023-11-15 15:18:41','2023-11-15 16:18:41'),(77085,26195,'action started via Async Request','2023-11-15 15:18:41','2023-11-15 16:18:41'),(77086,26195,'action failed via Async Request: Scheduled action for rocket_preload_job_preload_url will not be executed as no callbacks are registered.','2023-11-15 15:18:41','2023-11-15 16:18:41'),(77087,26196,'action started via Async Request','2023-11-15 15:18:41','2023-11-15 16:18:41'),(77088,26196,'action failed via Async Request: Scheduled action for rocket_preload_job_preload_url will not be executed as no callbacks are registered.','2023-11-15 15:18:41','2023-11-15 16:18:41'),(77089,26197,'action started via Async Request','2023-11-15 15:18:41','2023-11-15 16:18:41'),(77090,26197,'action failed via Async Request: Scheduled action for rocket_preload_job_preload_url will not be executed as no callbacks are registered.','2023-11-15 15:18:41','2023-11-15 16:18:41'),(77091,26198,'action started via Async Request','2023-11-15 15:18:41','2023-11-15 16:18:41'),(77092,26198,'action failed via Async Request: Scheduled action for rocket_preload_job_preload_url will not be executed as no callbacks are registered.','2023-11-15 15:18:41','2023-11-15 16:18:41'),(77093,26199,'action started via Async Request','2023-11-15 15:18:41','2023-11-15 16:18:41'),(77094,26199,'action failed via Async Request: Scheduled action for rocket_preload_job_preload_url will not be executed as no callbacks are registered.','2023-11-15 15:18:41','2023-11-15 16:18:41'),(77095,26200,'action started via Async Request','2023-11-15 15:18:41','2023-11-15 16:18:41'),(77096,26200,'action failed via Async Request: Scheduled action for rocket_preload_job_preload_url will not be executed as no callbacks are registered.','2023-11-15 15:18:41','2023-11-15 16:18:41'),(77097,26201,'action started via Async Request','2023-11-15 15:18:41','2023-11-15 16:18:41'),(77098,26201,'action failed via Async Request: Scheduled action for rocket_preload_job_preload_url will not be executed as no callbacks are registered.','2023-11-15 15:18:41','2023-11-15 16:18:41'),(77099,26202,'action started via Async Request','2023-11-15 15:18:41','2023-11-15 16:18:41'),(77100,26202,'action failed via Async Request: Scheduled action for rocket_preload_job_preload_url will not be executed as no callbacks are registered.','2023-11-15 15:18:41','2023-11-15 16:18:41'),(77101,26203,'action started via Async Request','2023-11-15 15:18:41','2023-11-15 16:18:41'),(77102,26203,'action failed via Async Request: Scheduled action for rocket_preload_job_preload_url will not be executed as no callbacks are registered.','2023-11-15 15:18:41','2023-11-15 16:18:41'),(77103,26204,'action started via Async Request','2023-11-15 15:18:41','2023-11-15 16:18:41'),(77104,26204,'action failed via Async Request: Scheduled action for rocket_preload_job_preload_url will not be executed as no callbacks are registered.','2023-11-15 15:18:41','2023-11-15 16:18:41'),(77105,26205,'action started via Async Request','2023-11-15 15:18:41','2023-11-15 16:18:41'),(77106,26205,'action failed via Async Request: Scheduled action for rocket_preload_job_preload_url will not be executed as no callbacks are registered.','2023-11-15 15:18:41','2023-11-15 16:18:41'),(77107,26206,'action started via Async Request','2023-11-15 15:18:41','2023-11-15 16:18:41'),(77108,26206,'action failed via Async Request: Scheduled action for rocket_preload_job_preload_url will not be executed as no callbacks are registered.','2023-11-15 15:18:41','2023-11-15 16:18:41'),(77109,26207,'action started via Async Request','2023-11-15 15:18:41','2023-11-15 16:18:41'),(77110,26207,'action failed via Async Request: Scheduled action for rocket_preload_job_preload_url will not be executed as no callbacks are registered.','2023-11-15 15:18:41','2023-11-15 16:18:41'),(77111,26208,'action started via Async Request','2023-11-15 15:18:41','2023-11-15 16:18:41'),(77112,26208,'action failed via Async Request: Scheduled action for rocket_preload_job_preload_url will not be executed as no callbacks are registered.','2023-11-15 15:18:41','2023-11-15 16:18:41'),(77113,26209,'action started via Async Request','2023-11-15 15:18:41','2023-11-15 16:18:41'),(77114,26209,'action failed via Async Request: Scheduled action for rocket_preload_job_preload_url will not be executed as no callbacks are registered.','2023-11-15 15:18:41','2023-11-15 16:18:41'),(77115,26210,'action started via Async Request','2023-11-15 15:18:41','2023-11-15 16:18:41'),(77116,26210,'action failed via Async Request: Scheduled action for rocket_preload_job_preload_url will not be executed as no callbacks are registered.','2023-11-15 15:18:41','2023-11-15 16:18:41'),(77117,26211,'action started via Async Request','2023-11-15 15:18:41','2023-11-15 16:18:41'),(77118,26211,'action failed via Async Request: Scheduled action for rocket_preload_job_preload_url will not be executed as no callbacks are registered.','2023-11-15 15:18:41','2023-11-15 16:18:41'),(77119,26212,'action started via Async Request','2023-11-15 15:18:41','2023-11-15 16:18:41'),(77120,26212,'action failed via Async Request: Scheduled action for rocket_preload_job_preload_url will not be executed as no callbacks are registered.','2023-11-15 15:18:41','2023-11-15 16:18:41'),(77121,26213,'action started via Async Request','2023-11-15 15:18:41','2023-11-15 16:18:41'),(77122,26213,'action failed via Async Request: Scheduled action for rocket_preload_job_preload_url will not be executed as no callbacks are registered.','2023-11-15 15:18:41','2023-11-15 16:18:41'),(77123,26214,'action started via Async Request','2023-11-15 15:18:41','2023-11-15 16:18:41'),(77124,26214,'action failed via Async Request: Scheduled action for rocket_preload_job_preload_url will not be executed as no callbacks are registered.','2023-11-15 15:18:41','2023-11-15 16:18:41'),(77125,26215,'action started via Async Request','2023-11-15 15:18:41','2023-11-15 16:18:41'),(77126,26215,'action failed via Async Request: Scheduled action for rocket_preload_job_preload_url will not be executed as no callbacks are registered.','2023-11-15 15:18:41','2023-11-15 16:18:41'),(77127,26216,'action started via Async Request','2023-11-15 15:18:41','2023-11-15 16:18:41'),(77128,26216,'action failed via Async Request: Scheduled action for rocket_preload_job_preload_url will not be executed as no callbacks are registered.','2023-11-15 15:18:41','2023-11-15 16:18:41'),(77129,26217,'action started via Async Request','2023-11-15 15:18:41','2023-11-15 16:18:41'),(77130,26217,'action failed via Async Request: Scheduled action for rocket_preload_job_preload_url will not be executed as no callbacks are registered.','2023-11-15 15:18:41','2023-11-15 16:18:41'),(77131,26218,'action started via Async Request','2023-11-15 15:18:41','2023-11-15 16:18:41'),(77132,26218,'action failed via Async Request: Scheduled action for rocket_preload_job_preload_url will not be executed as no callbacks are registered.','2023-11-15 15:18:41','2023-11-15 16:18:41'),(77133,26219,'action started via Async Request','2023-11-15 15:18:41','2023-11-15 16:18:41'),(77134,26219,'action failed via Async Request: Scheduled action for rocket_preload_job_preload_url will not be executed as no callbacks are registered.','2023-11-15 15:18:41','2023-11-15 16:18:41'),(77135,26220,'action started via Async Request','2023-11-15 15:18:41','2023-11-15 16:18:41'),(77136,26220,'action failed via Async Request: Scheduled action for rocket_preload_job_preload_url will not be executed as no callbacks are registered.','2023-11-15 15:18:41','2023-11-15 16:18:41'),(77137,26221,'action started via Async Request','2023-11-15 15:18:41','2023-11-15 16:18:41'),(77138,26221,'action failed via Async Request: Scheduled action for rocket_preload_job_preload_url will not be executed as no callbacks are registered.','2023-11-15 15:18:41','2023-11-15 16:18:41'),(77139,26222,'action started via Async Request','2023-11-15 15:18:41','2023-11-15 16:18:41'),(77140,26222,'action failed via Async Request: Scheduled action for rocket_preload_job_preload_url will not be executed as no callbacks are registered.','2023-11-15 15:18:41','2023-11-15 16:18:41'),(77141,26223,'action started via Async Request','2023-11-15 15:18:41','2023-11-15 16:18:41'),(77142,26223,'action failed via Async Request: Scheduled action for rocket_preload_job_preload_url will not be executed as no callbacks are registered.','2023-11-15 15:18:41','2023-11-15 16:18:41'),(77143,26224,'action started via Async Request','2023-11-15 15:18:41','2023-11-15 16:18:41'),(77144,26224,'action failed via Async Request: Scheduled action for rocket_preload_job_preload_url will not be executed as no callbacks are registered.','2023-11-15 15:18:41','2023-11-15 16:18:41'),(77145,26225,'action started via Async Request','2023-11-15 15:18:41','2023-11-15 16:18:41'),(77146,26225,'action failed via Async Request: Scheduled action for rocket_preload_job_preload_url will not be executed as no callbacks are registered.','2023-11-15 15:18:41','2023-11-15 16:18:41'),(77147,26226,'action started via Async Request','2023-11-15 15:18:41','2023-11-15 16:18:41'),(77148,26226,'action failed via Async Request: Scheduled action for rocket_preload_job_preload_url will not be executed as no callbacks are registered.','2023-11-15 15:18:41','2023-11-15 16:18:41'),(77149,26227,'action started via Async Request','2023-11-15 15:18:41','2023-11-15 16:18:41'),(77150,26227,'action failed via Async Request: Scheduled action for rocket_preload_job_preload_url will not be executed as no callbacks are registered.','2023-11-15 15:18:41','2023-11-15 16:18:41'),(77151,26228,'action started via Async Request','2023-11-15 15:18:41','2023-11-15 16:18:41'),(77152,26228,'action failed via Async Request: Scheduled action for rocket_preload_job_preload_url will not be executed as no callbacks are registered.','2023-11-15 15:18:41','2023-11-15 16:18:41'),(77153,26183,'action started via WP Cron','2023-11-15 15:19:10','2023-11-15 16:19:10'),(77154,26183,'action failed via WP Cron: Scheduled action for rocket_preload_job_check_finished will not be executed as no callbacks are registered.','2023-11-15 15:19:10','2023-11-15 16:19:10'),(77157,26230,'action created','2023-11-15 15:19:49','2023-11-15 16:19:49'),(77158,26230,'action started via WP Cron','2023-11-15 15:21:08','2023-11-15 16:21:08'),(77159,26230,'action failed via WP Cron: Scheduled action for action_scheduler/migration_hook will not be executed as no callbacks are registered.','2023-11-15 15:21:08','2023-11-15 16:21:08'),(77937,26490,'action created','2024-06-24 08:45:08','2024-06-24 10:45:08'),(77938,26490,'action started via WP Cron','2024-06-24 08:46:47','2024-06-24 10:46:47'),(77939,26490,'action failed via WP Cron: Scheduled action for action_scheduler/migration_hook will not be executed as no callbacks are registered.','2024-06-24 08:46:47','2024-06-24 10:46:47'),(78338,26623,'action created','2024-10-18 21:15:10','2024-10-18 23:15:10'),(78341,26624,'action created','2024-10-18 23:45:11','2024-10-19 01:45:11'),(78342,26623,'action started via WP Cron','2024-10-19 21:30:09','2024-10-19 23:30:09'),(78343,26623,'action complete via WP Cron','2024-10-19 21:30:09','2024-10-19 23:30:09'),(78344,26625,'action created','2024-10-19 21:30:09','2024-10-19 23:30:09'),(78345,26625,'action started via WP Cron','2024-10-20 21:30:09','2024-10-20 23:30:09'),(78346,26625,'action complete via WP Cron','2024-10-20 21:30:09','2024-10-20 23:30:09'),(78347,26626,'action created','2024-10-20 21:30:09','2024-10-20 23:30:09'),(78348,26626,'action started via WP Cron','2024-10-21 21:30:09','2024-10-21 23:30:09'),(78349,26626,'action complete via WP Cron','2024-10-21 21:30:09','2024-10-21 23:30:09'),(78350,26627,'action created','2024-10-21 21:30:09','2024-10-21 23:30:09'),(78351,26628,'action created','2024-10-22 13:00:15','2024-10-22 15:00:15'),(78352,26628,'action started via WP Cron','2024-10-22 13:02:53','2024-10-22 15:02:53'),(78353,26628,'action complete via WP Cron','2024-10-22 13:02:53','2024-10-22 15:02:53'),(78354,26627,'action started via WP Cron','2024-10-22 21:30:11','2024-10-22 23:30:11'),(78355,26627,'action complete via WP Cron','2024-10-22 21:30:11','2024-10-22 23:30:11'),(78356,26629,'action created','2024-10-22 21:30:11','2024-10-22 23:30:11'),(78357,26629,'action started via WP Cron','2024-10-23 21:45:09','2024-10-23 23:45:09'),(78358,26629,'action complete via WP Cron','2024-10-23 21:45:09','2024-10-23 23:45:09'),(78359,26630,'action created','2024-10-23 21:45:09','2024-10-23 23:45:09'),(78360,26630,'action started via WP Cron','2024-10-24 21:45:09','2024-10-24 23:45:09'),(78361,26630,'action complete via WP Cron','2024-10-24 21:45:09','2024-10-24 23:45:09'),(78362,26631,'action created','2024-10-24 21:45:09','2024-10-24 23:45:09'),(78363,26631,'action started via WP Cron','2024-10-25 21:45:09','2024-10-25 23:45:09'),(78364,26631,'action complete via WP Cron','2024-10-25 21:45:09','2024-10-25 23:45:09'),(78365,26632,'action created','2024-10-25 21:45:09','2024-10-25 23:45:09'),(78366,26624,'action started via WP Cron','2024-10-26 00:00:11','2024-10-26 02:00:11'),(78367,26624,'action complete via WP Cron','2024-10-26 00:00:11','2024-10-26 02:00:11'),(78368,26633,'action created','2024-10-26 00:00:11','2024-10-26 02:00:11'),(78369,26632,'action started via WP Cron','2024-10-26 21:45:09','2024-10-26 23:45:09'),(78370,26632,'action complete via WP Cron','2024-10-26 21:45:09','2024-10-26 23:45:09'),(78371,26634,'action created','2024-10-26 21:45:09','2024-10-26 23:45:09'),(78372,26634,'action started via WP Cron','2024-10-27 21:45:09','2024-10-27 22:45:09'),(78373,26634,'action complete via WP Cron','2024-10-27 21:45:10','2024-10-27 22:45:10'),(78374,26635,'action created','2024-10-27 21:45:10','2024-10-27 22:45:10'),(78375,26635,'action started via WP Cron','2024-10-28 22:00:09','2024-10-28 23:00:09'),(78376,26635,'action complete via WP Cron','2024-10-28 22:00:09','2024-10-28 23:00:09'),(78377,26636,'action created','2024-10-28 22:00:09','2024-10-28 23:00:09'),(78378,26636,'action started via WP Cron','2024-10-29 22:00:09','2024-10-29 23:00:09'),(78379,26636,'action complete via WP Cron','2024-10-29 22:00:10','2024-10-29 23:00:10'),(78380,26637,'action created','2024-10-29 22:00:10','2024-10-29 23:00:10'),(78381,26637,'action started via WP Cron','2024-10-30 22:00:10','2024-10-30 23:00:10'),(78382,26637,'action complete via WP Cron','2024-10-30 22:00:10','2024-10-30 23:00:10'),(78383,26638,'action created','2024-10-30 22:00:10','2024-10-30 23:00:10'),(78384,26638,'action started via WP Cron','2024-10-31 22:00:10','2024-10-31 23:00:10'),(78385,26638,'action complete via WP Cron','2024-10-31 22:00:10','2024-10-31 23:00:10'),(78386,26639,'action created','2024-10-31 22:00:10','2024-10-31 23:00:10'),(78387,26639,'action started via WP Cron','2024-11-01 22:15:10','2024-11-01 23:15:10'),(78388,26639,'action complete via WP Cron','2024-11-01 22:15:10','2024-11-01 23:15:10'),(78389,26640,'action created','2024-11-01 22:15:10','2024-11-01 23:15:10'),(78390,26633,'action started via WP Cron','2024-11-02 00:15:09','2024-11-02 01:15:09'),(78391,26633,'action complete via WP Cron','2024-11-02 00:15:09','2024-11-02 01:15:09'),(78392,26641,'action created','2024-11-02 00:15:09','2024-11-02 01:15:09'),(78393,26640,'action started via WP Cron','2024-11-02 22:30:09','2024-11-02 23:30:09'),(78394,26640,'action complete via WP Cron','2024-11-02 22:30:10','2024-11-02 23:30:10'),(78395,26642,'action created','2024-11-02 22:30:10','2024-11-02 23:30:10'),(78396,26642,'action started via WP Cron','2024-11-03 22:30:10','2024-11-03 23:30:10'),(78397,26642,'action complete via WP Cron','2024-11-03 22:30:10','2024-11-03 23:30:10'),(78398,26643,'action created','2024-11-03 22:30:10','2024-11-03 23:30:10'),(78399,26643,'action started via WP Cron','2024-11-04 22:30:10','2024-11-04 23:30:10'),(78400,26643,'action complete via WP Cron','2024-11-04 22:30:10','2024-11-04 23:30:10'),(78401,26644,'action created','2024-11-04 22:30:10','2024-11-04 23:30:10'),(78402,26644,'action started via WP Cron','2024-11-05 22:30:10','2024-11-05 23:30:10'),(78403,26644,'action complete via WP Cron','2024-11-05 22:30:11','2024-11-05 23:30:11'),(78404,26645,'action created','2024-11-05 22:30:11','2024-11-05 23:30:11'),(78405,26645,'action started via WP Cron','2024-11-06 22:45:09','2024-11-06 23:45:09'),(78406,26645,'action complete via WP Cron','2024-11-06 22:45:09','2024-11-06 23:45:09'),(78407,26646,'action created','2024-11-06 22:45:09','2024-11-06 23:45:09'),(78408,26646,'action started via WP Cron','2024-11-07 22:45:11','2024-11-07 23:45:11'),(78409,26646,'action complete via WP Cron','2024-11-07 22:45:11','2024-11-07 23:45:11'),(78410,26647,'action created','2024-11-07 22:45:11','2024-11-07 23:45:11'),(78411,26647,'action started via WP Cron','2024-11-08 23:00:09','2024-11-09 00:00:09'),(78412,26647,'action complete via WP Cron','2024-11-08 23:00:10','2024-11-09 00:00:10'),(78413,26648,'action created','2024-11-08 23:00:10','2024-11-09 00:00:10'),(78414,26641,'action started via WP Cron','2024-11-09 00:20:51','2024-11-09 01:20:51'),(78415,26641,'action complete via WP Cron','2024-11-09 00:20:51','2024-11-09 01:20:51'),(78416,26649,'action created','2024-11-09 00:20:51','2024-11-09 01:20:51'),(78417,26648,'action started via WP Cron','2024-11-09 23:00:10','2024-11-10 00:00:10'),(78418,26648,'action complete via WP Cron','2024-11-09 23:00:10','2024-11-10 00:00:10'),(78419,26650,'action created','2024-11-09 23:00:10','2024-11-10 00:00:10'),(78420,26650,'action started via WP Cron','2024-11-10 23:00:10','2024-11-11 00:00:10'),(78421,26650,'action complete via WP Cron','2024-11-10 23:00:10','2024-11-11 00:00:10'),(78422,26651,'action created','2024-11-10 23:00:10','2024-11-11 00:00:10'),(78423,26651,'action started via WP Cron','2024-11-11 23:00:10','2024-11-12 00:00:10'),(78424,26651,'action complete via WP Cron','2024-11-11 23:00:10','2024-11-12 00:00:10'),(78425,26652,'action created','2024-11-11 23:00:10','2024-11-12 00:00:10'),(78426,26652,'action started via WP Cron','2024-11-12 23:15:08','2024-11-13 00:15:08'),(78427,26652,'action complete via WP Cron','2024-11-12 23:15:09','2024-11-13 00:15:09'),(78428,26653,'action created','2024-11-12 23:15:09','2024-11-13 00:15:09'),(78429,26653,'action started via WP Cron','2024-11-13 23:15:09','2024-11-14 00:15:09'),(78430,26653,'action complete via WP Cron','2024-11-13 23:15:09','2024-11-14 00:15:09'),(78431,26654,'action created','2024-11-13 23:15:09','2024-11-14 00:15:09'),(78432,26654,'action started via WP Cron','2024-11-14 23:15:12','2024-11-15 00:15:12'),(78433,26654,'action complete via WP Cron','2024-11-14 23:15:12','2024-11-15 00:15:12'),(78434,26655,'action created','2024-11-14 23:15:12','2024-11-15 00:15:12'),(78435,26655,'action started via WP Cron','2024-11-15 23:30:09','2024-11-16 00:30:09'),(78436,26655,'action complete via WP Cron','2024-11-15 23:30:10','2024-11-16 00:30:10'),(78437,26656,'action created','2024-11-15 23:30:10','2024-11-16 00:30:10'),(78438,26649,'action started via WP Cron','2024-11-16 00:30:09','2024-11-16 01:30:09'),(78439,26649,'action complete via WP Cron','2024-11-16 00:30:10','2024-11-16 01:30:10'),(78440,26657,'action created','2024-11-16 00:30:10','2024-11-16 01:30:10'),(78441,26656,'action started via WP Cron','2024-11-16 23:45:09','2024-11-17 00:45:09'),(78442,26656,'action complete via WP Cron','2024-11-16 23:45:09','2024-11-17 00:45:09'),(78443,26658,'action created','2024-11-16 23:45:09','2024-11-17 00:45:09'),(78444,26658,'action started via WP Cron','2024-11-17 23:45:09','2024-11-18 00:45:09'),(78445,26658,'action complete via WP Cron','2024-11-17 23:45:10','2024-11-18 00:45:10'),(78446,26659,'action created','2024-11-17 23:45:10','2024-11-18 00:45:10'),(78447,26659,'action started via WP Cron','2024-11-19 00:00:09','2024-11-19 01:00:09'),(78448,26659,'action complete via WP Cron','2024-11-19 00:00:09','2024-11-19 01:00:09'),(78449,26660,'action created','2024-11-19 00:00:09','2024-11-19 01:00:09');

--
-- Table structure for table `wpinst_amelia_appointments`
--

CREATE TABLE `wpinst_amelia_appointments` (
  `id` int(11) NOT NULL AUTO_INCREMENT,
  `status` enum('approved','pending','canceled','rejected','no-show') DEFAULT NULL,
  `bookingStart` datetime NOT NULL,
  `bookingEnd` datetime NOT NULL,
  `notifyParticipants` tinyint(1) NOT NULL,
  `serviceId` int(11) NOT NULL,
  `packageId` int(11) DEFAULT NULL,
  `providerId` int(11) NOT NULL,
  `locationId` int(11) DEFAULT NULL,
  `internalNotes` mediumtext,
  `googleCalendarEventId` varchar(255) DEFAULT NULL,
  `googleMeetUrl` varchar(255) DEFAULT NULL,
  `outlookCalendarEventId` varchar(255) DEFAULT NULL,
  `zoomMeeting` mediumtext,
  `lessonSpace` mediumtext,
  `parentId` int(11) DEFAULT NULL,
  PRIMARY KEY (`id`)
) ENGINE=InnoDB AUTO_INCREMENT=159 DEFAULT CHARSET=utf8;

--
-- Dumping data for table `wpinst_amelia_appointments`
--

INSERT INTO `wpinst_amelia_appointments` VALUES (6,'approved','2023-03-07 15:30:00','2023-03-07 17:00:00',1,15,NULL,1,2,'','l5chkqbq86nfts91kbrv9reivc',NULL,NULL,NULL,NULL,NULL),(8,'approved','2023-03-08 16:00:00','2023-03-08 17:00:00',1,9,NULL,1,2,'','as5t1di9f5h745kj2hbs9frjhg',NULL,NULL,NULL,NULL,NULL),(9,'approved','2023-02-27 08:00:00','2023-02-27 09:30:00',1,15,NULL,1,NULL,'','f1v79i5m3v4k9kbiaoar9u9lvo',NULL,NULL,NULL,NULL,NULL),(10,'approved','2023-02-27 13:00:00','2023-02-27 14:00:00',1,9,NULL,1,NULL,'','jujv13k5n5uiem1ept1htopm40',NULL,NULL,NULL,NULL,NULL),(11,'approved','2023-03-03 15:30:00','2023-03-03 17:00:00',1,15,NULL,1,2,'','fe0703111jcc4n8eumpfri2als',NULL,NULL,NULL,NULL,NULL),(13,'approved','2023-04-24 08:00:00','2023-04-24 09:00:00',1,9,NULL,1,NULL,'','g5bv7dnh5029rarcs2jndvgrc0',NULL,NULL,NULL,NULL,NULL),(14,'approved','2023-03-06 16:00:00','2023-03-06 17:30:00',1,15,NULL,1,2,'','4s4aau8a2i3i4plnu7jiqterf8',NULL,NULL,NULL,NULL,NULL),(15,'approved','2023-03-03 17:00:00','2023-03-03 18:30:00',1,15,NULL,1,2,'','dnf92h2gp91dd5jf8bduj1m6do',NULL,NULL,NULL,NULL,NULL),(16,'approved','2023-03-13 16:00:00','2023-03-13 17:00:00',1,9,NULL,1,2,'','jbmk613beqe5681kqn98s3fnmg',NULL,NULL,NULL,NULL,NULL),(17,'approved','2023-03-20 17:00:00','2023-03-20 18:00:00',1,9,NULL,1,2,'','5hu3n31tk05afrv5nquctck7vc',NULL,NULL,NULL,NULL,NULL),(18,'approved','2023-03-28 15:00:00','2023-03-28 16:00:00',1,9,NULL,1,2,'','qr3qodknhn39i65rb0d017nqoo',NULL,NULL,NULL,NULL,NULL),(20,'approved','2023-03-20 18:00:00','2023-03-20 19:00:00',1,9,NULL,1,2,'','40cr1eqbp2otudd4mt8d0rilpk',NULL,NULL,NULL,NULL,NULL),(21,'approved','2023-04-04 14:00:00','2023-04-04 15:00:00',1,9,NULL,1,2,'','j8k5qjkmpmu5gb78dpcc9ulrh4',NULL,NULL,NULL,NULL,NULL),(22,'approved','2023-03-13 17:00:00','2023-03-13 18:30:00',1,15,NULL,1,2,'','fb4h8ec3dgm2qf0r0pdqgbnijc',NULL,NULL,NULL,NULL,NULL),(23,'approved','2023-03-22 17:00:00','2023-03-22 18:00:00',1,9,NULL,1,2,'','8f7eu75lolrfgm063t870vkhe8',NULL,NULL,NULL,NULL,NULL),(24,'approved','2023-03-27 16:00:00','2023-03-27 17:00:00',1,9,NULL,1,2,'','4ip2d8d28sr6al3akph6mhgdck',NULL,NULL,NULL,NULL,NULL),(26,'approved','2023-04-07 16:00:00','2023-04-07 17:00:00',1,9,NULL,1,2,'','t3g1lb9fu8nbijvttbp1fd8ebk',NULL,NULL,NULL,NULL,NULL),(27,'approved','2023-04-20 13:00:00','2023-04-20 14:00:00',1,9,NULL,1,2,'','asu8ufdd58hd9mlhk7m4g0dbhs',NULL,NULL,NULL,NULL,NULL),(28,'approved','2023-04-24 12:00:00','2023-04-24 13:00:00',1,9,NULL,1,NULL,'','0dt1rqtqh26uoqu1dr2lnfhulk',NULL,NULL,NULL,NULL,NULL),(29,'approved','2023-04-24 09:00:00','2023-04-24 10:00:00',1,9,NULL,1,NULL,'','vnngmk6m1krele2bjmr6k2smas',NULL,NULL,NULL,NULL,NULL),(30,'approved','2023-04-27 14:00:00','2023-04-27 15:00:00',1,9,NULL,1,2,'','k1b7t0asm0kljeqqg5a3mqtgvc',NULL,NULL,NULL,NULL,NULL),(31,'approved','2023-05-04 15:00:00','2023-05-04 16:00:00',1,9,NULL,1,2,'','em738e9igq6qsbs4861kq4lj70',NULL,NULL,NULL,NULL,NULL),(32,'approved','2023-05-08 16:30:00','2023-05-08 18:00:00',1,15,NULL,1,2,'','fi96gp7186cgu3hfp472dqmjco',NULL,NULL,NULL,NULL,NULL),(33,'canceled','2023-05-25 15:00:00','2023-05-25 15:00:00',1,9,NULL,1,2,'Annulation du client par SMS','7rnahbt7kq7fmm7p3f88pjtcbc',NULL,NULL,NULL,NULL,NULL),(34,'canceled','2023-05-17 14:30:00','2023-05-17 14:30:00',1,9,NULL,1,2,'','05oh6urqvidanhba2jotjj7ba8',NULL,NULL,NULL,NULL,NULL),(35,'approved','2023-05-19 16:00:00','2023-05-19 17:00:00',1,9,NULL,1,2,'','i1jibhmet02dtgu0ac9srtvvn8',NULL,NULL,NULL,NULL,NULL),(36,'approved','2023-05-25 15:00:00','2023-05-25 16:00:00',1,9,NULL,1,2,'','plj2oqntqd6rovtiqi156eq3a8',NULL,NULL,NULL,NULL,NULL),(37,'approved','2023-06-09 16:00:00','2023-06-09 17:30:00',1,15,NULL,1,2,'','sioqhoh7hi366kciq7l0d0uvs8',NULL,NULL,NULL,NULL,NULL),(38,'approved','2023-06-16 09:00:00','2023-06-16 10:00:00',1,9,NULL,1,NULL,'','6c449kbdi252be4988efitr3fg',NULL,NULL,NULL,NULL,NULL),(40,'approved','2023-06-08 07:00:00','2023-06-08 08:00:00',1,9,NULL,1,2,'','9cakljpb36u2fimrdlrig1pmo0',NULL,NULL,NULL,NULL,NULL),(41,'approved','2023-06-15 16:00:00','2023-06-15 17:30:00',1,15,NULL,1,2,'','p1hlq2tuum24uphulpkv29ulmc',NULL,NULL,NULL,NULL,NULL),(42,'canceled','2023-06-12 15:00:00','2023-06-12 15:00:00',1,9,NULL,1,2,'','91n8psrpij76sguqtd0fv2f18k',NULL,NULL,NULL,NULL,NULL),(43,'approved','2023-06-30 08:00:00','2023-06-30 09:30:00',1,15,NULL,1,2,'','uupjn29bcp05grimtokk1lal90',NULL,NULL,NULL,NULL,NULL),(44,'canceled','2023-07-28 12:00:00','2023-07-28 13:00:00',1,9,NULL,1,NULL,'','q29hftoingbv8tck58ioehuev8',NULL,NULL,NULL,NULL,NULL),(45,'approved','2023-07-21 16:00:00','2023-07-21 17:30:00',1,15,NULL,1,2,'','fua0mjapqrudjksack44oah85s',NULL,NULL,NULL,NULL,NULL),(46,'approved','2023-07-31 16:00:00','2023-07-31 17:00:00',1,9,NULL,1,2,'','o2hu9qqfubh42io6c0t4lpk67s',NULL,NULL,NULL,NULL,NULL),(47,'approved','2023-07-24 16:00:00','2023-07-24 17:00:00',1,9,NULL,1,2,'','e3btammkkf99bbr9ic20fnghsg',NULL,NULL,NULL,NULL,NULL),(48,'canceled','2023-07-28 08:00:00','2023-07-28 09:00:00',1,9,NULL,1,NULL,'','5afk1dnh2sbphtcjok5r2sm7r4',NULL,NULL,NULL,NULL,NULL),(49,'approved','2023-07-26 16:00:00','2023-07-26 17:00:00',1,9,NULL,1,2,'','is71ar7ken3s8019d9vmcj32t4',NULL,NULL,NULL,NULL,NULL),(50,'approved','2023-08-08 15:00:00','2023-08-08 16:00:00',1,9,NULL,1,2,'','p1eqacardvdr6tkd6q6ecr35do',NULL,NULL,NULL,NULL,NULL),(51,'canceled','2023-08-21 12:00:00','2023-08-21 13:00:00',1,9,NULL,1,NULL,'','8eqio8443qlc2i1a8e7t7v8f00',NULL,NULL,NULL,NULL,NULL),(52,'approved','2023-08-29 15:00:00','2023-08-29 16:00:00',1,9,NULL,1,2,'','97scl0p2irflf03vg87q13r69k',NULL,NULL,NULL,NULL,NULL),(53,'canceled','2023-08-31 15:00:00','2023-08-31 16:00:00',1,9,NULL,1,2,'','p8o46khdnrd2dck5eeb2pe6idc',NULL,NULL,NULL,NULL,NULL),(54,'approved','2023-09-05 12:30:00','2023-09-05 14:00:00',1,15,NULL,1,2,'','kfcr1rv9jjlv6n1megghgj8vm0',NULL,NULL,NULL,NULL,NULL),(55,'approved','2023-09-25 12:00:00','2023-09-25 13:30:00',1,15,NULL,1,2,'','0g0s85sqvot98od3sl32kphu30',NULL,NULL,NULL,NULL,NULL),(56,'approved','2023-09-29 15:00:00','2023-09-29 16:00:00',1,9,NULL,1,NULL,'','jnhv9363ffmdgpgr76eoj7gjhc',NULL,NULL,NULL,NULL,NULL),(57,'approved','2023-09-22 13:30:00','2023-09-22 14:00:00',1,37,NULL,1,2,'','okaaa5o94tu910bjtgmgjiadmc',NULL,NULL,NULL,NULL,NULL),(58,'approved','2023-10-02 15:00:00','2023-10-02 16:00:00',1,9,NULL,1,2,'','ogga2rbpth81dhg84ck65jvlds',NULL,NULL,NULL,NULL,NULL),(59,'approved','2023-10-09 12:00:00','2023-10-09 13:00:00',1,9,NULL,1,2,'','a80mio1jsffi13o5rqqe4317ug',NULL,NULL,NULL,NULL,NULL),(60,'approved','2023-10-16 12:00:00','2023-10-16 13:00:00',1,9,NULL,1,2,'','2r0a4deuc129nsobnrh6fj4bak',NULL,NULL,NULL,NULL,NULL),(61,'approved','2023-09-29 12:30:00','2023-09-29 13:30:00',1,9,NULL,1,NULL,'','dmur4ema6k0qhu8jj40fqvi7q0',NULL,NULL,NULL,NULL,NULL),(62,'approved','2023-10-27 14:00:00','2023-10-27 14:15:00',1,38,NULL,1,2,'','utb94juq7glnkuu1v71i3b5ils',NULL,NULL,NULL,NULL,NULL),(63,'approved','2023-10-27 14:30:00','2023-10-27 14:45:00',1,38,NULL,1,2,'','2du5081kn0ae4hp4qvjq5bnomc',NULL,NULL,NULL,NULL,NULL),(64,'approved','2023-11-09 17:00:00','2023-11-09 18:30:00',1,15,NULL,1,2,'','n4bqjqsllhip8df0os1ca0cf6c',NULL,NULL,NULL,NULL,NULL),(65,'approved','2023-11-20 17:00:00','2023-11-20 18:00:00',1,9,NULL,1,2,'','aplqhremu6phop0uqi2i65u6dk',NULL,NULL,NULL,NULL,NULL),(66,'approved','2023-11-17 16:00:00','2023-11-17 17:30:00',1,15,NULL,1,2,'','4db4jp0is8r59mbhe924t7i3ak',NULL,NULL,NULL,NULL,NULL),(67,'approved','2023-11-23 08:00:00','2023-11-23 08:15:00',1,38,NULL,1,2,'','jhttcbva8kanh3i7cegv2s6r60',NULL,NULL,NULL,NULL,NULL),(68,'approved','2023-12-04 13:00:00','2023-12-04 14:00:00',1,36,NULL,1,2,'','so4ks67h9v84ef3nonp2632qm0',NULL,NULL,NULL,NULL,NULL),(69,'approved','2024-01-05 13:00:00','2024-01-05 14:00:00',1,36,NULL,1,2,'','6dn58g4gu2j6pds6hd68rclikk',NULL,NULL,NULL,NULL,NULL),(70,'approved','2024-02-05 13:00:00','2024-02-05 14:00:00',1,36,NULL,1,2,'','u30qjso4uaoc3m7ich2cde1e04',NULL,NULL,NULL,NULL,NULL),(71,'approved','2023-12-08 09:00:00','2023-12-08 10:00:00',1,36,NULL,1,2,'','nunve7rhcj7min64m3br51lecc',NULL,NULL,NULL,NULL,NULL),(72,'approved','2023-11-15 09:00:00','2023-11-15 10:00:00',1,36,NULL,1,2,'','dffouvbk8qvc8gevrhbihvu4e4',NULL,NULL,NULL,NULL,NULL),(73,'approved','2023-12-15 09:00:00','2023-12-15 10:00:00',1,36,NULL,1,2,'','smkfofop10808i8ndku3tfem0c',NULL,NULL,NULL,NULL,NULL),(74,'approved','2023-12-11 13:00:00','2023-12-11 14:00:00',1,36,NULL,1,2,'','g2qnojml8vs8i256csn0u2vils',NULL,NULL,NULL,NULL,NULL),(75,'approved','2023-12-08 13:00:00','2023-12-08 14:00:00',1,36,NULL,1,2,'','f2al78rgqunclc33u6k9t5e6nk',NULL,NULL,NULL,NULL,NULL),(76,'approved','2023-12-15 13:00:00','2023-12-15 14:00:00',1,36,NULL,1,2,'','97thumjirmn2ckg7e4nulimk18',NULL,NULL,NULL,NULL,NULL),(77,'canceled','2023-12-06 12:00:00','2023-12-06 13:00:00',1,36,NULL,1,2,'','4iu06aim666j1rqo8cicsgito8',NULL,NULL,NULL,NULL,NULL),(78,'canceled','2023-12-08 15:00:00','2023-12-08 16:00:00',1,36,NULL,1,2,'','g772idvn4emv8sdnsh9642glhc',NULL,NULL,NULL,NULL,NULL),(79,'canceled','2023-12-15 15:00:00','2023-12-15 16:00:00',1,36,NULL,1,2,'','f6c43svhqduck65kbsd4ipmkvs',NULL,NULL,NULL,NULL,NULL),(80,'approved','2023-12-06 09:00:00','2023-12-06 10:30:00',1,15,NULL,1,2,'','66mhoca2fn5p531ivhmmi1562o',NULL,NULL,NULL,NULL,NULL),(81,'approved','2023-12-08 10:00:00','2023-12-08 11:00:00',1,9,NULL,1,2,'','n1rhctsgv5nfn14amrl7fnteh8',NULL,NULL,NULL,NULL,NULL),(82,'approved','2023-12-12 13:00:00','2023-12-12 14:00:00',1,9,NULL,1,2,'','h766oh5c2pu1ughonmnbtpsdnk',NULL,NULL,NULL,NULL,NULL),(83,'approved','2023-12-14 15:00:00','2023-12-14 16:00:00',1,9,NULL,1,2,'','mtj2b8nek0bpdnbc6aih1qvves',NULL,NULL,NULL,NULL,NULL),(84,'approved','2024-01-08 13:00:00','2024-01-08 15:00:00',1,34,NULL,1,2,'','nvcrvkibkn1bddpuh0ocdqnjmo',NULL,NULL,NULL,NULL,NULL),(85,'approved','2024-01-23 13:00:00','2024-01-23 14:30:00',1,35,NULL,1,2,'','t74f550gkj9dan6pj37ebv0pek',NULL,NULL,NULL,NULL,NULL),(86,'approved','2024-01-16 13:00:00','2024-01-16 14:00:00',1,9,NULL,1,2,'','28na7v9j76j2ltckn7a0h07c3k',NULL,NULL,NULL,NULL,NULL),(88,'approved','2024-03-01 09:00:00','2024-03-01 10:30:00',1,15,NULL,1,2,'','fb1rq4ev3cngui0fes99a24kc4',NULL,NULL,NULL,NULL,NULL),(89,'approved','2024-03-14 16:00:00','2024-03-14 17:30:00',1,15,NULL,1,2,'Rdv avec son mari','86rrjdboimdq3p04c8tavnsrmg',NULL,NULL,NULL,NULL,NULL),(90,'approved','2024-03-18 17:00:00','2024-03-18 18:00:00',1,9,NULL,1,2,'','u51ninem2fl4fg4h1lkil7qkfs',NULL,NULL,NULL,NULL,NULL),(91,'approved','2024-03-26 17:00:00','2024-03-26 18:00:00',1,9,NULL,1,2,'','dtp1j3h8m69gokdmlste4no2jg',NULL,NULL,NULL,NULL,NULL),(92,'canceled','2024-04-03 12:00:00','2024-04-03 13:00:00',1,9,NULL,1,2,'','ukpsfc6gfutfnv6fqtri7lutc4',NULL,NULL,NULL,NULL,NULL),(93,'canceled','2024-04-10 12:00:00','2024-04-10 13:00:00',1,9,NULL,1,2,'','e00lkpv9p6f0lr29eei9r88cgs',NULL,NULL,NULL,NULL,NULL),(94,'approved','2024-04-22 12:00:00','2024-04-22 13:00:00',1,9,NULL,1,2,'','de3cnbqkshim9artrg83jrpbls',NULL,NULL,NULL,NULL,NULL),(95,'canceled','2024-03-27 12:30:00','2024-03-27 14:00:00',1,15,NULL,1,2,'','hr3l456nkomafse0svp4q4cl1k',NULL,NULL,NULL,NULL,NULL),(96,'approved','2024-04-05 15:30:00','2024-04-05 16:30:00',1,9,NULL,1,2,'','biknsl62qatfjvpj0eb27s8go8',NULL,NULL,NULL,NULL,NULL),(97,'approved','2024-04-08 13:00:00','2024-04-08 14:30:00',1,15,NULL,1,2,'','t8r29vps77jjq9mbvugspb5l1k',NULL,NULL,NULL,NULL,NULL),(98,'approved','2024-04-09 15:30:00','2024-04-09 17:00:00',1,15,NULL,1,2,'','137a6t0lfhmatj40n7222486t8',NULL,NULL,NULL,NULL,NULL),(99,'approved','2024-04-17 13:00:00','2024-04-17 14:00:00',1,9,NULL,1,2,'','j16rfqo13i8rjtfqqb7pgf9nl0',NULL,NULL,NULL,NULL,NULL),(100,'approved','2024-04-12 14:00:00','2024-04-12 15:30:00',1,15,NULL,1,2,'','0hk5icinh4sf6uoko4g4krm2l4',NULL,NULL,NULL,NULL,NULL),(101,'approved','2024-04-16 13:00:00','2024-04-16 14:30:00',1,15,NULL,1,2,'','4ho1drbdvhgjlrrl1731fg4mag',NULL,NULL,NULL,NULL,NULL),(102,'approved','2024-04-17 14:00:00','2024-04-17 15:00:00',1,9,NULL,1,2,'','js7g149o2uq7p935o59mu9f0i0',NULL,NULL,NULL,NULL,NULL),(103,'approved','2024-04-18 14:30:00','2024-04-18 15:30:00',1,9,NULL,1,2,'','t58r814poi4s2sjeqksqqjkiq0',NULL,NULL,NULL,NULL,NULL),(104,'approved','2024-04-22 13:30:00','2024-04-22 14:30:00',1,9,NULL,1,2,'','9397aasqgi3arkl72uglt7vs08',NULL,NULL,NULL,NULL,NULL),(105,'approved','2024-04-18 08:00:00','2024-04-18 09:00:00',1,9,NULL,1,2,'','gilrsmv63kvbguoi7trv4rh9qs',NULL,NULL,NULL,NULL,NULL),(106,'approved','2024-04-26 13:00:00','2024-04-26 14:00:00',1,9,NULL,1,2,'','4jqpliagteb2qcuopvlrk3a4es',NULL,NULL,NULL,NULL,NULL),(107,'approved','2024-05-06 13:00:00','2024-05-06 14:00:00',1,9,NULL,1,2,'','e4668a2tm64i932thtmjh1p5u8',NULL,NULL,NULL,NULL,NULL),(108,'approved','2024-05-14 13:00:00','2024-05-14 14:00:00',1,9,NULL,1,2,'','qeqgib85tto54km00jd9aacnsc',NULL,NULL,NULL,NULL,NULL),(109,'approved','2024-05-06 12:00:00','2024-05-06 13:00:00',1,9,NULL,1,2,'','1kkuv21nork7ieoeorkgp6jl4s',NULL,NULL,NULL,NULL,NULL),(110,'approved','2024-05-29 12:00:00','2024-05-29 13:00:00',1,9,NULL,1,2,'','3kg62n132jkma2alrhn0aef16o',NULL,NULL,NULL,NULL,NULL),(111,'approved','2024-05-15 12:00:00','2024-05-15 13:00:00',1,9,NULL,1,2,'','1q8qbc0dhej0gnpitghvk4buik',NULL,NULL,NULL,NULL,NULL),(112,'approved','2024-05-27 12:00:00','2024-05-27 13:00:00',1,9,NULL,1,2,'','028i6iq8lnv4b6a1hj3c5vfqmk',NULL,NULL,NULL,NULL,NULL),(113,'approved','2024-04-26 14:00:00','2024-04-26 15:30:00',1,15,NULL,1,2,'','4ufu79j4khp0t48qrp8c42a4qg',NULL,NULL,NULL,NULL,NULL),(114,'approved','2024-04-26 12:00:00','2024-04-26 13:00:00',1,9,NULL,1,2,'','1aj92c4c9cb2kvofspqhlnbaas',NULL,NULL,NULL,NULL,NULL),(115,'approved','2024-05-15 08:00:00','2024-05-15 09:00:00',1,9,NULL,1,2,'','9fcl91n7lqs43ib1m8ia4ti5q4',NULL,NULL,NULL,NULL,NULL),(116,'approved','2024-05-07 14:30:00','2024-05-07 15:30:00',1,9,NULL,1,2,'','o9s8h068bu4njp4q2iv0aug840',NULL,NULL,NULL,NULL,NULL),(117,'approved','2024-05-22 09:00:00','2024-05-22 10:00:00',1,9,NULL,1,2,'','0bfd4sfl6taguipu1t05im2hug',NULL,NULL,NULL,NULL,NULL),(118,'approved','2024-05-15 09:00:00','2024-05-15 10:30:00',1,15,NULL,1,2,'','9uisa59pq17lq5o5c8i57vcom0',NULL,NULL,NULL,NULL,NULL),(119,'approved','2024-05-24 14:00:00','2024-05-24 15:00:00',1,9,NULL,1,2,'','2je3q231blir053noq64c81nco',NULL,NULL,NULL,NULL,NULL),(120,'approved','2024-06-05 08:00:00','2024-06-05 09:00:00',1,9,NULL,1,2,'','ej9apqhejqqqbuft1jdq7qior4',NULL,NULL,NULL,NULL,NULL),(121,'approved','2024-05-21 12:00:00','2024-05-21 13:30:00',1,15,NULL,1,2,'','lbjpni2vbpbggl3b72rtrg0pn0',NULL,NULL,NULL,NULL,NULL),(122,'approved','2024-05-24 12:00:00','2024-05-24 13:30:00',1,15,NULL,1,2,'','9n1jpvvihova3502mat0fj8u7c',NULL,NULL,NULL,NULL,NULL),(123,'approved','2024-05-28 14:00:00','2024-05-28 15:00:00',1,9,NULL,1,2,'','99r5cdn3ok17e76ptc73h8eja0',NULL,NULL,NULL,NULL,NULL),(124,'approved','2024-06-04 14:00:00','2024-06-04 15:00:00',1,9,NULL,1,2,'','h7bbs0qb9loutk8975849dv8h8',NULL,NULL,NULL,NULL,NULL),(125,'approved','2024-06-11 14:00:00','2024-06-11 15:00:00',1,9,NULL,1,2,'','udts4bf93p4hud1t9echenen7k',NULL,NULL,NULL,NULL,NULL),(126,'approved','2024-06-18 12:00:00','2024-06-18 13:00:00',1,9,NULL,1,2,'','272lu7a46c4gmm3qt0cg0isjjg',NULL,NULL,NULL,NULL,NULL),(127,'approved','2024-06-03 14:00:00','2024-06-03 15:00:00',1,9,NULL,1,2,'','v5mjos2n7lbq7mo0b9m6m29gcg',NULL,NULL,NULL,NULL,NULL),(128,'approved','2024-06-07 16:30:00','2024-06-07 18:00:00',1,15,NULL,1,2,'','p26l6nqn5qngbkntq45ds27v40',NULL,NULL,NULL,NULL,NULL),(129,'approved','2024-06-11 13:00:00','2024-06-11 14:00:00',1,9,NULL,1,2,'','4di5p6gq3bar23dcr2bvtgeaac',NULL,NULL,NULL,NULL,NULL),(130,'approved','2024-06-24 12:00:00','2024-06-24 13:00:00',1,9,NULL,1,2,'','f1kbpk1atlrf33sq8iaqrjc88s',NULL,NULL,NULL,NULL,NULL),(131,'approved','2024-06-17 14:30:00','2024-06-17 15:30:00',1,26,NULL,1,2,'','bj25sub84s7sjsgpc3vvfnit00',NULL,NULL,NULL,NULL,NULL),(132,'approved','2024-06-20 12:30:00','2024-06-20 14:00:00',1,15,NULL,1,2,'','6kq0sie7qg8qcdv7g9tvfqetu0',NULL,NULL,NULL,NULL,NULL),(133,'approved','2024-06-25 14:00:00','2024-06-25 15:00:00',1,9,NULL,1,2,'','bqknu9j6uok5f1i6mqe2ne13ks',NULL,NULL,NULL,NULL,NULL),(134,'approved','2024-06-27 14:00:00','2024-06-27 15:00:00',1,9,NULL,1,2,'','55aofvgdhj76vgcbjn7f76t6gg',NULL,NULL,NULL,NULL,NULL),(135,'approved','2024-06-26 07:30:00','2024-06-26 09:00:00',1,15,NULL,1,2,'','277dpt6dtd84c42a68srp59gio',NULL,NULL,NULL,NULL,NULL),(137,'approved','2024-07-10 14:00:00','2024-07-10 15:00:00',1,9,NULL,1,2,'','9ttqfvqdsrjm3fa13hci8acvig',NULL,NULL,NULL,NULL,NULL),(138,'approved','2024-07-01 12:00:00','2024-07-01 13:30:00',1,15,NULL,1,2,'','36skt2v669jgie525mcdib3j2k',NULL,NULL,NULL,NULL,NULL),(139,'approved','2024-07-08 12:00:00','2024-07-08 13:00:00',1,9,NULL,1,2,'','n8reahfcrlik2orsdta7iqlndk',NULL,NULL,NULL,NULL,NULL),(141,'approved','2024-07-08 13:00:00','2024-07-08 14:30:00',1,15,NULL,1,2,'','jqsffr7mnp9eom2ut6amk0nmpo',NULL,NULL,NULL,NULL,NULL),(142,'approved','2024-07-29 13:00:00','2024-07-29 14:30:00',1,15,NULL,1,2,'','jnvon8cfq8dehqlb1tge4mj0d8',NULL,NULL,NULL,NULL,NULL),(143,'approved','2024-09-17 14:00:00','2024-09-17 15:00:00',1,9,NULL,1,2,'','mkkd3mc122ephmdt9tk3mln8lc',NULL,NULL,NULL,NULL,NULL),(144,'approved','2024-09-24 14:30:00','2024-09-24 15:30:00',1,9,NULL,1,2,'','8lq58oik1bdgnl5smbcg2hlcno',NULL,NULL,NULL,NULL,NULL),(145,'approved','2024-10-03 14:30:00','2024-10-03 15:30:00',1,9,NULL,1,2,'','2v3aq0ohvpjpdotq7e1lq1n8o8',NULL,NULL,NULL,NULL,NULL),(146,'approved','2024-10-04 10:30:00','2024-10-04 12:30:00',1,34,NULL,1,2,'','ac0jcl2e3pdfbhe3f2jm3v7us8',NULL,NULL,NULL,NULL,NULL),(147,'approved','2024-10-29 15:00:00','2024-10-29 16:00:00',1,9,NULL,1,2,'','mq83get0g0otajc3dqfqkq291k',NULL,NULL,NULL,NULL,NULL),(148,'approved','2024-11-07 13:00:00','2024-11-07 14:00:00',1,9,NULL,1,2,'','u0io9r8jip7h4d40ahuot9nvjc',NULL,NULL,NULL,NULL,NULL),(149,'approved','2024-11-14 13:00:00','2024-11-14 14:00:00',1,9,NULL,1,2,'','onng0qubs5msn0kknqmn8a8l54',NULL,NULL,NULL,NULL,NULL),(150,'approved','2024-11-14 08:00:00','2024-11-14 09:30:00',1,15,NULL,1,2,'','vr8m8smjtgj1ih252ot3l125e8',NULL,NULL,NULL,NULL,NULL),(151,'canceled','2024-11-14 14:00:00','2024-11-14 14:00:00',1,25,NULL,1,2,'','ot1roncjufl8cttmk5r277os2g',NULL,NULL,NULL,NULL,NULL),(152,'approved','2024-12-06 17:00:00','2024-12-06 18:00:00',1,9,NULL,1,2,'','o8524isknelil72k37vrfg93hg',NULL,NULL,NULL,NULL,NULL),(153,'approved','2024-11-15 17:00:00','2024-11-15 18:30:00',1,15,NULL,1,2,'','3iul7k17n83hmmkgqav16fgd4o',NULL,NULL,NULL,NULL,NULL),(154,'approved','2024-11-14 14:00:00','2024-11-14 15:30:00',1,15,NULL,1,2,'','bho1ki1coo4ok585fqjhv50qls',NULL,NULL,NULL,NULL,NULL),(155,'approved','2024-11-21 13:00:00','2024-11-21 14:00:00',1,9,NULL,1,2,'','195b5cs7qhkf12556dbttn1qa0',NULL,NULL,NULL,NULL,NULL),(156,'approved','2024-11-21 14:00:00','2024-11-21 15:00:00',1,9,NULL,1,2,'','kkiahn30rosed0pua6ahfhmqrg',NULL,NULL,NULL,NULL,NULL),(157,'approved','2024-11-29 17:00:00','2024-11-29 18:00:00',1,9,NULL,1,2,'','mgp7on5t2i716mcffs6oofkudc',NULL,NULL,NULL,NULL,NULL),(158,'approved','2024-11-22 17:30:00','2024-11-22 18:30:00',1,9,NULL,1,2,'','6i1adumm61ifn8nb2ofbdgqr4c',NULL,NULL,NULL,NULL,NULL);

--
-- Table structure for table `wpinst_amelia_cache`
--

CREATE TABLE `wpinst_amelia_cache` (
  `id` int(11) NOT NULL AUTO_INCREMENT,
  `name` varchar(255) NOT NULL,
  `paymentId` int(11) DEFAULT NULL,
  `data` text,
  PRIMARY KEY (`id`)
) ENGINE=InnoDB DEFAULT CHARSET=utf8;

--
-- Dumping data for table `wpinst_amelia_cache`
--


--
-- Table structure for table `wpinst_amelia_categories`
--

CREATE TABLE `wpinst_amelia_categories` (
  `id` int(11) NOT NULL AUTO_INCREMENT,
  `status` enum('hidden','visible','disabled') NOT NULL DEFAULT 'visible',
  `name` varchar(255) NOT NULL DEFAULT '',
  `position` int(11) NOT NULL,
  `translations` text,
  `color` varchar(255) NOT NULL DEFAULT '#1788FB',
  `pictureFullPath` varchar(767) DEFAULT NULL,
  `pictureThumbPath` varchar(767) DEFAULT NULL,
  PRIMARY KEY (`id`)
) ENGINE=InnoDB AUTO_INCREMENT=24 DEFAULT CHARSET=utf8;

--
-- Dumping data for table `wpinst_amelia_categories`
--

INSERT INTO `wpinst_amelia_categories` VALUES (15,'visible','Consultations Thérapeutiques',1,NULL,'#1788FB',NULL,NULL),(18,'visible','Soin à Distance',2,NULL,'#1788FB',NULL,NULL),(20,'visible','Bien-être',3,NULL,'#1788FB',NULL,NULL),(21,'visible','Esthétique',4,NULL,'#1788FB',NULL,NULL),(22,'visible','Arrêt du Tabac',5,NULL,'#1788FB',NULL,NULL),(23,'visible','Appel Téléphonique',6,NULL,'#1788FB',NULL,NULL);

--
-- Table structure for table `wpinst_amelia_coupons`
--

CREATE TABLE `wpinst_amelia_coupons` (
  `id` int(11) NOT NULL AUTO_INCREMENT,
  `code` varchar(255) CHARACTER SET utf8 COLLATE utf8_bin NOT NULL,
  `discount` double NOT NULL,
  `deduction` double NOT NULL,
  `limit` double NOT NULL,
  `customerLimit` double NOT NULL DEFAULT '0',
  `status` enum('hidden','visible') NOT NULL,
  `notificationInterval` int(11) NOT NULL DEFAULT '0',
  `notificationRecurring` tinyint(1) NOT NULL DEFAULT '0',
  `expirationDate` datetime DEFAULT NULL,
  PRIMARY KEY (`id`)
) ENGINE=InnoDB AUTO_INCREMENT=3 DEFAULT CHARSET=utf8;

--
-- Dumping data for table `wpinst_amelia_coupons`
--

INSERT INTO `wpinst_amelia_coupons` VALUES (1,'ANNIV23',0,20,500,1,'visible',0,0,'2024-01-31 00:00:00'),(2,'ANNIV24',0,20,500,1,'visible',0,0,'2025-01-31 00:00:00');

--
-- Table structure for table `wpinst_amelia_coupons_to_events`
--

CREATE TABLE `wpinst_amelia_coupons_to_events` (
  `id` int(11) NOT NULL AUTO_INCREMENT,
  `couponId` int(11) NOT NULL,
  `eventId` int(11) NOT NULL,
  PRIMARY KEY (`id`)
) ENGINE=InnoDB DEFAULT CHARSET=utf8;

--
-- Dumping data for table `wpinst_amelia_coupons_to_events`
--


--
-- Table structure for table `wpinst_amelia_coupons_to_packages`
--

CREATE TABLE `wpinst_amelia_coupons_to_packages` (
  `id` int(11) NOT NULL AUTO_INCREMENT,
  `couponId` int(11) NOT NULL,
  `packageId` int(11) NOT NULL,
  PRIMARY KEY (`id`)
) ENGINE=InnoDB DEFAULT CHARSET=utf8;

--
-- Dumping data for table `wpinst_amelia_coupons_to_packages`
--


--
-- Table structure for table `wpinst_amelia_coupons_to_services`
--

CREATE TABLE `wpinst_amelia_coupons_to_services` (
  `id` int(11) NOT NULL AUTO_INCREMENT,
  `couponId` int(11) NOT NULL,
  `serviceId` int(11) NOT NULL,
  PRIMARY KEY (`id`)
) ENGINE=InnoDB AUTO_INCREMENT=9 DEFAULT CHARSET=utf8;

--
-- Dumping data for table `wpinst_amelia_coupons_to_services`
--


--
-- Table structure for table `wpinst_amelia_custom_fields`
--

CREATE TABLE `wpinst_amelia_custom_fields` (
  `id` int(11) NOT NULL AUTO_INCREMENT,
  `label` text NOT NULL,
  `type` enum('text','text-area','select','checkbox','radio','content','file','datepicker','address') NOT NULL DEFAULT 'text',
  `required` tinyint(1) NOT NULL DEFAULT '0',
  `position` int(11) NOT NULL,
  `translations` text,
  `allServices` tinyint(1) DEFAULT NULL,
  `allEvents` tinyint(1) DEFAULT NULL,
  `useAsLocation` tinyint(1) DEFAULT NULL,
  `width` int(11) NOT NULL DEFAULT '50',
  PRIMARY KEY (`id`)
) ENGINE=InnoDB DEFAULT CHARSET=utf8;

--
-- Dumping data for table `wpinst_amelia_custom_fields`
--


--
-- Table structure for table `wpinst_amelia_custom_fields_events`
--

CREATE TABLE `wpinst_amelia_custom_fields_events` (
  `id` int(11) NOT NULL AUTO_INCREMENT,
  `customFieldId` int(11) NOT NULL,
  `eventId` int(11) NOT NULL,
  PRIMARY KEY (`id`)
) ENGINE=InnoDB DEFAULT CHARSET=utf8;

--
-- Dumping data for table `wpinst_amelia_custom_fields_events`
--


--
-- Table structure for table `wpinst_amelia_custom_fields_options`
--

CREATE TABLE `wpinst_amelia_custom_fields_options` (
  `id` int(11) NOT NULL AUTO_INCREMENT,
  `customFieldId` int(11) NOT NULL,
  `label` text NOT NULL,
  `position` int(11) NOT NULL,
  `translations` text,
  PRIMARY KEY (`id`)
) ENGINE=InnoDB DEFAULT CHARSET=utf8;

--
-- Dumping data for table `wpinst_amelia_custom_fields_options`
--


--
-- Table structure for table `wpinst_amelia_custom_fields_services`
--

CREATE TABLE `wpinst_amelia_custom_fields_services` (
  `id` int(11) NOT NULL AUTO_INCREMENT,
  `customFieldId` int(11) NOT NULL,
  `serviceId` int(11) NOT NULL,
  PRIMARY KEY (`id`)
) ENGINE=InnoDB DEFAULT CHARSET=utf8;

--
-- Dumping data for table `wpinst_amelia_custom_fields_services`
--


--
-- Table structure for table `wpinst_amelia_customer_bookings`
--

CREATE TABLE `wpinst_amelia_customer_bookings` (
  `id` int(11) NOT NULL AUTO_INCREMENT,
  `appointmentId` int(11) DEFAULT NULL,
  `customerId` int(11) NOT NULL,
  `status` enum('approved','pending','canceled','rejected','no-show','waiting') DEFAULT NULL,
  `price` double NOT NULL,
  `persons` int(11) NOT NULL,
  `couponId` int(11) DEFAULT NULL,
  `token` varchar(10) DEFAULT NULL,
  `customFields` text,
  `info` text,
  `utcOffset` int(3) DEFAULT NULL,
  `aggregatedPrice` tinyint(1) DEFAULT '1',
  `packageCustomerServiceId` int(11) DEFAULT NULL,
  `duration` int(11) DEFAULT NULL,
  `created` datetime DEFAULT NULL,
  `actionsCompleted` tinyint(1) DEFAULT NULL,
  `tax` varchar(255) DEFAULT NULL,
  PRIMARY KEY (`id`)
) ENGINE=InnoDB AUTO_INCREMENT=195 DEFAULT CHARSET=utf8;

--
-- Dumping data for table `wpinst_amelia_customer_bookings`
--

INSERT INTO `wpinst_amelia_customer_bookings` VALUES (8,6,8,'approved',0,1,NULL,'1152ccc294','{}','{\"firstName\":\"Claire\",\"lastName\":\"Canal\",\"phone\":\"+33644877934\",\"locale\":\"fr_FR\",\"timeZone\":\"Europe\\/Paris\",\"urlParams\":null}',NULL,1,NULL,5400,'2023-02-13 16:04:23',1,NULL),(10,NULL,6,'approved',230,1,NULL,'b695d2b785',NULL,'{\"firstName\":\"Marie-Jeanne\",\"lastName\":\"Cruchon-Dupeyrat\",\"phone\":\"+33687298802\",\"locale\":\"\",\"timeZone\":null,\"urlParams\":null}',NULL,1,NULL,NULL,'2023-02-14 11:57:58',1,NULL),(11,8,10,'approved',0,1,NULL,'b8e79c945b','{}','{\"firstName\":\"Isabelle\",\"lastName\":\"Sellier\",\"phone\":\"0643053935\",\"locale\":\"fr_FR\",\"timeZone\":\"Europe\\/Paris\",\"urlParams\":null}',NULL,1,NULL,3600,'2023-02-22 08:15:46',1,NULL),(12,9,11,'approved',0,1,NULL,'5bc5885291',NULL,'{\"firstName\":\"Mireille\",\"lastName\":\"Pouchol\",\"phone\":\"+33683580685\",\"locale\":\"fr_FR\",\"timeZone\":\"Europe\\/Paris\",\"urlParams\":null}',NULL,1,NULL,5400,'2023-02-24 08:19:09',1,NULL),(13,10,12,'approved',0,1,NULL,'b97262e761',NULL,'{\"firstName\":\"Vanessa\",\"lastName\":\"FERAUD\",\"phone\":\"+33648669217\",\"locale\":\"fr_FR\",\"timeZone\":\"Europe\\/Paris\",\"urlParams\":null}',NULL,1,NULL,3600,'2023-02-24 14:35:42',1,NULL),(14,11,13,'approved',0,1,NULL,'58b40ae8dd',NULL,'{\"firstName\":\"Ir\\u00e8ne\",\"lastName\":\"LATIL\",\"phone\":\"+33629211121\",\"locale\":\"fr_FR\",\"timeZone\":\"Europe\\/Paris\",\"urlParams\":null}',NULL,1,NULL,5400,'2023-02-24 14:47:30',1,NULL),(16,13,11,'approved',0,1,NULL,'49272a5abc','{}','{\"firstName\":\"Mireille\",\"lastName\":\"Pouchol\",\"phone\":\"0683580685\",\"locale\":\"fr_FR\",\"timeZone\":\"Europe\\/Paris\",\"urlParams\":null}',NULL,1,NULL,3600,'2023-02-28 09:36:07',1,NULL),(18,NULL,9,'approved',230,1,NULL,'335ab3debc',NULL,'{\"firstName\":\"Marie-Christine\",\"lastName\":\"DEHOVE\",\"phone\":\"+33663368046\",\"locale\":\"fr_FR\",\"timeZone\":\"Europe\\/Paris\",\"urlParams\":null}',NULL,1,NULL,NULL,'2023-03-01 09:12:57',1,NULL),(19,14,15,'approved',0,1,NULL,'f99bbb24d4',NULL,'{\"firstName\":\"Manon\",\"lastName\":\"LATIL\",\"phone\":\"+33625005657\",\"locale\":\"fr_FR\",\"timeZone\":\"Europe\\/Paris\",\"urlParams\":null}',NULL,1,NULL,5400,'2023-03-01 16:30:08',1,NULL),(20,15,16,'approved',0,1,NULL,'247dd53e5b',NULL,'{\"firstName\":\"Mireille\",\"lastName\":\"PERQUE\",\"phone\":\"+33785590767\",\"locale\":\"fr_FR\",\"timeZone\":\"Europe\\/Paris\",\"urlParams\":null}',NULL,1,NULL,5400,'2023-03-02 15:31:40',1,NULL),(21,16,17,'approved',0,1,NULL,'2861b53362',NULL,'{\"firstName\":\"Ir\\u00e8ne\",\"lastName\":\"LATIL\",\"phone\":\"+33629211121\",\"locale\":\"fr_FR\",\"timeZone\":\"Europe\\/Paris\",\"urlParams\":null}',NULL,1,NULL,3600,'2023-03-03 17:15:02',1,NULL),(22,17,18,'approved',0,1,NULL,'c2ea9119d2',NULL,'{\"firstName\":\"Ir\\u00e8ne\",\"lastName\":\"LATIL\",\"phone\":\"+33629211121\",\"locale\":\"fr_FR\",\"timeZone\":\"Europe\\/Paris\",\"urlParams\":null}',NULL,1,NULL,3600,'2023-03-03 17:16:56',1,NULL),(23,18,19,'approved',0,1,NULL,'bf676b2c6a',NULL,NULL,NULL,1,NULL,3600,'2023-03-03 17:18:23',1,NULL),(27,20,15,'approved',0,1,NULL,'f02582405c','{}','{\"firstName\":\"Manon\",\"lastName\":\"LATIL\",\"phone\":\"+33625005657\",\"locale\":\"fr_FR\",\"timeZone\":\"Europe\\/Paris\",\"urlParams\":null}',NULL,1,NULL,3600,'2023-03-06 17:50:36',1,NULL),(29,21,10,'approved',0,1,NULL,'93865b9dd8',NULL,'{\"firstName\":\"Isabelle\",\"lastName\":\"SELLIER\",\"phone\":\"+33643053935\",\"locale\":\"fr_FR\",\"timeZone\":\"Europe\\/Paris\",\"urlParams\":null}',NULL,1,NULL,3600,'2023-03-08 17:11:50',1,NULL),(30,22,10,'approved',0,1,NULL,'7506abbc8f',NULL,'{\"firstName\":\"Jessica\",\"lastName\":\"LAURENT\",\"phone\":\"+33695444047\",\"locale\":\"fr_FR\",\"timeZone\":\"Europe\\/Paris\",\"urlParams\":null}',NULL,1,NULL,5400,'2023-03-09 14:19:53',1,NULL),(32,NULL,24,'approved',0,1,NULL,'bc2bc15063',NULL,'{\"firstName\":\"Christelle\",\"lastName\":\"Rey\",\"phone\":null,\"locale\":\"fr_FR\",\"timeZone\":\"Europe\\/Paris\",\"urlParams\":null}',NULL,1,NULL,NULL,'2023-03-13 09:05:25',1,NULL),(33,23,25,'approved',0,1,NULL,'0047cb4e22','{}',NULL,NULL,1,NULL,3600,'2023-03-13 19:30:51',1,NULL),(34,24,25,'approved',60,1,NULL,'9d717b1f22','{}','{\"firstName\":\"Jessica\",\"lastName\":\"LAURENT\",\"phone\":\"+33695444047\",\"locale\":\"fr_FR\",\"timeZone\":\"Europe\\/Paris\",\"urlParams\":null}',NULL,1,NULL,3600,'2023-03-22 20:18:28',1,NULL),(36,26,27,'approved',60,1,NULL,'9969123d7f',NULL,'{\"firstName\":\"jessica\",\"lastName\":\"Laurent\",\"phone\":\"+33695444047\",\"locale\":\"fr_FR\",\"timeZone\":\"Europe\\/Paris\",\"urlParams\":null}',NULL,1,NULL,3600,'2023-03-31 12:27:17',1,NULL),(37,27,10,'approved',60,1,NULL,'7cf1a50687',NULL,'{\"firstName\":\"Isabelle\",\"lastName\":\"SELLIER\",\"phone\":\"+33643053935\",\"locale\":\"fr_FR\",\"timeZone\":\"Europe\\/Paris\",\"urlParams\":null}',NULL,1,NULL,3600,'2023-04-04 15:32:05',1,NULL),(38,NULL,28,'approved',0,1,NULL,'578da3a1cc',NULL,'{\"firstName\":\"Marjorie\",\"lastName\":\"DAVID\",\"phone\":\"+33610758413\",\"locale\":\"fr_FR\",\"timeZone\":\"Europe\\/Paris\",\"urlParams\":null}',NULL,1,NULL,NULL,'2023-04-04 16:07:29',1,NULL),(39,NULL,28,'approved',0,1,NULL,'4f2b0d4bac',NULL,'{\"firstName\":\"Marjorie\",\"lastName\":\"DAVID\",\"phone\":\"+33610758413\",\"locale\":\"fr_FR\",\"timeZone\":\"Europe\\/Paris\",\"urlParams\":null}',NULL,1,NULL,NULL,'2023-04-06 17:00:44',1,NULL),(40,28,6,'approved',60,1,NULL,'8e9806703e',NULL,'{\"firstName\":\"Marie-Jeanne\",\"lastName\":\"Cruchon-Dupeyrat\",\"phone\":\"+33687298802\",\"locale\":\"fr_FR\",\"timeZone\":\"Europe\\/Paris\",\"urlParams\":null}',NULL,1,NULL,3600,'2023-04-12 21:36:58',1,NULL),(41,NULL,29,'approved',0,1,NULL,'61a28faace',NULL,'{\"firstName\":\"Odile\",\"lastName\":\"Morel\",\"phone\":\"+33609914890\",\"locale\":\"fr_FR\",\"timeZone\":\"Europe\\/Paris\",\"urlParams\":null}',NULL,1,NULL,NULL,'2023-04-17 16:09:36',1,NULL),(42,29,30,'approved',60,1,NULL,'f98fe90537',NULL,'{\"firstName\":\"Annick\",\"lastName\":\"Proix\",\"phone\":\"+33685483219\",\"locale\":\"fr_FR\",\"timeZone\":\"Europe\\/Paris\",\"urlParams\":null}',NULL,1,NULL,3600,'2023-04-20 10:16:02',1,NULL),(43,30,10,'approved',60,1,NULL,'e2cfb0a1b7',NULL,'{\"firstName\":\"Isabelle\",\"lastName\":\"SELLIER\",\"phone\":\"+33643053935\",\"locale\":\"fr_FR\",\"timeZone\":\"Europe\\/Paris\",\"urlParams\":null}',NULL,1,NULL,3600,'2023-04-20 14:11:49',1,NULL),(45,NULL,32,'approved',230,1,NULL,'d916d34930',NULL,'{\"firstName\":\"Claire\",\"lastName\":\"Silvestre\",\"phone\":\"+33671507278\",\"locale\":\"fr_FR\",\"timeZone\":\"Europe\\/Paris\",\"urlParams\":null}',NULL,1,NULL,NULL,'2023-04-22 09:55:36',1,NULL),(46,31,20,'approved',60,1,NULL,'520708a151','{}','{\"firstName\":\"Margot\",\"lastName\":\"Daridan\",\"phone\":\"+33785350475\",\"locale\":\"fr_FR\",\"timeZone\":\"Europe\\/Paris\",\"urlParams\":null}',NULL,1,NULL,3600,'2023-04-26 10:02:56',1,NULL),(47,32,33,'approved',60,1,NULL,'1d76f88878',NULL,'{\"firstName\":\"Olivier\",\"lastName\":\"VITALE\",\"phone\":\"+33608879657\",\"locale\":\"fr_FR\",\"timeZone\":\"Europe\\/Paris\",\"urlParams\":null}',NULL,1,NULL,5400,'2023-05-06 09:36:20',1,NULL),(48,33,33,'canceled',60,1,NULL,'8f688bc742','{}','{\"firstName\":\"Olivier\",\"lastName\":\"VITALE\",\"phone\":\"+33608879657\",\"locale\":\"fr_FR\",\"timeZone\":\"Europe\\/Paris\",\"urlParams\":null}',NULL,1,NULL,3600,'2023-05-10 07:29:55',1,NULL),(51,NULL,10,'approved',230,1,NULL,'9b8a0c97dd',NULL,'{\"firstName\":\"isabelle\",\"lastName\":\"sellier\",\"phone\":\"+33643053935\",\"locale\":\"fr_FR\",\"timeZone\":\"Europe\\/Paris\",\"urlParams\":null}',NULL,1,NULL,NULL,'2023-05-12 14:48:09',1,NULL),(53,NULL,35,'approved',230,1,NULL,'9afce2bd1f',NULL,'{\"firstName\":\"Audrey\",\"lastName\":\"Gonzalez\",\"phone\":\"+33617386638\",\"locale\":\"fr_FR\",\"timeZone\":\"Europe\\/Paris\",\"urlParams\":null}',NULL,1,NULL,NULL,'2023-05-16 08:26:26',1,NULL),(54,34,20,'canceled',60,1,NULL,'5f7449853b','{}','{\"firstName\":\"Margot\",\"lastName\":\"Daridan\",\"phone\":\"+33785350475\",\"locale\":\"fr_FR\",\"timeZone\":\"Europe\\/Paris\",\"urlParams\":null}',NULL,1,NULL,3600,'2023-05-17 01:18:15',1,NULL),(56,35,20,'approved',60,1,NULL,'68c9644222','{}',NULL,NULL,1,NULL,3600,'2023-05-19 12:29:33',1,NULL),(57,36,20,'approved',60,1,NULL,'95ac39c0e0','{}',NULL,NULL,1,NULL,3600,'2023-05-24 09:24:49',1,NULL),(58,37,37,'approved',60,1,NULL,'f8dee25d11','{}','{\"firstName\":\"arnaud\",\"lastName\":\"mirande\",\"phone\":\"+33630086804\",\"locale\":\"fr_FR\",\"timeZone\":\"Europe\\/Paris\",\"urlParams\":null}',NULL,1,NULL,5400,'2023-05-31 10:40:31',1,NULL),(59,38,38,'approved',60,1,NULL,'04251815a1',NULL,'{\"firstName\":\"Marie-Jeanne\",\"lastName\":\"Cruchon-Dupeyrat\",\"phone\":\"+33687298802\",\"locale\":\"fr_FR\",\"timeZone\":\"Europe\\/Paris\",\"urlParams\":null}',NULL,1,NULL,3600,'2023-06-05 20:00:57',1,NULL),(61,40,20,'approved',60,1,NULL,'36aa1c0a9d','{}','{\"firstName\":\"Margot\",\"lastName\":\"Daridan\",\"phone\":\"+33785350475\",\"locale\":\"fr_FR\",\"timeZone\":\"Europe\\/Paris\",\"urlParams\":null}',NULL,1,NULL,3600,'2023-06-07 19:14:37',1,NULL),(62,41,35,'approved',60,1,NULL,'0608738a05','{}',NULL,NULL,1,NULL,5400,'2023-06-08 13:23:36',1,NULL),(63,42,20,'canceled',60,1,NULL,'2c5c7f495c','{}',NULL,NULL,1,NULL,3600,'2023-06-08 15:20:46',1,NULL),(64,43,40,'approved',60,1,NULL,'b85f3eda66','{}',NULL,NULL,1,NULL,5400,'2023-06-27 07:33:39',1,NULL),(65,44,38,'canceled',60,1,NULL,'6b6d2aedf5',NULL,'{\"firstName\":\"Marie-Jeanne\",\"lastName\":\"Cruchon-Dupeyrat\",\"phone\":\"+33687298802\",\"locale\":\"fr_FR\",\"timeZone\":\"Europe\\/Paris\",\"urlParams\":null}',NULL,1,NULL,3600,'2023-07-04 08:45:18',1,NULL),(66,45,10,'approved',60,1,NULL,'8c0df760ff','{}',NULL,NULL,1,NULL,5400,'2023-07-19 12:57:26',1,NULL),(67,46,10,'approved',60,1,NULL,'5d3723d00f','{}','{\"firstName\":\"Isabelle\",\"lastName\":\"Sellier\",\"phone\":\"+33643053935\",\"locale\":\"fr_FR\",\"timeZone\":\"Europe\\/Paris\",\"urlParams\":null}',NULL,1,4,3600,'2023-07-24 05:35:43',1,NULL),(68,47,10,'approved',60,1,NULL,'d6413fbd13','{}',NULL,NULL,1,NULL,3600,'2023-07-24 08:07:45',1,NULL),(69,48,30,'canceled',60,1,NULL,'d20a34674d',NULL,'{\"firstName\":\"Annick\",\"lastName\":\"Proix\",\"phone\":\"+33685483219\",\"locale\":\"fr_FR\",\"timeZone\":\"Europe\\/Paris\",\"urlParams\":null}',NULL,1,NULL,3600,'2023-07-25 16:53:45',1,NULL),(70,49,10,'approved',60,1,NULL,'b227ac0d68','{}',NULL,NULL,1,NULL,3600,'2023-07-26 09:50:29',1,NULL),(71,50,10,'approved',60,1,NULL,'2968d13d60','{}',NULL,NULL,1,NULL,3600,'2023-08-07 07:23:03',1,NULL),(72,51,38,'canceled',60,1,NULL,'23913df88e',NULL,'{\"firstName\":\"Marie-Jeanne\",\"lastName\":\"Cruchon-Dupeyrat\",\"phone\":\"+33687298802\",\"locale\":\"fr_FR\",\"timeZone\":\"Europe\\/Paris\",\"urlParams\":null}',NULL,1,NULL,3600,'2023-08-09 08:02:45',1,NULL),(73,NULL,41,'approved',0,1,NULL,'bdb9bdac31',NULL,'{\"firstName\":\"Pierrette\",\"lastName\":\"LE GALL\",\"phone\":\"+33609174607\",\"locale\":\"fr_FR\",\"timeZone\":\"Europe\\/Paris\",\"urlParams\":null}',NULL,1,NULL,NULL,'2023-08-25 13:50:20',1,NULL),(74,52,10,'approved',60,1,NULL,'fb89db02f3','{}',NULL,NULL,1,NULL,3600,'2023-08-28 14:57:00',1,NULL),(75,53,10,'canceled',60,1,NULL,'8b5f1cbaf2','{}',NULL,NULL,1,NULL,3600,'2023-08-30 14:53:17',1,NULL),(79,NULL,45,'approved',230,1,NULL,'a6d2ea32a7',NULL,'{\"firstName\":\"Nathalie\",\"lastName\":\"Honnorat\",\"phone\":\"+33644073165\",\"locale\":\"fr_FR\",\"timeZone\":\"Europe\\/Paris\",\"urlParams\":null}',NULL,1,NULL,NULL,'2023-08-31 13:05:23',1,NULL),(80,NULL,38,'approved',230,1,NULL,'2764e62d96',NULL,'{\"firstName\":\"Marie-Jeanne\",\"lastName\":\"Cruchon-Dupeyrat\",\"phone\":\"+33687298802\",\"locale\":\"\",\"timeZone\":null,\"urlParams\":null}',NULL,1,NULL,NULL,'2023-08-31 13:17:38',1,NULL),(81,54,46,'approved',60,1,NULL,'7353762ba6','{}',NULL,NULL,1,NULL,5400,'2023-09-02 11:35:11',1,NULL),(82,NULL,47,'approved',0,1,NULL,'c0536ba9a2',NULL,'{\"firstName\":\"Jennifer\",\"lastName\":\"Martinez\",\"phone\":\"+33636141945\",\"locale\":\"fr_FR\",\"timeZone\":\"Europe\\/Paris\",\"urlParams\":null}',NULL,1,NULL,NULL,'2023-09-03 06:51:40',1,NULL),(83,55,48,'approved',60,1,NULL,'4bf82adf09','{}',NULL,NULL,1,NULL,5400,'2023-09-04 08:03:59',1,NULL),(84,56,49,'approved',60,1,NULL,'cccd839af0','{}',NULL,NULL,1,NULL,3600,'2023-09-17 11:07:58',1,NULL),(85,57,50,'approved',0,1,NULL,'8e44d77bbb','{}',NULL,NULL,1,NULL,1800,'2023-09-21 19:21:14',1,NULL),(86,58,48,'approved',60,1,NULL,'44b0bb33d7','{}',NULL,NULL,1,NULL,3600,'2023-09-25 13:39:00',1,NULL),(87,59,48,'approved',60,1,NULL,'ba54490459','{}',NULL,NULL,1,NULL,3600,'2023-09-25 13:41:05',1,NULL),(88,60,48,'approved',60,1,NULL,'ae35d1afb9','{}',NULL,NULL,1,NULL,3600,'2023-09-25 13:42:42',1,NULL),(89,61,6,'approved',60,1,NULL,'46475ea6d5','{}',NULL,NULL,1,NULL,3600,'2023-09-28 10:08:09',1,NULL),(91,NULL,6,'approved',350,1,NULL,'2644d577cb',NULL,'{\"firstName\":\"Marie-Jeanne\",\"lastName\":\"Cruchon-Dupeyrat\",\"phone\":\"+336872988024\",\"locale\":\"fr_FR\",\"timeZone\":\"Europe\\/Paris\",\"urlParams\":null}',60,1,NULL,NULL,'2023-10-02 15:36:21',1,NULL),(92,62,50,'approved',0,1,NULL,'6e61ff76d0','{}',NULL,NULL,1,NULL,900,'2023-10-09 15:41:49',1,NULL),(94,NULL,52,'approved',290,1,NULL,'a566c81b16',NULL,'{\"firstName\":\"B\\u00e9n\\u00e9dicte\",\"lastName\":\"Parc\",\"phone\":\"+33622647164\",\"locale\":\"fr_FR\",\"timeZone\":\"Europe\\/Berlin\",\"urlParams\":null}',60,1,NULL,NULL,'2023-10-12 06:40:17',1,NULL),(95,63,53,'approved',0,1,NULL,'253be35300','{}',NULL,NULL,1,NULL,900,'2023-10-26 14:24:17',1,NULL),(97,NULL,53,'approved',290,1,NULL,'130a4d9d2a',NULL,'{\"firstName\":\"Annick\",\"lastName\":\"SALDO\",\"phone\":\"+33623185415\",\"locale\":\"fr_FR\",\"timeZone\":\"Europe\\/Paris\",\"urlParams\":null}',60,1,NULL,NULL,'2023-10-27 14:45:21',1,NULL),(98,64,54,'approved',60,1,NULL,'c379976ac8','{}',NULL,NULL,1,NULL,5400,'2023-11-08 15:23:07',1,NULL),(99,65,54,'approved',60,1,NULL,'f789bf4144','{}',NULL,NULL,1,NULL,3600,'2023-11-09 19:32:29',1,NULL),(100,66,55,'approved',60,1,NULL,'93e0f88510','[]',NULL,NULL,1,NULL,5400,'2023-11-16 14:32:51',1,NULL),(101,67,56,'approved',0,1,NULL,'5eda59f3b8',NULL,'{\"firstName\":\"Frederic\",\"lastName\":\"Pereira\",\"phone\":\"+33784530437\",\"locale\":\"fr_FR\",\"timeZone\":\"Europe\\/Paris\",\"urlParams\":{\"gclid\":\"EAIaIQobChMIzvDd-OjVggMVtAUGAB3gwAZIEAAYASACEgLMZvD_BwE\"}}',60,1,NULL,900,'2023-11-21 19:29:27',1,NULL),(102,68,57,'approved',60,1,NULL,'41d7794710',NULL,'{\"firstName\":\"Hulu\\u2019s\",\"lastName\":\"GUVEN\",\"phone\":\"+33621930281\",\"locale\":\"fr_FR\",\"timeZone\":\"Europe\\/Paris\",\"urlParams\":null}',60,1,5,NULL,'2023-11-24 13:14:27',1,NULL),(103,69,57,'approved',60,1,NULL,'8039dccd4d',NULL,'{\"firstName\":\"Hulu\\u2019s\",\"lastName\":\"GUVEN\",\"phone\":\"+33621930281\",\"locale\":\"fr_FR\",\"timeZone\":\"Europe\\/Paris\",\"urlParams\":null}',60,1,5,NULL,'2023-11-24 13:14:27',1,NULL),(104,70,57,'approved',60,1,NULL,'0a93d85c9d',NULL,'{\"firstName\":\"Hulu\\u2019s\",\"lastName\":\"GUVEN\",\"phone\":\"+33621930281\",\"locale\":\"fr_FR\",\"timeZone\":\"Europe\\/Paris\",\"urlParams\":null}',60,1,5,NULL,'2023-11-24 13:14:27',1,NULL),(105,71,57,'approved',60,1,NULL,'7d1f275a2c','[]',NULL,NULL,1,NULL,3600,'2023-11-27 09:56:12',1,NULL),(106,72,57,'approved',60,1,NULL,'a1b664e643','[]',NULL,NULL,1,NULL,3600,'2023-11-27 09:58:03',1,NULL),(107,73,57,'approved',60,1,NULL,'8d1eade390','[]',NULL,NULL,1,NULL,3600,'2023-11-27 10:00:22',1,NULL),(108,74,58,'approved',60,1,NULL,'81bb66e8eb','[]','{\"firstName\":\"Nassera\",\"lastName\":\"LAGOUNE\",\"phone\":\"+33664521322\",\"locale\":\"fr_FR\",\"timeZone\":\"Europe\\/Paris\",\"urlParams\":null}',60,1,6,3600,'2023-11-28 14:09:07',1,NULL),(109,75,58,'approved',60,1,NULL,'d847eeccb7',NULL,'{\"firstName\":\"Nassera\",\"lastName\":\"LAGOUNE\",\"phone\":\"+33664521322\",\"locale\":\"fr_FR\",\"timeZone\":\"Europe\\/Paris\",\"urlParams\":null}',60,1,6,NULL,'2023-11-28 14:09:07',1,NULL),(110,76,58,'approved',60,1,NULL,'5dfb986d30',NULL,'{\"firstName\":\"Nassera\",\"lastName\":\"LAGOUNE\",\"phone\":\"+33664521322\",\"locale\":\"fr_FR\",\"timeZone\":\"Europe\\/Paris\",\"urlParams\":null}',60,1,6,NULL,'2023-11-28 14:09:07',1,NULL),(111,77,36,'canceled',60,1,NULL,'417a836316',NULL,'{\"firstName\":\"Thierry\",\"lastName\":\"PARIAN\",\"phone\":\"+33615245210\",\"locale\":\"fr_FR\",\"timeZone\":\"Europe\\/Paris\",\"urlParams\":null}',60,1,7,NULL,'2023-12-02 13:40:47',1,NULL),(112,78,36,'canceled',60,1,NULL,'9c21c3805b',NULL,'{\"firstName\":\"Thierry\",\"lastName\":\"PARIAN\",\"phone\":\"+33615245210\",\"locale\":\"fr_FR\",\"timeZone\":\"Europe\\/Paris\",\"urlParams\":null}',60,1,7,NULL,'2023-12-02 13:40:47',1,NULL),(113,79,36,'canceled',60,1,NULL,'383f8e6724',NULL,'{\"firstName\":\"Thierry\",\"lastName\":\"PARIAN\",\"phone\":\"+33615245210\",\"locale\":\"fr_FR\",\"timeZone\":\"Europe\\/Paris\",\"urlParams\":null}',60,1,7,NULL,'2023-12-02 13:40:47',1,NULL),(114,80,59,'approved',60,1,NULL,'b5fd4ff7ea','[]',NULL,NULL,1,NULL,5400,'2023-12-05 15:46:16',1,NULL),(115,81,59,'approved',60,1,NULL,'ec27b7ea23','[]',NULL,NULL,1,NULL,3600,'2023-12-06 11:06:23',1,NULL),(116,82,59,'approved',60,1,NULL,'484e442c11','[]',NULL,NULL,1,NULL,3600,'2023-12-11 08:56:59',1,NULL),(117,83,59,'approved',60,1,NULL,'b6623b10f5','[]',NULL,NULL,1,NULL,3600,'2023-12-11 17:50:03',1,NULL),(118,NULL,6,'approved',350,1,NULL,'f3a0f227bd',NULL,'{\"firstName\":\"Marie-Jeanne\",\"lastName\":\"Cruchon-Dupeyrat\",\"phone\":\"+33687298802\",\"locale\":\"\",\"timeZone\":null,\"urlParams\":null}',NULL,1,NULL,NULL,'2023-12-15 16:10:28',1,NULL),(119,84,59,'approved',120,1,NULL,'94a834e6fa','[]','{\"firstName\":\"Khadija\",\"lastName\":\"Himmes\",\"phone\":\"+33603071445\",\"locale\":\"fr_FR\",\"timeZone\":\"Europe\\/Paris\",\"urlParams\":null}',60,1,NULL,7200,'2023-12-25 10:34:40',1,NULL),(120,85,59,'approved',90,1,NULL,'281434f9be','[]',NULL,NULL,1,NULL,5400,'2024-01-08 14:46:03',1,NULL),(121,86,59,'approved',60,1,NULL,'b94b512f47',NULL,'{\"firstName\":\"Khadija\",\"lastName\":\"Himmes\",\"phone\":\"+33603071445\",\"locale\":\"fr_FR\",\"timeZone\":\"Europe\\/Paris\",\"urlParams\":null}',60,1,NULL,3600,'2024-01-11 18:11:00',1,NULL),(123,88,60,'approved',60,1,NULL,'ec0b0fcba5','[]',NULL,NULL,1,NULL,5400,'2024-02-27 07:30:16',1,NULL),(124,NULL,45,'approved',350,1,NULL,'636eb50b51',NULL,'{\"firstName\":\"Nathalie\",\"lastName\":\"Honnorat\",\"phone\":\"+33644073165\",\"locale\":\"\",\"timeZone\":null,\"urlParams\":null}',NULL,1,NULL,NULL,'2024-03-08 15:51:28',1,NULL),(125,89,10,'approved',60,1,NULL,'eb1b10e6dd','[]',NULL,NULL,1,NULL,5400,'2024-03-11 10:48:32',1,NULL),(126,90,61,'approved',60,1,NULL,'131b239f29','[]',NULL,NULL,1,NULL,3600,'2024-03-14 18:42:45',1,NULL),(127,91,61,'approved',60,1,NULL,'eada71f304','[]',NULL,NULL,1,NULL,3600,'2024-03-14 18:43:46',1,NULL),(128,92,60,'canceled',60,1,NULL,'7ffc7b0e3b',NULL,'{\"firstName\":\"MALORY\",\"lastName\":\"MARINELLO\",\"phone\":\"+33661949401\",\"locale\":\"fr_FR\",\"timeZone\":\"Europe\\/Paris\",\"urlParams\":null}',120,1,9,NULL,'2024-03-20 18:10:45',1,NULL),(129,93,60,'canceled',60,1,NULL,'e0cb24c459',NULL,'{\"firstName\":\"MALORY\",\"lastName\":\"MARINELLO\",\"phone\":\"+33661949401\",\"locale\":\"fr_FR\",\"timeZone\":\"Europe\\/Paris\",\"urlParams\":null}',120,1,9,NULL,'2024-03-20 18:10:45',1,NULL),(130,94,60,'approved',60,1,NULL,'9b3b818d84','[]','{\"firstName\":\"MALORY\",\"lastName\":\"MARINELLO\",\"phone\":\"+33661949401\",\"locale\":\"fr_FR\",\"timeZone\":\"Europe\\/Paris\",\"urlParams\":null}',120,1,9,3600,'2024-03-20 18:10:45',1,NULL),(131,95,60,'canceled',60,1,NULL,'5537957c92',NULL,'{\"firstName\":\"MALORY\",\"lastName\":\"MARINELLO\",\"phone\":\"+33661949401\",\"locale\":\"fr_FR\",\"timeZone\":\"Europe\\/Paris\",\"urlParams\":null}',60,1,8,NULL,'2024-03-20 18:10:45',1,NULL),(132,96,61,'approved',60,1,NULL,'7a1f8fb37f','[]',NULL,NULL,1,NULL,3600,'2024-03-26 20:14:26',1,NULL),(133,97,10,'approved',60,1,NULL,'70da369f56','[]',NULL,NULL,1,NULL,5400,'2024-04-03 13:23:58',1,NULL),(134,98,20,'approved',60,1,NULL,'07674d1806','[]','{\"firstName\":\"Margot\",\"lastName\":\"Daridan\",\"phone\":\"+33785350475\",\"locale\":\"fr_FR\",\"timeZone\":\"Europe\\/Paris\",\"urlParams\":null}',120,1,NULL,5400,'2024-04-06 12:01:04',1,NULL),(135,99,10,'approved',60,1,NULL,'f1a96afadc','[]',NULL,NULL,1,NULL,3600,'2024-04-08 14:58:58',1,NULL),(136,100,62,'approved',60,1,NULL,'3499451b13','[]',NULL,NULL,1,NULL,5400,'2024-04-08 15:08:11',1,NULL),(137,101,62,'approved',60,1,NULL,'5a80aead7a','[]',NULL,NULL,1,NULL,5400,'2024-04-12 15:02:32',1,NULL),(138,102,63,'approved',60,1,NULL,'f100a8d2d0','[]',NULL,NULL,1,NULL,3600,'2024-04-12 15:14:14',1,NULL),(139,103,64,'approved',60,1,NULL,'7397c255b7','[]',NULL,NULL,1,NULL,3600,'2024-04-12 15:18:19',1,NULL),(140,104,62,'approved',60,1,NULL,'bedcc23b84','[]',NULL,NULL,1,NULL,3600,'2024-04-17 12:51:23',1,NULL),(141,105,62,'approved',60,1,NULL,'81e2ae5e90','[]',NULL,NULL,1,NULL,3600,'2024-04-17 12:52:52',1,NULL),(142,106,62,'approved',60,1,NULL,'f7d2ca7bda','[]',NULL,NULL,1,NULL,3600,'2024-04-17 12:54:03',1,NULL),(143,107,62,'approved',60,1,NULL,'539783a9e1','[]',NULL,NULL,1,NULL,3600,'2024-04-17 12:55:37',1,NULL),(144,108,62,'approved',60,1,NULL,'1ff1c6b824','[]',NULL,NULL,1,NULL,3600,'2024-04-17 12:56:40',1,NULL),(145,109,60,'approved',60,1,NULL,'b866db00c9','[]',NULL,NULL,1,NULL,3600,'2024-04-22 12:14:46',1,NULL),(146,110,60,'approved',60,1,NULL,'22cc46600f','[]',NULL,NULL,1,NULL,3600,'2024-04-22 12:16:42',1,NULL),(147,111,60,'approved',60,1,NULL,'8b7eedca58','[]',NULL,NULL,1,NULL,3600,'2024-04-22 12:17:50',1,NULL),(148,112,60,'approved',60,1,NULL,'087ff4fca0','[]',NULL,NULL,1,NULL,3600,'2024-04-22 12:19:18',1,NULL),(149,113,65,'approved',60,1,NULL,'5ffda66354',NULL,'{\"firstName\":\"Mathieu\",\"lastName\":\"GREGOIRE\",\"phone\":\"+33610553352\",\"locale\":\"fr_FR\",\"timeZone\":\"Europe\\/Paris\",\"urlParams\":null}',120,1,NULL,5400,'2024-04-24 04:45:58',1,NULL),(150,114,20,'approved',60,1,NULL,'313cafa06d',NULL,'{\"firstName\":\"Margot\",\"lastName\":\"Daridan\",\"phone\":\"+33785350475\",\"locale\":\"fr_FR\",\"timeZone\":\"Europe\\/Paris\",\"urlParams\":null}',120,1,NULL,3600,'2024-04-24 07:09:02',1,NULL),(151,115,10,'approved',60,1,NULL,'828b9ff359','[]',NULL,NULL,1,NULL,3600,'2024-04-24 14:06:37',1,NULL),(152,116,65,'approved',60,1,NULL,'fd35d73933',NULL,'{\"firstName\":\"Mathieu\",\"lastName\":\"GREGOIRE\",\"phone\":\"+33610553352\",\"locale\":\"fr_FR\",\"timeZone\":\"Europe\\/Paris\",\"urlParams\":null}',120,1,NULL,3600,'2024-04-29 09:37:12',1,NULL),(153,117,66,'approved',60,1,NULL,'0bc593b047',NULL,'{\"firstName\":\"Isabelle\",\"lastName\":\"BEFVE\",\"phone\":\"+33680376417\",\"locale\":\"fr_FR\",\"timeZone\":\"Europe\\/Paris\",\"urlParams\":null}',120,1,11,NULL,'2024-05-14 14:19:20',1,NULL),(154,118,66,'approved',60,1,NULL,'5daf48e2ea',NULL,'{\"firstName\":\"Isabelle\",\"lastName\":\"BEFVE\",\"phone\":\"+33680376417\",\"locale\":\"fr_FR\",\"timeZone\":\"Europe\\/Paris\",\"urlParams\":null}',120,1,10,NULL,'2024-05-14 14:19:20',1,NULL),(155,119,65,'approved',60,1,NULL,'c7da14ac14',NULL,'{\"firstName\":\"Mathieu\",\"lastName\":\"GREGOIRE\",\"phone\":\"+33610553352\",\"locale\":\"fr_FR\",\"timeZone\":\"Europe\\/Paris\",\"urlParams\":null}',120,1,NULL,3600,'2024-05-14 14:43:08',1,NULL),(156,120,10,'approved',60,1,NULL,'902644300a','[]',NULL,NULL,1,NULL,3600,'2024-05-15 09:01:49',1,NULL),(157,121,40,'approved',60,1,NULL,'fb71f91b7a','[]',NULL,NULL,1,NULL,5400,'2024-05-16 12:23:34',1,NULL),(158,122,67,'approved',60,1,NULL,'3a132ebf48',NULL,'{\"firstName\":\"Marie-pascale\",\"lastName\":\"L\\u00e9onard\",\"phone\":\"+33662227636\",\"locale\":\"fr_FR\",\"timeZone\":\"Europe\\/Paris\",\"urlParams\":null}',120,1,NULL,5400,'2024-05-23 17:50:07',1,NULL),(159,123,67,'approved',60,1,NULL,'48dc0f7c7b',NULL,'{\"firstName\":\"Marie-pascale\",\"lastName\":\"L\\u00e9onard\",\"phone\":\"+33662227636\",\"locale\":\"fr_FR\",\"timeZone\":\"Europe\\/Paris\",\"urlParams\":null}',120,1,13,NULL,'2024-05-24 17:50:04',1,NULL),(160,124,67,'approved',60,1,NULL,'014c2a6ad2',NULL,'{\"firstName\":\"Marie-pascale\",\"lastName\":\"L\\u00e9onard\",\"phone\":\"+33662227636\",\"locale\":\"fr_FR\",\"timeZone\":\"Europe\\/Paris\",\"urlParams\":null}',120,1,13,NULL,'2024-05-24 17:50:04',1,NULL),(161,125,67,'approved',60,1,NULL,'7811f87371',NULL,'{\"firstName\":\"Marie-pascale\",\"lastName\":\"L\\u00e9onard\",\"phone\":\"+33662227636\",\"locale\":\"fr_FR\",\"timeZone\":\"Europe\\/Paris\",\"urlParams\":null}',120,1,13,NULL,'2024-05-24 17:50:04',1,NULL),(162,126,40,'approved',60,1,NULL,'0dfaf91e2c','[]',NULL,NULL,1,NULL,3600,'2024-05-30 15:02:27',1,NULL),(163,127,61,'approved',60,1,NULL,'be2e83089d','[]',NULL,NULL,1,NULL,3600,'2024-06-02 11:50:43',1,NULL),(164,128,68,'approved',60,1,NULL,'d4db2cedc0','[]',NULL,NULL,1,NULL,5400,'2024-06-04 07:27:28',1,NULL),(165,129,68,'approved',60,1,NULL,'43a0f85d69','[]',NULL,NULL,1,NULL,3600,'2024-06-09 16:24:22',1,NULL),(166,130,68,'approved',60,1,NULL,'83d19e093a','[]',NULL,NULL,1,NULL,3600,'2024-06-11 13:51:13',1,NULL),(167,131,69,'approved',60,1,NULL,'9f7ce4f097','[]',NULL,NULL,1,NULL,3600,'2024-06-15 08:55:40',1,NULL),(168,132,70,'approved',60,1,NULL,'c4265a9d75','[]',NULL,NULL,1,NULL,5400,'2024-06-18 14:56:07',1,NULL),(169,133,70,'approved',60,1,NULL,'10e282b106','[]',NULL,NULL,1,NULL,3600,'2024-06-21 07:35:30',1,NULL),(170,134,70,'approved',60,1,NULL,'68e0f68937','[]',NULL,NULL,1,NULL,3600,'2024-06-21 07:36:28',1,NULL),(171,135,71,'approved',60,1,NULL,'9eb81cef5c','[]',NULL,NULL,1,NULL,5400,'2024-06-24 08:39:28',1,NULL),(173,137,70,'approved',60,1,NULL,'cdfe7d35e3','[]',NULL,NULL,1,NULL,3600,'2024-06-27 14:11:55',1,NULL),(174,138,74,'approved',60,1,NULL,'a37b19c0e3',NULL,'{\"firstName\":\"Solange\",\"lastName\":\"FAUCHET\",\"phone\":\"+33626953320\",\"locale\":\"fr_FR\",\"timeZone\":\"Europe\\/Paris\",\"urlParams\":null}',120,1,NULL,5400,'2024-07-01 06:37:27',1,NULL),(175,139,74,'approved',60,1,NULL,'edda8f8764',NULL,'{\"firstName\":\"Solange\",\"lastName\":\"FAUCHET\",\"phone\":\"+33626953320\",\"locale\":\"fr_FR\",\"timeZone\":\"Europe\\/Paris\",\"urlParams\":null}',120,1,NULL,3600,'2024-07-01 13:58:43',1,NULL),(177,141,73,'approved',60,1,NULL,'e2949b808c',NULL,'{\"firstName\":\"Latifa\",\"lastName\":\"Nadah\",\"phone\":\"06984716573\",\"locale\":\"fr_FR\",\"timeZone\":\"Europe\\/Paris\",\"urlParams\":null}',120,1,NULL,5400,'2024-07-01 21:11:29',1,NULL),(178,142,76,'approved',60,1,NULL,'239e337224','[]',NULL,NULL,1,NULL,5400,'2024-07-19 20:52:30',1,NULL),(179,143,20,'approved',60,1,NULL,'52663b4d5d','[]','{\"firstName\":\"Margot\",\"lastName\":\"Daridan\",\"phone\":\"+33785350475\",\"locale\":\"fr_FR\",\"timeZone\":\"Europe\\/Paris\",\"urlParams\":null}',120,1,NULL,3600,'2024-09-04 08:14:34',1,NULL),(180,144,20,'approved',60,1,NULL,'c547c2df1f','[]',NULL,NULL,1,NULL,3600,'2024-09-17 15:09:24',1,NULL),(181,145,20,'approved',60,1,NULL,'03e344cdec','[]',NULL,NULL,1,NULL,3600,'2024-09-17 15:11:14',1,NULL),(182,146,77,'approved',120,1,NULL,'0579335493','[]',NULL,NULL,1,NULL,7200,'2024-09-20 07:47:46',1,NULL),(183,147,79,'approved',60,1,NULL,'42d47e6e79','[]',NULL,NULL,1,NULL,3600,'2024-10-22 13:42:10',1,NULL),(184,148,79,'approved',60,1,NULL,'74e7da5ead','[]',NULL,NULL,1,NULL,3600,'2024-10-22 13:44:08',1,NULL),(185,149,79,'approved',60,1,NULL,'99a838c4f8','[]',NULL,NULL,1,NULL,3600,'2024-10-22 13:45:10',1,NULL),(186,150,80,'approved',60,1,NULL,'e639e2a084','[]',NULL,NULL,1,NULL,5400,'2024-10-24 07:18:57',1,NULL),(187,151,81,'canceled',90,1,NULL,'cd9bff8f6a','[]',NULL,NULL,1,NULL,5400,'2024-10-31 18:14:36',1,NULL),(188,152,82,'approved',60,1,NULL,'628464dd50',NULL,'{\"firstName\":\"Yohan\",\"lastName\":\"DE BESS\\u00c9\",\"phone\":\"+33617823536\",\"locale\":\"fr_FR\",\"timeZone\":\"Europe\\/Paris\",\"urlParams\":null}',60,1,15,NULL,'2024-11-11 20:10:35',1,NULL),(189,153,82,'approved',60,1,NULL,'84fb33cdbd',NULL,'{\"firstName\":\"Yohan\",\"lastName\":\"DE BESS\\u00c9\",\"phone\":\"+33617823536\",\"locale\":\"fr_FR\",\"timeZone\":\"Europe\\/Paris\",\"urlParams\":null}',60,1,14,NULL,'2024-11-11 20:10:35',1,NULL),(190,154,10,'approved',60,1,NULL,'40b46bd33e','[]',NULL,NULL,1,NULL,5400,'2024-11-13 15:52:23',1,NULL),(191,155,79,'approved',60,1,NULL,'3d4429f2ba','[]',NULL,NULL,1,NULL,3600,'2024-11-14 13:57:14',1,NULL),(192,156,10,'approved',60,1,NULL,'0d749dd908','[]',NULL,NULL,1,NULL,3600,'2024-11-14 15:19:47',1,NULL),(193,157,82,'approved',60,1,NULL,'93ba323110','[]',NULL,NULL,1,NULL,3600,'2024-11-15 18:23:28',1,NULL),(194,158,82,'approved',60,1,NULL,'1735122af0','[]',NULL,NULL,1,NULL,3600,'2024-11-15 18:24:51',1,NULL);

--
-- Table structure for table `wpinst_amelia_customer_bookings_to_events_periods`
--

CREATE TABLE `wpinst_amelia_customer_bookings_to_events_periods` (
  `id` int(11) NOT NULL AUTO_INCREMENT,
  `customerBookingId` bigint(20) NOT NULL,
  `eventPeriodId` bigint(20) NOT NULL,
  PRIMARY KEY (`id`),
  UNIQUE KEY `bookingEventPeriod` (`customerBookingId`,`eventPeriodId`)
) ENGINE=InnoDB AUTO_INCREMENT=44 DEFAULT CHARSET=utf8;

--
-- Dumping data for table `wpinst_amelia_customer_bookings_to_events_periods`
--

INSERT INTO `wpinst_amelia_customer_bookings_to_events_periods` VALUES (5,10,10),(7,18,10),(12,32,8),(13,38,7),(14,39,8),(15,41,8),(17,45,11),(20,51,11),(22,53,11),(24,73,21),(31,79,17),(32,79,18),(33,80,17),(34,80,18),(35,82,21),(37,91,19),(39,94,30),(41,97,30),(42,118,33),(43,124,33);

--
-- Table structure for table `wpinst_amelia_customer_bookings_to_events_tickets`
--

CREATE TABLE `wpinst_amelia_customer_bookings_to_events_tickets` (
  `id` int(11) NOT NULL AUTO_INCREMENT,
  `customerBookingId` bigint(20) NOT NULL,
  `eventTicketId` bigint(20) NOT NULL,
  `price` double DEFAULT '0',
  `persons` int(11) NOT NULL,
  PRIMARY KEY (`id`)
) ENGINE=InnoDB DEFAULT CHARSET=utf8;

--
-- Dumping data for table `wpinst_amelia_customer_bookings_to_events_tickets`
--


--
-- Table structure for table `wpinst_amelia_customer_bookings_to_extras`
--

CREATE TABLE `wpinst_amelia_customer_bookings_to_extras` (
  `id` int(11) NOT NULL AUTO_INCREMENT,
  `customerBookingId` int(11) NOT NULL,
  `extraId` int(11) NOT NULL,
  `quantity` int(11) NOT NULL,
  `price` double NOT NULL,
  `aggregatedPrice` tinyint(1) DEFAULT NULL,
  `tax` varchar(255) DEFAULT NULL,
  PRIMARY KEY (`id`),
  UNIQUE KEY `bookingExtra` (`customerBookingId`,`extraId`)
) ENGINE=InnoDB DEFAULT CHARSET=utf8;

--
-- Dumping data for table `wpinst_amelia_customer_bookings_to_extras`
--


--
-- Table structure for table `wpinst_amelia_events`
--

CREATE TABLE `wpinst_amelia_events` (
  `id` int(11) NOT NULL AUTO_INCREMENT,
  `parentId` bigint(20) DEFAULT NULL,
  `name` varchar(255) NOT NULL DEFAULT '',
  `status` enum('approved','pending','canceled','rejected') NOT NULL,
  `bookingOpens` datetime DEFAULT NULL,
  `bookingCloses` datetime DEFAULT NULL,
  `bookingOpensRec` enum('same','calculate') DEFAULT 'same',
  `bookingClosesRec` enum('same','calculate') DEFAULT 'same',
  `ticketRangeRec` enum('same','calculate') DEFAULT 'calculate',
  `recurringCycle` enum('daily','weekly','monthly','yearly') DEFAULT NULL,
  `recurringOrder` int(11) DEFAULT NULL,
  `recurringInterval` int(11) DEFAULT '1',
  `recurringMonthly` enum('each','on') DEFAULT 'each',
  `monthlyDate` datetime DEFAULT NULL,
  `monthlyOnRepeat` enum('first','second','third','fourth','fifth','last') DEFAULT NULL,
  `monthlyOnDay` enum('monday','tuesday','wednesday','thursday','friday','saturday','sunday') DEFAULT NULL,
  `recurringUntil` datetime DEFAULT NULL,
  `maxCapacity` int(11) NOT NULL,
  `maxCustomCapacity` int(11) DEFAULT NULL,
  `maxExtraPeople` int(11) DEFAULT NULL,
  `price` double NOT NULL,
  `locationId` bigint(20) DEFAULT NULL,
  `customLocation` varchar(255) DEFAULT NULL,
  `description` mediumtext,
  `color` varchar(255) DEFAULT NULL,
  `show` tinyint(1) NOT NULL DEFAULT '1',
  `notifyParticipants` tinyint(1) NOT NULL,
  `created` datetime NOT NULL,
  `settings` mediumtext,
  `zoomUserId` varchar(255) DEFAULT NULL,
  `bringingAnyone` tinyint(1) DEFAULT '1',
  `bookMultipleTimes` tinyint(1) DEFAULT '1',
  `translations` text,
  `depositPayment` enum('disabled','fixed','percentage') DEFAULT 'disabled',
  `depositPerPerson` tinyint(1) DEFAULT '1',
  `fullPayment` tinyint(1) DEFAULT '0',
  `deposit` double DEFAULT '0',
  `customPricing` tinyint(1) DEFAULT '0',
  `organizerId` bigint(20) DEFAULT NULL,
  `closeAfterMin` int(11) DEFAULT NULL,
  `closeAfterMinBookings` tinyint(1) DEFAULT '0',
  `aggregatedPrice` tinyint(1) DEFAULT '1',
  PRIMARY KEY (`id`)
) ENGINE=InnoDB AUTO_INCREMENT=26 DEFAULT CHARSET=utf8;

--
-- Dumping data for table `wpinst_amelia_events`
--

INSERT INTO `wpinst_amelia_events` VALUES (2,NULL,'Stage Reiki 2ème degré – OKUDEN ZENKI (2-1)','approved',NULL,NULL,'same','same','calculate',NULL,NULL,NULL,NULL,NULL,NULL,NULL,NULL,10,NULL,NULL,290,5,NULL,'Stage accessible aux stagiaires ayant déjà effectué un premier degré. Pour les stagiaires ayant été formé au premier degré dans une autre école, l\'accès à la formation est possible mais sera plus difficile à appréhender sans les bases enseignées au premier degré de notre école. Tout stage déjà effectué en dehors de notre école et redoublé chez nous sera facturé à 50% afin de facilité l\'accès à la connaissance.','#1788FB',1,1,'2023-01-05 16:51:28','{\"payments\":{\"onSite\":false,\"payPal\":{\"enabled\":false},\"stripe\":{\"enabled\":true},\"mollie\":{\"enabled\":false},\"razorpay\":{\"enabled\":false}},\"general\":{\"minimumTimeRequirementPriorToCanceling\":604800,\"redirectUrlAfterAppointment\":\"\"},\"zoom\":{\"enabled\":false},\"lessonSpace\":{\"enabled\":false}}',NULL,0,0,NULL,'fixed',0,1,90,0,1,NULL,0,1),(5,NULL,'Rencontres et Partages','approved','2023-02-02 23:00:00',NULL,'same','same','calculate','monthly',1,1,'on',NULL,'first','thursday','2023-05-31 22:00:00',10,NULL,NULL,0,5,NULL,'Découverte gratuite du Reiki','#1788FB',1,1,'2023-01-20 23:28:21','{\"payments\":{\"onSite\":false,\"payPal\":{\"enabled\":false},\"stripe\":{\"enabled\":false},\"mollie\":{\"enabled\":false},\"razorpay\":{\"enabled\":false}},\"general\":{\"minimumTimeRequirementPriorToCanceling\":null,\"redirectUrlAfterAppointment\":null},\"zoom\":{\"enabled\":false},\"lessonSpace\":{\"enabled\":false}}',NULL,0,0,NULL,'disabled',1,0,0,0,1,NULL,0,1),(6,5,'Rencontres et Partages','approved','2023-02-02 23:00:00',NULL,'same','same','calculate','monthly',2,1,'on',NULL,'first','thursday','2023-05-31 22:00:00',10,NULL,NULL,0,5,NULL,'Découverte gratuite du Reiki','#1788FB',1,1,'2023-01-20 23:28:21','{\"payments\":{\"onSite\":false,\"payPal\":{\"enabled\":false},\"stripe\":{\"enabled\":false},\"mollie\":{\"enabled\":false},\"razorpay\":{\"enabled\":false}},\"general\":{\"minimumTimeRequirementPriorToCanceling\":null,\"redirectUrlAfterAppointment\":null},\"zoom\":{\"enabled\":false},\"lessonSpace\":{\"enabled\":false}}',NULL,0,0,NULL,'disabled',1,0,0,0,1,NULL,0,1),(7,5,'Rencontres et Partages','approved','2023-02-02 23:00:00',NULL,'same','same','calculate','monthly',3,1,'on',NULL,'first','thursday','2023-05-31 22:00:00',10,NULL,NULL,0,5,NULL,'Découverte gratuite du Reiki','#1788FB',1,1,'2023-01-20 23:28:21','{\"payments\":{\"onSite\":false,\"payPal\":{\"enabled\":false},\"stripe\":{\"enabled\":false},\"mollie\":{\"enabled\":false},\"razorpay\":{\"enabled\":false}},\"general\":{\"minimumTimeRequirementPriorToCanceling\":null,\"redirectUrlAfterAppointment\":null},\"zoom\":{\"enabled\":false},\"lessonSpace\":{\"enabled\":false}}',NULL,0,0,NULL,'disabled',1,0,0,0,1,NULL,0,1),(8,NULL,'Formation Reiki 1er Degré - Shoden','approved',NULL,NULL,'same','same','calculate',NULL,NULL,NULL,NULL,NULL,NULL,NULL,NULL,10,NULL,NULL,230,5,NULL,'Formation initiale accessible à tous.Tout stage déjà effectué dans une autre école et redoublé sera facturé à 50% afin de facilité l\'accès à la connaissance.','#1788FB',1,1,'2023-02-08 09:18:27','{\"payments\":{\"onSite\":false,\"payPal\":{\"enabled\":false},\"stripe\":{\"enabled\":true},\"mollie\":{\"enabled\":false},\"razorpay\":{\"enabled\":false}},\"general\":{\"minimumTimeRequirementPriorToCanceling\":604800,\"redirectUrlAfterAppointment\":\"\"},\"zoom\":{\"enabled\":false},\"lessonSpace\":{\"enabled\":false}}',NULL,0,0,NULL,'fixed',0,1,70,0,1,NULL,0,1),(9,NULL,'Formation Reiki 1er Degré - Shoden','approved',NULL,NULL,'same','same','calculate',NULL,NULL,NULL,NULL,NULL,NULL,NULL,NULL,10,NULL,NULL,230,5,NULL,'Formation initiale accessible à tous.Tout stage déjà effectué dans une autre école et redoublé sera facturé à 50% afin de facilité l\'accès à la connaissance.','#1788FB',1,1,'2023-02-08 09:18:58','{\"payments\":{\"onSite\":false,\"payPal\":{\"enabled\":false},\"stripe\":{\"enabled\":true},\"mollie\":{\"enabled\":false},\"razorpay\":{\"enabled\":false}},\"general\":{\"minimumTimeRequirementPriorToCanceling\":604800,\"redirectUrlAfterAppointment\":\"\"},\"zoom\":{\"enabled\":false},\"lessonSpace\":{\"enabled\":false}}',NULL,0,0,NULL,'fixed',0,1,70,0,1,NULL,0,1),(11,NULL,'Formation Reiki avancé 1er Degré - Shoden','approved',NULL,NULL,'same','same','calculate',NULL,NULL,NULL,NULL,NULL,NULL,NULL,NULL,10,NULL,NULL,230,5,NULL,'Formation initiale accessible à tous.Tout stage déjà effectué dans une autre école et redoublé sera facturé à 50% afin de facilité l\'accès à la connaissance.','#1788FB',1,1,'2023-08-22 19:54:53','{\"payments\":{\"onSite\":false,\"payPal\":{\"enabled\":false},\"stripe\":{\"enabled\":true},\"mollie\":{\"enabled\":false},\"razorpay\":{\"enabled\":false},\"paymentLinks\":{\"enabled\":false,\"changeBookingStatus\":false,\"redirectUrl\":null}},\"general\":{\"minimumTimeRequirementPriorToCanceling\":604800,\"redirectUrlAfterAppointment\":\"\"},\"zoom\":{\"enabled\":false},\"lessonSpace\":{\"enabled\":false}}',NULL,0,0,NULL,'fixed',0,1,70,0,1,NULL,0,1),(12,NULL,'Stage Reiki avancé 2ème degré – OKUDEN ZENKI (2-1)','approved',NULL,NULL,'same','same','calculate',NULL,NULL,NULL,NULL,NULL,NULL,NULL,NULL,10,NULL,NULL,350,5,NULL,'Stage accessible aux stagiaires ayant déjà effectué un premier degré. Pour les stagiaires ayant été formé au premier degré dans une autre école, l\'accès à la formation est possible mais sera plus difficile à appréhender sans les bases enseignées au premier degré de notre école. Tout stage déjà effectué en dehors de notre école et redoublé chez nous sera facturé à 80% afin de facilité l\'accès à la connaissance.','#1788FB',1,1,'2023-08-22 19:56:57','{\"payments\":{\"onSite\":false,\"payPal\":{\"enabled\":false},\"stripe\":{\"enabled\":true},\"mollie\":{\"enabled\":false},\"razorpay\":{\"enabled\":false},\"paymentLinks\":{\"enabled\":false,\"changeBookingStatus\":false,\"redirectUrl\":null}},\"general\":{\"minimumTimeRequirementPriorToCanceling\":604800,\"redirectUrlAfterAppointment\":\"\"},\"zoom\":{\"enabled\":false},\"lessonSpace\":{\"enabled\":false}}',NULL,0,0,NULL,'fixed',0,1,120,0,1,NULL,0,1),(13,NULL,'Rencontres et Partages','approved','2023-02-02 23:00:00',NULL,'same','same','calculate','monthly',1,1,'on',NULL,'first','thursday','2024-06-05 22:00:00',10,NULL,NULL,0,5,NULL,'Découverte gratuite du Reiki','#1788FB',1,1,'2023-08-25 15:08:08','{\"payments\":{\"onSite\":false,\"payPal\":{\"enabled\":false},\"stripe\":{\"enabled\":false},\"mollie\":{\"enabled\":false},\"razorpay\":{\"enabled\":false}},\"general\":{\"minimumTimeRequirementPriorToCanceling\":null,\"redirectUrlAfterAppointment\":null},\"zoom\":{\"enabled\":false},\"lessonSpace\":{\"enabled\":false}}',NULL,0,0,NULL,'disabled',1,0,0,0,1,NULL,0,1),(14,13,'Rencontres et Partages','approved','2023-02-02 23:00:00',NULL,'same','same','calculate','monthly',2,1,'on',NULL,'first','thursday','2024-06-05 22:00:00',10,NULL,NULL,0,5,NULL,'Découverte gratuite du Reiki','#1788FB',1,1,'2023-08-25 15:08:08','{\"payments\":{\"onSite\":false,\"payPal\":{\"enabled\":false},\"stripe\":{\"enabled\":false},\"mollie\":{\"enabled\":false},\"razorpay\":{\"enabled\":false}},\"general\":{\"minimumTimeRequirementPriorToCanceling\":null,\"redirectUrlAfterAppointment\":null},\"zoom\":{\"enabled\":false},\"lessonSpace\":{\"enabled\":false}}',NULL,0,0,NULL,'disabled',1,0,0,0,1,NULL,0,1),(15,13,'Rencontres et Partages','approved','2023-02-02 23:00:00',NULL,'same','same','calculate','monthly',3,1,'on',NULL,'first','thursday','2024-06-05 22:00:00',10,NULL,NULL,0,5,NULL,'Découverte gratuite du Reiki','#1788FB',1,1,'2023-08-25 15:08:08','{\"payments\":{\"onSite\":false,\"payPal\":{\"enabled\":false},\"stripe\":{\"enabled\":false},\"mollie\":{\"enabled\":false},\"razorpay\":{\"enabled\":false}},\"general\":{\"minimumTimeRequirementPriorToCanceling\":null,\"redirectUrlAfterAppointment\":null},\"zoom\":{\"enabled\":false},\"lessonSpace\":{\"enabled\":false}}',NULL,0,0,NULL,'disabled',1,0,0,0,1,NULL,0,1),(16,13,'Rencontres et Partages','approved','2023-02-02 23:00:00',NULL,'same','same','calculate','monthly',4,1,'on',NULL,'first','thursday','2024-06-05 22:00:00',10,NULL,NULL,0,5,NULL,'Découverte gratuite du Reiki','#1788FB',1,1,'2023-08-25 15:08:08','{\"payments\":{\"onSite\":false,\"stripe\":{\"enabled\":false},\"paymentLinks\":{\"enabled\":false,\"changeBookingStatus\":false,\"redirectUrl\":null}},\"general\":{\"minimumTimeRequirementPriorToCanceling\":null,\"redirectUrlAfterAppointment\":null},\"zoom\":{\"enabled\":false},\"lessonSpace\":{\"enabled\":false}}',NULL,0,0,NULL,'disabled',1,0,0,0,1,NULL,0,1),(17,13,'Rencontres et Partages','approved','2023-02-02 23:00:00',NULL,'same','same','calculate','monthly',5,1,'on',NULL,'first','thursday','2024-06-05 22:00:00',10,NULL,NULL,0,5,NULL,'Découverte gratuite du Reiki','#1788FB',1,1,'2023-08-25 15:08:08','{\"payments\":{\"onSite\":false,\"stripe\":{\"enabled\":false},\"paymentLinks\":{\"enabled\":false,\"changeBookingStatus\":false,\"redirectUrl\":null}},\"general\":{\"minimumTimeRequirementPriorToCanceling\":null,\"redirectUrlAfterAppointment\":null},\"zoom\":{\"enabled\":false},\"lessonSpace\":{\"enabled\":false}}',NULL,0,0,NULL,'disabled',1,0,0,0,1,NULL,0,1),(18,13,'Rencontres et Partages','approved','2023-02-02 23:00:00',NULL,'same','same','calculate','monthly',6,1,'on',NULL,'first','thursday','2024-06-05 22:00:00',10,NULL,NULL,0,5,NULL,'Découverte gratuite du Reiki','#1788FB',1,1,'2023-08-25 15:08:08','{\"payments\":{\"onSite\":false,\"stripe\":{\"enabled\":false},\"paymentLinks\":{\"enabled\":false,\"changeBookingStatus\":false,\"redirectUrl\":null}},\"general\":{\"minimumTimeRequirementPriorToCanceling\":null,\"redirectUrlAfterAppointment\":null},\"zoom\":{\"enabled\":false},\"lessonSpace\":{\"enabled\":false}}',NULL,0,0,NULL,'disabled',1,0,0,0,1,NULL,0,1),(19,13,'Rencontres et Partages','approved','2023-02-02 23:00:00',NULL,'same','same','calculate','monthly',7,1,'on',NULL,'first','thursday','2024-06-05 22:00:00',10,NULL,NULL,0,5,NULL,'Découverte gratuite du Reiki','#1788FB',1,1,'2023-08-25 15:08:08','{\"payments\":{\"onSite\":false,\"stripe\":{\"enabled\":false},\"paymentLinks\":{\"enabled\":false,\"changeBookingStatus\":false,\"redirectUrl\":null}},\"general\":{\"minimumTimeRequirementPriorToCanceling\":null,\"redirectUrlAfterAppointment\":null},\"zoom\":{\"enabled\":false},\"lessonSpace\":{\"enabled\":false}}',NULL,0,0,NULL,'disabled',1,0,0,0,1,NULL,0,1),(20,13,'Rencontres et Partages','approved','2023-02-02 23:00:00',NULL,'same','same','calculate','monthly',8,1,'on',NULL,'first','thursday','2024-06-05 22:00:00',10,NULL,NULL,0,5,NULL,'Découverte gratuite du Reiki','#1788FB',1,1,'2023-08-25 15:08:08','{\"payments\":{\"onSite\":false,\"stripe\":{\"enabled\":false},\"paymentLinks\":{\"enabled\":false,\"changeBookingStatus\":false,\"redirectUrl\":null}},\"general\":{\"minimumTimeRequirementPriorToCanceling\":null,\"redirectUrlAfterAppointment\":null},\"zoom\":{\"enabled\":false},\"lessonSpace\":{\"enabled\":false}}',NULL,0,0,NULL,'disabled',1,0,0,0,1,NULL,0,1),(21,13,'Rencontres et Partages','approved','2023-02-02 23:00:00',NULL,'same','same','calculate','monthly',9,1,'on',NULL,'first','thursday','2024-06-05 22:00:00',10,NULL,NULL,0,5,NULL,'Découverte gratuite du Reiki','#1788FB',1,1,'2023-08-25 15:08:08','{\"payments\":{\"onSite\":false,\"stripe\":{\"enabled\":false},\"paymentLinks\":{\"enabled\":false,\"changeBookingStatus\":false,\"redirectUrl\":null}},\"general\":{\"minimumTimeRequirementPriorToCanceling\":null,\"redirectUrlAfterAppointment\":null},\"zoom\":{\"enabled\":false},\"lessonSpace\":{\"enabled\":false}}',NULL,0,0,NULL,'disabled',1,0,0,0,1,NULL,0,1),(22,NULL,'Formation Reiki avancé 1er Degré - Shoden','approved',NULL,NULL,'same','same','calculate',NULL,NULL,NULL,NULL,NULL,NULL,NULL,NULL,10,NULL,NULL,290,5,NULL,'Formation initiale accessible à tous. Tout stage déjà effectué dans une autre école et redoublé sera facturé à 80% afin de facilité l\'accès à la connaissance.','#1788FB',1,1,'2023-10-02 17:06:26','{\"payments\":{\"onSite\":false,\"payPal\":{\"enabled\":false},\"stripe\":{\"enabled\":true},\"mollie\":{\"enabled\":false},\"razorpay\":{\"enabled\":false},\"paymentLinks\":{\"enabled\":false,\"changeBookingStatus\":false,\"redirectUrl\":null}},\"general\":{\"minimumTimeRequirementPriorToCanceling\":604800,\"redirectUrlAfterAppointment\":\"\"},\"zoom\":{\"enabled\":false},\"lessonSpace\":{\"enabled\":false}}',NULL,0,0,NULL,'fixed',0,1,90,0,1,NULL,0,1),(23,NULL,'Stage Reiki avancé 2ème degré – OKUDEN ZENKI (2-1)','approved',NULL,NULL,'same','same','calculate',NULL,NULL,NULL,NULL,NULL,NULL,NULL,NULL,10,NULL,NULL,350,5,NULL,'Stage accessible aux stagiaires ayant déjà effectué un premier degré. Pour les stagiaires ayant été formé au premier degré dans une autre école, l\'accès à la formation est possible mais sera plus difficile à appréhender sans les bases enseignées au premier degré de notre école. Tout stage déjà effectué en dehors de notre école et redoublé chez nous sera facturé à 80% afin de facilité l\'accès à la connaissance.','#1788FB',1,1,'2023-10-02 17:07:23','{\"payments\":{\"onSite\":false,\"payPal\":{\"enabled\":false},\"stripe\":{\"enabled\":true},\"mollie\":{\"enabled\":false},\"razorpay\":{\"enabled\":false},\"paymentLinks\":{\"enabled\":false,\"changeBookingStatus\":false,\"redirectUrl\":null}},\"general\":{\"minimumTimeRequirementPriorToCanceling\":604800,\"redirectUrlAfterAppointment\":\"\"},\"zoom\":{\"enabled\":false},\"lessonSpace\":{\"enabled\":false}}',NULL,0,0,NULL,'fixed',0,1,120,0,1,NULL,0,1),(24,NULL,'Formation Reiki avancé 1er Degré - Shoden','approved',NULL,NULL,'same','same','calculate',NULL,NULL,NULL,NULL,NULL,NULL,NULL,NULL,10,NULL,NULL,290,5,NULL,'Formation initiale accessible à tous. Tout stage déjà effectué dans une autre école et redoublé sera facturé à 80% afin de facilité l\'accès à la connaissance.','#1788FB',1,1,'2023-12-15 17:08:10','{\"payments\":{\"onSite\":false,\"paymentLinks\":{\"enabled\":false,\"changeBookingStatus\":false,\"redirectUrl\":null}},\"general\":{\"minimumTimeRequirementPriorToCanceling\":604800,\"redirectUrlAfterAppointment\":\"\"},\"zoom\":{\"enabled\":false},\"lessonSpace\":{\"enabled\":false}}',NULL,0,0,NULL,'fixed',0,1,90,0,1,NULL,0,1),(25,NULL,'Stage Reiki avancé 2ème degré – OKUDEN ZENKI (2-1)','approved',NULL,NULL,'same','same','calculate',NULL,NULL,NULL,NULL,NULL,NULL,NULL,NULL,10,NULL,NULL,350,5,NULL,'Stage accessible aux stagiaires ayant déjà effectué un premier degré. Pour les stagiaires ayant été formé au premier degré dans une autre école, l\'accès à la formation est possible mais sera plus difficile à appréhender sans les bases enseignées au premier degré de notre école. Tout stage déjà effectué en dehors de notre école et redoublé chez nous sera facturé à 80% afin de facilité l\'accès à la connaissance.','#1788FB',1,1,'2023-12-15 17:08:44','{\"payments\":{\"onSite\":false,\"paymentLinks\":{\"enabled\":false,\"changeBookingStatus\":false,\"redirectUrl\":null}},\"general\":{\"minimumTimeRequirementPriorToCanceling\":604800,\"redirectUrlAfterAppointment\":\"\"},\"zoom\":{\"enabled\":false},\"lessonSpace\":{\"enabled\":false}}',NULL,0,0,NULL,'fixed',0,1,120,0,1,NULL,0,1);

--
-- Table structure for table `wpinst_amelia_events_periods`
--

CREATE TABLE `wpinst_amelia_events_periods` (
  `id` int(11) NOT NULL AUTO_INCREMENT,
  `eventId` bigint(20) NOT NULL,
  `periodStart` datetime NOT NULL,
  `periodEnd` datetime NOT NULL,
  `zoomMeeting` mediumtext,
  `lessonSpace` mediumtext,
  `googleCalendarEventId` varchar(255) DEFAULT NULL,
  `googleMeetUrl` varchar(255) DEFAULT NULL,
  `outlookCalendarEventId` varchar(255) DEFAULT NULL,
  PRIMARY KEY (`id`)
) ENGINE=InnoDB AUTO_INCREMENT=34 DEFAULT CHARSET=utf8;

--
-- Dumping data for table `wpinst_amelia_events_periods`
--

INSERT INTO `wpinst_amelia_events_periods` VALUES (3,2,'2023-04-22 07:00:00','2023-04-23 18:00:00',NULL,NULL,'17mrnd8nncfceh0n2adauq7l70',NULL,NULL),(6,5,'2023-03-02 18:00:00','2023-03-02 21:00:00',NULL,NULL,'di0k1pvh0stuqtdje4k5u07gdo',NULL,NULL),(7,6,'2023-04-06 17:00:00','2023-04-06 20:00:00',NULL,NULL,'s6n6hvq1oqrg9d11fja11p8ch0',NULL,NULL),(8,7,'2023-05-04 17:00:00','2023-05-04 20:00:00',NULL,NULL,'veht1pceea4e1luvgd9ei3eofo',NULL,NULL),(10,8,'2023-03-18 08:00:00','2023-03-19 18:00:00',NULL,NULL,'ejbng43p86rnmjqe4f96225bto',NULL,NULL),(11,9,'2023-05-20 07:00:00','2023-05-21 17:00:00',NULL,NULL,'273lmbqe56kd1ee8dbon1bqjec',NULL,NULL),(17,11,'2023-09-30 07:00:00','2023-10-01 17:00:00',NULL,NULL,'ojsbukol9496si4gtaj35ep1to',NULL,NULL),(19,12,'2023-11-04 08:00:00','2023-11-05 19:00:00',NULL,NULL,'jkb1h5blp5ini7gp2nd7vukp9c',NULL,NULL),(21,13,'2023-09-07 17:00:00','2023-09-07 20:00:00',NULL,NULL,'gge32oakste31uj8q8e8rjt2j0',NULL,NULL),(22,14,'2023-10-05 17:00:00','2023-10-05 20:00:00',NULL,NULL,'va70sqfmlj6f91cga890bgvbl8',NULL,NULL),(23,15,'2023-11-02 18:00:00','2023-11-02 21:00:00',NULL,NULL,'scu8fd117s3jrr1paudf0anbp8',NULL,NULL),(24,16,'2023-12-07 18:00:00','2023-12-07 21:00:00',NULL,NULL,'i1gt2akgpm7db4stoalpmshjb8',NULL,NULL),(25,17,'2024-01-04 18:00:00','2024-01-04 21:00:00',NULL,NULL,'si6b35o9go97loa39ndd5g3uf8',NULL,NULL),(26,18,'2024-02-01 18:00:00','2024-02-01 21:00:00',NULL,NULL,'ntrqthefu0sebovpbgr2pui2pc',NULL,NULL),(27,19,'2024-03-07 18:00:00','2024-03-07 21:00:00',NULL,NULL,'gkedp2r9q3082ffi2koacpm9ao',NULL,NULL),(28,20,'2024-04-04 17:00:00','2024-04-04 20:00:00',NULL,NULL,'cliuhsmkc99kouc37r288st3fo',NULL,NULL),(29,21,'2024-05-02 17:00:00','2024-05-02 20:00:00',NULL,NULL,'m8ll1sv05good9sr0nts3ib4qc',NULL,NULL),(30,22,'2024-02-17 08:00:00','2024-02-18 18:00:00',NULL,NULL,'ot4gga316eeutdqkgrdo85afhk',NULL,NULL),(31,23,'2024-03-16 08:00:00','2024-03-17 19:00:00',NULL,NULL,'kpvomb4r06fahvrjdgen64kll8',NULL,NULL),(32,24,'2024-05-25 07:00:00','2024-05-26 17:00:00',NULL,NULL,'shan68p4mlirn6edhcdr3cufmo',NULL,NULL),(33,25,'2024-06-08 07:00:00','2024-06-09 18:00:00',NULL,NULL,'8k6btosedf43j4fd3ie0nqoh6k',NULL,NULL);

--
-- Table structure for table `wpinst_amelia_events_tags`
--

CREATE TABLE `wpinst_amelia_events_tags` (
  `id` int(11) NOT NULL AUTO_INCREMENT,
  `eventId` bigint(20) NOT NULL,
  `name` varchar(255) NOT NULL,
  PRIMARY KEY (`id`)
) ENGINE=InnoDB AUTO_INCREMENT=90 DEFAULT CHARSET=utf8;

--
-- Dumping data for table `wpinst_amelia_events_tags`
--

INSERT INTO `wpinst_amelia_events_tags` VALUES (39,5,'Rencontres et Partages '),(40,6,'Rencontres et Partages '),(41,7,'Rencontres et Partages '),(50,9,'Reiki 1'),(57,8,'Reiki 1'),(59,2,'Reiki 2-1'),(62,13,'Rencontres et Partages '),(63,14,'Rencontres et Partages '),(64,15,'Rencontres et Partages '),(74,11,'Reiki 1'),(76,23,'Reiki 2-1'),(79,22,'Reiki 1'),(80,12,'Reiki 2-1'),(81,16,'Rencontres et Partages '),(82,17,'Rencontres et Partages '),(83,18,'Rencontres et Partages '),(84,19,'Rencontres et Partages '),(85,20,'Rencontres et Partages '),(86,21,'Rencontres et Partages '),(87,24,'Reiki 1'),(89,25,'Reiki 2-1');

--
-- Table structure for table `wpinst_amelia_events_to_providers`
--

CREATE TABLE `wpinst_amelia_events_to_providers` (
  `id` int(11) NOT NULL AUTO_INCREMENT,
  `eventId` bigint(20) NOT NULL,
  `userId` bigint(20) NOT NULL,
  PRIMARY KEY (`id`)
) ENGINE=InnoDB AUTO_INCREMENT=80 DEFAULT CHARSET=utf8;

--
-- Dumping data for table `wpinst_amelia_events_to_providers`
--

INSERT INTO `wpinst_amelia_events_to_providers` VALUES (29,5,1),(30,6,1),(31,7,1),(40,9,1),(47,8,1),(49,2,1),(52,13,1),(53,14,1),(54,15,1),(64,11,1),(66,23,1),(69,22,1),(70,12,1),(71,16,1),(72,17,1),(73,18,1),(74,19,1),(75,20,1),(76,21,1),(77,24,1),(79,25,1);

--
-- Table structure for table `wpinst_amelia_events_to_tickets`
--

CREATE TABLE `wpinst_amelia_events_to_tickets` (
  `id` int(11) NOT NULL AUTO_INCREMENT,
  `eventId` bigint(20) NOT NULL,
  `enabled` tinyint(1) DEFAULT '1',
  `name` varchar(255) NOT NULL,
  `price` double DEFAULT '0',
  `dateRanges` text,
  `spots` int(11) NOT NULL,
  `translations` text,
  `waitingListSpots` int(11) NOT NULL,
  PRIMARY KEY (`id`)
) ENGINE=InnoDB AUTO_INCREMENT=10 DEFAULT CHARSET=utf8;

--
-- Dumping data for table `wpinst_amelia_events_to_tickets`
--

INSERT INTO `wpinst_amelia_events_to_tickets` VALUES (2,8,1,'',0,'[]',1,NULL,0),(3,9,1,'',0,'[]',1,NULL,0),(4,11,1,'',0,'[]',1,NULL,0),(5,12,1,'',0,'[]',1,NULL,0),(6,22,1,'',0,'[]',1,NULL,0),(7,23,1,'',0,'[]',1,NULL,0),(8,24,1,'',0,'[]',1,NULL,0),(9,25,1,'',0,'[]',1,NULL,0);

--
-- Table structure for table `wpinst_amelia_extras`
--

CREATE TABLE `wpinst_amelia_extras` (
  `id` int(11) NOT NULL AUTO_INCREMENT,
  `name` varchar(255) NOT NULL DEFAULT '',
  `description` mediumtext,
  `price` double NOT NULL,
  `maxQuantity` int(11) NOT NULL,
  `duration` int(11) DEFAULT NULL,
  `serviceId` int(11) NOT NULL,
  `position` int(11) NOT NULL,
  `aggregatedPrice` tinyint(1) DEFAULT NULL,
  `translations` text,
  PRIMARY KEY (`id`)
) ENGINE=InnoDB AUTO_INCREMENT=5 DEFAULT CHARSET=utf8;

--
-- Dumping data for table `wpinst_amelia_extras`
--


--
-- Table structure for table `wpinst_amelia_galleries`
--

CREATE TABLE `wpinst_amelia_galleries` (
  `id` int(11) NOT NULL AUTO_INCREMENT,
  `entityId` int(11) NOT NULL,
  `entityType` enum('service','event','package') NOT NULL,
  `pictureFullPath` varchar(767) DEFAULT NULL,
  `pictureThumbPath` varchar(767) DEFAULT NULL,
  `position` int(11) NOT NULL,
  PRIMARY KEY (`id`)
) ENGINE=InnoDB AUTO_INCREMENT=45 DEFAULT CHARSET=utf8;

--
-- Dumping data for table `wpinst_amelia_galleries`
--

INSERT INTO `wpinst_amelia_galleries` VALUES (2,5,'event','https://www.institut-phenix-energetique.fr/wp-content/uploads/2023/01/travail-dequipe.jpg','https://www.institut-phenix-energetique.fr/wp-content/uploads/2023/01/travail-dequipe-150x150.jpg',1),(3,6,'event','https://www.institut-phenix-energetique.fr/wp-content/uploads/2023/01/travail-dequipe.jpg','https://www.institut-phenix-energetique.fr/wp-content/uploads/2023/01/travail-dequipe-150x150.jpg',1),(4,7,'event','https://www.institut-phenix-energetique.fr/wp-content/uploads/2023/01/travail-dequipe.jpg','https://www.institut-phenix-energetique.fr/wp-content/uploads/2023/01/travail-dequipe-150x150.jpg',1),(5,8,'event','https://www.institut-phenix-energetique.fr/wp-content/uploads/2022/11/photo-encart1.png','https://www.institut-phenix-energetique.fr/wp-content/uploads/2022/11/photo-encart1-150x150.png',1),(6,9,'event','https://www.institut-phenix-energetique.fr/wp-content/uploads/2022/11/photo-encart1.png','https://www.institut-phenix-energetique.fr/wp-content/uploads/2022/11/photo-encart1-150x150.png',1),(7,2,'event','https://www.institut-phenix-energetique.fr/wp-content/uploads/2023/01/Pierres-crystals.jpeg','https://www.institut-phenix-energetique.fr/wp-content/uploads/2023/01/Pierres-crystals-150x150.jpeg',1),(8,1,'package','https://www.institut-phenix-energetique.fr/wp-content/uploads/2022/11/photo-encart2.png','https://www.institut-phenix-energetique.fr/wp-content/uploads/2022/11/photo-encart2-150x150.png',1),(9,2,'package','https://www.institut-phenix-energetique.fr/wp-content/uploads/2022/11/photo-encart2.png','https://www.institut-phenix-energetique.fr/wp-content/uploads/2022/11/photo-encart2-150x150.png',1),(10,3,'package','https://www.institut-phenix-energetique.fr/wp-content/uploads/2022/11/photo-encart2.png','https://www.institut-phenix-energetique.fr/wp-content/uploads/2022/11/photo-encart2-150x150.png',1),(11,4,'package','https://www.institut-phenix-energetique.fr/wp-content/uploads/2022/11/photo-encart2.png','https://www.institut-phenix-energetique.fr/wp-content/uploads/2022/11/photo-encart2-150x150.png',1),(12,11,'event','https://www.institut-phenix-energetique.fr/wp-content/uploads/2022/11/photo-encart1.png','https://www.institut-phenix-energetique.fr/wp-content/uploads/2022/11/photo-encart1-150x150.png',1),(13,12,'event','https://www.institut-phenix-energetique.fr/wp-content/uploads/2023/01/Pierres-crystals.jpeg','https://www.institut-phenix-energetique.fr/wp-content/uploads/2023/01/Pierres-crystals-150x150.jpeg',1),(14,13,'event','https://www.institut-phenix-energetique.fr/wp-content/uploads/2023/01/travail-dequipe.jpg','https://www.institut-phenix-energetique.fr/wp-content/uploads/2023/01/travail-dequipe-150x150.jpg',1),(15,14,'event','https://www.institut-phenix-energetique.fr/wp-content/uploads/2023/01/travail-dequipe.jpg','https://www.institut-phenix-energetique.fr/wp-content/uploads/2023/01/travail-dequipe-150x150.jpg',1),(16,15,'event','https://www.institut-phenix-energetique.fr/wp-content/uploads/2023/01/travail-dequipe.jpg','https://www.institut-phenix-energetique.fr/wp-content/uploads/2023/01/travail-dequipe-150x150.jpg',1),(26,34,'service','https://www.institut-phenix-energetique.fr/wp-content/uploads/2023/08/Femme-Acupuncture-Esthetique-1.jpeg','https://www.institut-phenix-energetique.fr/wp-content/uploads/2023/08/Femme-Acupuncture-Esthetique-1-150x150.jpeg',1),(27,35,'service','https://www.institut-phenix-energetique.fr/wp-content/uploads/2023/08/Femme-Acupuncture-Esthetique-1.jpeg','https://www.institut-phenix-energetique.fr/wp-content/uploads/2023/08/Femme-Acupuncture-Esthetique-1-150x150.jpeg',1),(28,24,'service','https://www.institut-phenix-energetique.fr/wp-content/uploads/2023/08/Homme-Stress-Anxiete-4.jpeg','https://www.institut-phenix-energetique.fr/wp-content/uploads/2023/08/Homme-Stress-Anxiete-4-150x150.jpeg',1),(29,25,'service','https://www.institut-phenix-energetique.fr/wp-content/uploads/2023/08/Confiance-en-soi-et-acupuncture-esthetique-Rajeunissement-et-radiance.jpeg','https://www.institut-phenix-energetique.fr/wp-content/uploads/2023/08/Confiance-en-soi-et-acupuncture-esthetique-Rajeunissement-et-radiance-150x150.jpeg',1),(30,19,'service','https://www.institut-phenix-energetique.fr/wp-content/uploads/2023/01/guerison.jpg','https://www.institut-phenix-energetique.fr/wp-content/uploads/2023/01/guerison-150x150.jpg',1),(31,15,'service','https://www.institut-phenix-energetique.fr/wp-content/uploads/2023/08/Medecine-Chinoise.jpeg','https://www.institut-phenix-energetique.fr/wp-content/uploads/2023/08/Medecine-Chinoise-150x150.jpeg',1),(32,9,'service','https://www.institut-phenix-energetique.fr/wp-content/uploads/2023/08/Medecine-Chinoise.jpeg','https://www.institut-phenix-energetique.fr/wp-content/uploads/2023/08/Medecine-Chinoise-150x150.jpeg',1),(33,7,'package','https://www.institut-phenix-energetique.fr/wp-content/uploads/2023/01/stop-tabac-1.jpg','https://www.institut-phenix-energetique.fr/wp-content/uploads/2023/01/stop-tabac-1-150x150.jpg',1),(34,36,'service','https://www.institut-phenix-energetique.fr/wp-content/uploads/2023/01/stop-tabac-1.jpg','https://www.institut-phenix-energetique.fr/wp-content/uploads/2023/01/stop-tabac-1-150x150.jpg',1),(35,22,'event','https://www.institut-phenix-energetique.fr/wp-content/uploads/2022/11/photo-encart1.png','https://www.institut-phenix-energetique.fr/wp-content/uploads/2022/11/photo-encart1-150x150.png',1),(36,23,'event','https://www.institut-phenix-energetique.fr/wp-content/uploads/2023/01/Pierres-crystals.jpeg','https://www.institut-phenix-energetique.fr/wp-content/uploads/2023/01/Pierres-crystals-150x150.jpeg',1),(37,16,'event','https://www.institut-phenix-energetique.fr/wp-content/uploads/2023/09/Formation-Reiki-Avance-2.jpeg','https://www.institut-phenix-energetique.fr/wp-content/uploads/2023/09/Formation-Reiki-Avance-2-150x150.jpeg',1),(38,17,'event','https://www.institut-phenix-energetique.fr/wp-content/uploads/2023/09/Formation-Reiki-Avance-2.jpeg','https://www.institut-phenix-energetique.fr/wp-content/uploads/2023/09/Formation-Reiki-Avance-2-150x150.jpeg',1),(39,18,'event','https://www.institut-phenix-energetique.fr/wp-content/uploads/2023/09/Formation-Reiki-Avance-2.jpeg','https://www.institut-phenix-energetique.fr/wp-content/uploads/2023/09/Formation-Reiki-Avance-2-150x150.jpeg',1),(40,19,'event','https://www.institut-phenix-energetique.fr/wp-content/uploads/2023/09/Formation-Reiki-Avance-2.jpeg','https://www.institut-phenix-energetique.fr/wp-content/uploads/2023/09/Formation-Reiki-Avance-2-150x150.jpeg',1),(41,20,'event','https://www.institut-phenix-energetique.fr/wp-content/uploads/2023/09/Formation-Reiki-Avance-2.jpeg','https://www.institut-phenix-energetique.fr/wp-content/uploads/2023/09/Formation-Reiki-Avance-2-150x150.jpeg',1),(42,21,'event','https://www.institut-phenix-energetique.fr/wp-content/uploads/2023/09/Formation-Reiki-Avance-2.jpeg','https://www.institut-phenix-energetique.fr/wp-content/uploads/2023/09/Formation-Reiki-Avance-2-150x150.jpeg',1),(43,24,'event','https://www.institut-phenix-energetique.fr/wp-content/uploads/2022/11/photo-encart1.png','https://www.institut-phenix-energetique.fr/wp-content/uploads/2022/11/photo-encart1-150x150.png',1),(44,25,'event','https://www.institut-phenix-energetique.fr/wp-content/uploads/2023/01/Pierres-crystals.jpeg','https://www.institut-phenix-energetique.fr/wp-content/uploads/2023/01/Pierres-crystals-150x150.jpeg',1);

--
-- Table structure for table `wpinst_amelia_locations`
--

CREATE TABLE `wpinst_amelia_locations` (
  `id` int(11) NOT NULL AUTO_INCREMENT,
  `status` enum('hidden','visible','disabled') NOT NULL DEFAULT 'visible',
  `name` varchar(255) NOT NULL DEFAULT '',
  `description` mediumtext,
  `address` varchar(255) NOT NULL,
  `phone` varchar(63) NOT NULL,
  `latitude` decimal(8,6) NOT NULL,
  `longitude` decimal(9,6) NOT NULL,
  `pictureFullPath` varchar(767) DEFAULT NULL,
  `pictureThumbPath` varchar(767) DEFAULT NULL,
  `pin` mediumtext,
  `translations` text,
  PRIMARY KEY (`id`)
) ENGINE=InnoDB AUTO_INCREMENT=6 DEFAULT CHARSET=utf8;

--
-- Dumping data for table `wpinst_amelia_locations`
--

INSERT INTO `wpinst_amelia_locations` VALUES (2,'visible','Sorgues','Cabinet principal',' 296 Avenue du Griffon, Sorgues','+33615245210',44.011843,4.875042,NULL,NULL,'',NULL),(5,'visible','Formation au Reiki à Sorgues','Salle dédiée aux formations et cours du soir','657 D Route d’Entraigues, 84700 Sorgues','+33615245210',44.006883,4.884883,NULL,NULL,'https://www.institut-phenix-energetique.fr/wp-content/plugins/ameliabooking//public/img/pins/red.png',NULL);

--
-- Table structure for table `wpinst_amelia_locations_views`
--

CREATE TABLE `wpinst_amelia_locations_views` (
  `id` int(11) NOT NULL AUTO_INCREMENT,
  `locationId` int(11) NOT NULL,
  `date` date NOT NULL,
  `views` int(11) NOT NULL,
  PRIMARY KEY (`id`),
  UNIQUE KEY `id` (`id`)
) ENGINE=InnoDB AUTO_INCREMENT=72 DEFAULT CHARSET=utf8;

--
-- Dumping data for table `wpinst_amelia_locations_views`
--

INSERT INTO `wpinst_amelia_locations_views` VALUES (1,2,'2022-12-07',1),(2,2,'2022-12-20',1),(5,2,'2023-01-03',1),(6,2,'2023-01-10',6),(7,2,'2023-02-02',1),(8,2,'2023-02-10',1),(9,2,'2023-02-13',1),(12,2,'2023-02-22',1),(14,2,'2023-02-24',1),(15,2,'2023-02-26',1),(17,2,'2023-03-01',1),(18,2,'2023-03-02',2),(19,2,'2023-03-03',3),(20,2,'2023-03-04',1),(21,2,'2023-03-06',2),(22,2,'2023-03-08',1),(23,2,'2023-03-09',1),(24,2,'2023-03-22',2),(25,2,'2023-03-31',2),(26,2,'2023-04-02',1),(27,2,'2023-04-04',1),(30,2,'2023-04-20',1),(31,2,'2023-04-26',1),(32,2,'2023-05-06',1),(33,2,'2023-05-10',1),(34,2,'2023-05-15',1),(35,2,'2023-05-17',1),(39,2,'2023-06-07',3),(42,2,'2023-08-06',1),(44,2,'2023-10-09',1),(45,2,'2023-10-16',1),(46,2,'2023-11-09',1),(47,2,'2023-11-15',1),(48,2,'2023-11-21',1),(49,2,'2023-11-27',1),(50,2,'2023-12-01',1),(51,2,'2023-12-07',1),(52,2,'2023-12-25',1),(53,2,'2024-01-11',2),(54,2,'2024-03-27',1),(55,2,'2024-04-06',1),(56,2,'2024-04-24',2),(57,2,'2024-04-29',1),(58,2,'2024-05-14',1),(59,2,'2024-05-23',1),(60,2,'2024-06-13',4),(61,2,'2024-06-21',1),(62,2,'2024-06-26',1),(63,2,'2024-07-01',4),(64,2,'2024-07-10',1),(65,2,'2024-09-04',2),(66,2,'2024-10-27',1),(67,2,'2024-10-30',1),(68,2,'2024-11-10',1),(69,2,'2024-11-11',1),(70,2,'2024-11-14',1),(71,2,'2024-11-17',1);

--
-- Table structure for table `wpinst_amelia_notifications`
--

CREATE TABLE `wpinst_amelia_notifications` (
  `id` int(11) NOT NULL AUTO_INCREMENT,
  `name` varchar(255) NOT NULL DEFAULT '',
  `customName` varchar(255) DEFAULT NULL,
  `status` enum('enabled','disabled') NOT NULL DEFAULT 'enabled',
  `type` enum('email','sms','whatsapp') NOT NULL,
  `entity` enum('appointment','event') NOT NULL DEFAULT 'appointment',
  `time` time DEFAULT NULL,
  `timeBefore` int(11) DEFAULT NULL,
  `timeAfter` int(11) DEFAULT NULL,
  `sendTo` enum('customer','provider') NOT NULL,
  `subject` varchar(255) NOT NULL DEFAULT '',
  `content` text,
  `translations` text,
  `sendOnlyMe` tinyint(1) DEFAULT '0',
  `whatsAppTemplate` varchar(255) DEFAULT NULL,
  `minimumTimeBeforeBooking` text,
  PRIMARY KEY (`id`)
) ENGINE=InnoDB AUTO_INCREMENT=118 DEFAULT CHARSET=utf8;

--
-- Dumping data for table `wpinst_amelia_notifications`
--

INSERT INTO `wpinst_amelia_notifications` VALUES (1,'customer_appointment_approved',NULL,'enabled','email','appointment',NULL,NULL,NULL,'customer','%service_name% : Rendez-vous approuvé','<p>Cher(e) <strong>%customer_first_name%</strong>,</p><p><br></p><p>Votre rendez-vous pour la prestation <strong>%service_name%</strong> avec <strong>%employee_full_name%</strong> a été validé. Nous vous attendons à <strong>%location_name%, </strong>au <strong>%location_address%</strong> le <strong>%appointment_date%</strong> à <strong>%appointment_start_time%</strong>.</p><p><br></p><p>Merci pour votre demande de réservation,</p><p><strong><em>%employee_full_name%</em></strong></p>',NULL,0,NULL,NULL),(2,'customer_appointment_pending',NULL,'enabled','email','appointment',NULL,NULL,NULL,'customer','%service_name% : Rendez-vous en attente','<p>Cher(e) <strong>%customer_first_name%</strong>,</p><p><br></p><p>Votre rendez-vous pour la prestation <strong>%service_name%</strong> avec <strong>%employee_full_name%</strong> à <strong>%location_address%</strong> le <strong>%appointment_date%</strong> à <strong>%appointment_start_time% </strong>est en attente de validation.</p><p><br></p><p>Vous recevrez une notification dès que la réservation sera validée.</p><p><br></p><p>Merci pour votre demande de réservation,</p><p><em>%employee_full_name%</em></p>',NULL,0,NULL,NULL),(3,'customer_appointment_rejected',NULL,'disabled','email','appointment',NULL,NULL,NULL,'customer','%service_name% Appointment Rejected','Dear <strong>%customer_full_name%</strong>,<br><br>Your <strong>%service_name%</strong> \n                     appointment, scheduled on <strong>%appointment_date_time%</strong> at <strong>%location_address%\n                     </strong>has been rejected.<br><br>Thank you for choosing our company,\n                     <br><strong>%company_name%</strong>',NULL,0,NULL,NULL),(4,'customer_appointment_canceled',NULL,'enabled','email','appointment',NULL,NULL,NULL,'customer','%service_name% : Rendez-vous annulé','<p>Cher(e) <strong>%customer_first_name%</strong>,</p><p><br></p><p>Votre rendez-vous pour la prestation <strong>%service_name%</strong> avec <strong>%employee_full_name%</strong> le <strong>%appointment_date%</strong> à <strong>%appointment_start_time% </strong>est annulé. Nous nous excusons pour ce contre temps.</p><p><br></p><p>Cordialement,</p><p><strong><em>%employee_full_name%</em></strong></p>',NULL,0,NULL,NULL),(5,'customer_appointment_rescheduled',NULL,'enabled','email','appointment',NULL,NULL,NULL,'customer','%service_name% : Rendez-vous reporté','<p>Cher(e) <strong>%customer_first_name%</strong>,</p><p><br></p><p>Les détails de votre rendez-vous pour la prestation <strong>%service_name%</strong> avec <strong>%employee_full_name%</strong> à <strong>%location_name%</strong> ont été modifiés. Le rendez-vous est maintenant fixé pour le <strong>%appointment_date%</strong> à <strong>%appointment_start_time%</strong>.</p><p><br></p><p>&nbsp;Merci pour votre compréhension,</p><p><strong><em>%employee_full_name%</em></strong></p>',NULL,0,NULL,NULL),(6,'customer_appointment_next_day_reminder',NULL,'enabled','email','appointment','14:00:00',NULL,NULL,'customer','%service_name% : Rappel de rendez-vous','<p>Cher(e)<strong> %customer_first_name%</strong>,</p><p><br></p><p>Nous vous rappelons que vous avez rendez-vous pour la prestation <strong>%service_name%</strong> demain à <strong>%appointment_start_time%</strong>. Nous vous attendons à <strong>%location_name% </strong>au<strong> %location_address%</strong>.</p><p><br></p><p>Cordialement,</p><p><em>%employee_full_name%</em></p>','{\"content\":{\"fr_FR\":\"<p>Cher(e)<strong> %customer_first_name%</strong>,</p><p><br></p><p>Nous vous rappelons que vous avez rendez-vous pour la prestation <strong>%service_name%</strong> demain à <strong>%appointment_start_time%</strong>. Nous vous attendons à <strong>%location_name% </strong>au<strong> %location_address%</strong>.</p><p><br></p><p>Cordialement,</p><p><em>%employee_full_name%</em></p>\"}}',0,NULL,NULL),(7,'customer_appointment_follow_up',NULL,'enabled','email','appointment',NULL,NULL,86400,'customer','Votre avis nous est précieux','<p>Cher(e) <strong>%customer_first_name%</strong>,</p><p><br></p><p>Nous espérons que votre expérience avec nos services en médecine chinoise, Reiki et bien-être a été bénéfique pour votre santé et votre bien-être. Votre opinion compte énormément pour nous, car elle nous aide à améliorer continuellement nos services pour mieux vous servir.</p><p><br></p><p>Vous avez consulté pour une séance de %service_name% le %appointment_date_time%.</p><p><br></p><p>Nous vous invitons à prendre quelques instants pour partager votre avis. </p><p>Votre retour d\'expérience peut aider d\'autres personnes à découvrir les avantages de nos approches holistiques.</p><p><br></p><p>Pour laisser votre avis, vous pouvez cliquer sur le lien ci-dessous :</p><p><br></p><h1> <a href=\"https://g.page/r/Cc-71QSq6mGDEB0/review\" target=\"_blank\">Google</a> ou <a href=\"https://www.facebook.com/Phenix.Energetique/reviews\" target=\"_blank\">Facebook</a></h1><p><br></p><p>Cordialement,</p><p><em>%employee_full_name%</em></p>','{\"subject\":{\"fr_FR\":\"Votre avis nous est précieux\"},\"content\":{\"fr_FR\":\"<p>Cher(e) <strong>%customer_first_name%</strong>,</p><p><br></p><p>Nous espérons que votre expérience avec nos services en médecine chinoise, Reiki et bien-être a été bénéfique pour votre santé et votre bien-être. Votre opinion compte énormément pour nous, car elle nous aide à améliorer continuellement nos services pour mieux vous servir.</p><p><br></p><p>Vous avez consulté pour une séance de <strong>%service_name%</strong> le <strong>%appointment_date_time%</strong>.</p><p><br></p><p>Nous vous invitons à prendre quelques instants pour partager votre avis.</p><p>Votre retour d\'expérience peut aider d\'autres personnes à découvrir les avantages de nos approches holistiques.</p><p><br></p><p>Pour laisser votre avis, vous pouvez cliquer sur le lien ci-dessous :</p><p><br></p><h1 class=\\\"ql-align-center\\\"><a href=\\\"https://g.page/r/Cc-71QSq6mGDEB0/review\\\" target=\\\"_blank\\\"><strong><em>Google</em></strong></a><strong><em> </em></strong>ou<strong><em> </em></strong><a href=\\\"https://www.facebook.com/Phenix.Energetique/reviews\\\" target=\\\"_blank\\\"><strong><em>Facebook</em></strong></a></h1><p><br></p><p>Cordialement,</p><p><em>%employee_full_name%</em></p>\",\"en_GB\":\"<p>Cher(e) <strong>%customer_first_name%</strong>,</p><p><br></p><p>Nous espérons que votre expérience avec nos services en médecine chinoise, Reiki et bien-être a été bénéfique pour votre santé et votre bien-être. Votre opinion compte énormément pour nous, car elle nous aide à améliorer continuellement nos services pour mieux vous servir.</p><p><br></p><p>Vous avez consulté pour une séance de <strong>%service_name%</strong> le <strong>%appointment_date_time%</strong>.</p><p><br></p><p>Nous vous invitons à prendre quelques instants pour partager votre avis.</p><p>Votre retour d\'expérience peut aider d\'autres personnes à découvrir les avantages de nos approches holistiques.</p><p><br></p><p>Pour laisser votre avis, vous pouvez cliquer sur le lien ci-dessous :</p><p><br></p><h1 class=\\\"ql-align-center\\\"><a href=\\\"https://g.page/r/Cc-71QSq6mGDEB0/review\\\" target=\\\"_blank\\\"><strong><em>Google</em></strong></a><strong><em> </em></strong>ou<strong><em> </em></strong><a href=\\\"https://www.facebook.com/Phenix.Energetique/reviews\\\" target=\\\"_blank\\\"><strong><em>Facebook</em></strong></a></h1><p><br></p><p>Cordialement,</p><p><em>%employee_full_name%</em></p>\"}}',0,NULL,NULL),(8,'customer_birthday_greeting',NULL,'enabled','email','appointment','17:00:00',NULL,NULL,'customer','Vœux d\'anniversaire','<p>Cher(e) <strong>%customer_first_name%</strong>,</p><p><br></p><p>Joyeux anniversaire !</p><p><br></p><p>A cette occasion nous vous offrons une réduction de 20 euros sur une séance de bien être d\'une heure (Reiki ou Massage).</p><p>Veuillez entrer le code ANNIV23 au moment de la réservation et du paiement en ligne.</p><p><br></p><p>Nous vous souhaitons le meilleur.</p><p><br></p><p>Cordialement,</p><p><em>%employee_full_name%</em></p>',NULL,0,NULL,NULL),(9,'provider_appointment_approved',NULL,'enabled','email','appointment',NULL,NULL,NULL,'provider','%service_name% : Rendez-vous approuvé','<p>Bonjour <strong>%employee_first_name%</strong>,</p><p><br></p><p>Vous avez un rendez-vous de confirmé pour la prestation <strong>%service_name%</strong>, à <strong>%location_name%</strong> le <strong>%appointment_date%</strong> à <strong>%appointment_start_time%</strong>.</p><p><br></p><p><strong><em><u>Récapitulatif de la demande de RDV </u></em></strong><em>:</em></p><p><em>Client </em>: %customer_full_name%</p><p><em>Email</em> : %customer_email%</p><p><em>Téléphone</em> : %customer_phone%</p><p><em>Prestation</em> : %service_name%</p><p><em>Date et heure</em> : %appointment_date% à %appointment_start_time%</p><p><em>Lieu</em> : %location_address%</p>',NULL,0,NULL,NULL),(10,'provider_appointment_pending',NULL,'enabled','email','appointment',NULL,NULL,NULL,'provider','%service_name% : Rendez-vous en attente','<p>Bonjour <strong>%employee_first_name%</strong>,</p><p><br></p><p>Vous avez un rendez-vous en attente de validation pour la prestation <strong>%service_name%,</strong> à <strong>%location_name%</strong> le <strong>%appointment_date%</strong> à <strong>%appointment_start_time%</strong>.</p><p><br></p><p><strong><em>Récapitulatif de la demande de RDV :</em></strong></p><p><em>Client </em>: %customer_full_name%</p><p><em>Email</em> : %customer_email%</p><p><em>Téléphone</em> : %customer_phone%</p><p><em>Prestation</em> : %service_name%</p><p><em>Date et heure</em> : %appointment_date% à %appointment_start_time%</p><p><em>Lieu</em> : %location_address%</p>',NULL,0,NULL,NULL),(11,'provider_appointment_rejected',NULL,'disabled','email','appointment',NULL,NULL,NULL,'provider','%service_name% Appointment Rejected','Hi <strong>%employee_full_name%</strong>,<br><br>Your <strong>%service_name%</strong> appointment \n                     at <strong>%location_name%</strong>, scheduled for <strong>%appointment_date%</strong> at  \n                     <strong>%appointment_start_time%</strong> has been rejected.\n                     <br><br>Thank you,<br><strong>%company_name%</strong>',NULL,0,NULL,NULL),(12,'provider_appointment_canceled',NULL,'enabled','email','appointment',NULL,NULL,NULL,'provider','%service_name% : Rendez-vous annulé','<p>Bonjour <strong>%employee_first_name%</strong>,</p><p><br></p><p>Votre rendez-vous pour la prestation <strong>%service_name%</strong>, prévu le <strong>%appointment_date%</strong>, à <strong>%location_name%</strong> a été annulé.</p><p><br></p><p><strong><em><u>Récapitulatif de la demande de RDV</u></em></strong><em> :</em></p><p><em>Client </em>: %customer_full_name%</p><p><em>Email</em> : %customer_email%</p><p><em>Téléphone</em> : %customer_phone%</p><p><em>Prestation</em> : %service_name%</p><p><em>Date et heure</em> : %appointment_date% à %appointment_start_time%</p><p><em>Lieu</em> : %location_address%</p>',NULL,0,NULL,NULL),(13,'provider_appointment_rescheduled',NULL,'enabled','email','appointment',NULL,NULL,NULL,'provider','%service_name% Appointment Rescheduled','<p>Bonjour <strong>%employee_first_name%</strong>,</p><p><br></p><p>Les détails de votre rendez-vous pour la prestation <strong>%service_name%</strong> à <strong>%location_name%</strong> ont été modifiés. Le rendez-vous est maintenant fixé pour le <strong>%appointment_date%</strong> à <strong>%appointment_start_time%</strong>.</p><p><br></p><p><br></p><p><strong><em>Récapitulatif de la demande de RDV</em></strong><em><u> </u>:</em></p><p><em>Client </em>: %customer_full_name%</p><p><em>Email</em> : %customer_email%</p><p><em>Téléphone</em> : %customer_phone%</p><p><em>Prestation</em> : %service_name%</p><p><em>Date et heure</em> : %appointment_date% à %appointment_start_time%</p><p><em>Lieu</em> : %location_address%</p>',NULL,0,NULL,NULL),(14,'provider_appointment_next_day_reminder',NULL,'disabled','email','appointment','17:00:00',NULL,NULL,'provider','%service_name% Appointment Reminder','Dear <strong>%employee_full_name%</strong>,<br><br>We would like to remind you that you have \n                     <strong>%service_name%</strong> appointment tomorrow at <strong>%appointment_start_time%</strong>\n                     at <strong>%location_name%</strong>.<br><br>Thank you, \n                     <br><strong>%company_name%</strong>',NULL,0,NULL,NULL),(15,'customer_appointment_approved',NULL,'enabled','sms','appointment',NULL,NULL,NULL,'customer','NULL','Dear %customer_full_name%,\n\nYou have successfully scheduled %service_name% appointment with %employee_full_name%. We are waiting for you at %location_address% on %appointment_date_time%.\n\nThank you for choosing our company,\n%company_name%',NULL,0,NULL,NULL),(16,'customer_appointment_pending',NULL,'enabled','sms','appointment',NULL,NULL,NULL,'customer','NULL','Dear %customer_full_name%, \n                    \nThe %service_name% appointment with %employee_full_name% at %location_address%, scheduled for %appointment_date_time% is waiting for a confirmation.\n                    \nThank you for choosing our company,\n%company_name%',NULL,0,NULL,NULL),(17,'customer_appointment_rejected',NULL,'enabled','sms','appointment',NULL,NULL,NULL,'customer','NULL','Dear %customer_full_name%,\n                    \nYour %service_name% appointment, scheduled on %appointment_date_time% at %location_address% has been rejected.\n                    \nThank you for choosing our company,\n%company_name%',NULL,0,NULL,NULL),(18,'customer_appointment_canceled',NULL,'enabled','sms','appointment',NULL,NULL,NULL,'customer','NULL','Dear %customer_full_name%,\n                    \nYour %service_name% appointment, scheduled on %appointment_date_time% at %location_address% has been canceled. \n                    \nThank you for choosing our company,\n%company_name%',NULL,0,NULL,NULL),(19,'customer_appointment_rescheduled',NULL,'enabled','sms','appointment',NULL,NULL,NULL,'customer','NULL','Dear %customer_full_name%,\n                    \nThe details for your %service_name% appointment with %employee_full_name% at %location_name% has been changed. The appointment is now set for %appointment_date% at %appointment_start_time%.\n                    \nThank you for choosing our company,\n%company_name%',NULL,0,NULL,NULL),(20,'customer_appointment_next_day_reminder',NULL,'enabled','sms','appointment','17:00:00',NULL,NULL,'customer','NULL','Dear %customer_full_name%,\n                    \nWe would like to remind you that you have %service_name% appointment tomorrow at %appointment_start_time%. We are waiting for you at %location_name%.\n                    \nThank you for choosing our company,\n%company_name%',NULL,0,NULL,NULL),(21,'customer_appointment_follow_up',NULL,'enabled','sms','appointment',NULL,NULL,1800,'customer','NULL','Dear %customer_full_name%,\n                    \nThank you once again for choosing our company. We hope you were satisfied with your %service_name%.\n                     \nWe look forward to seeing you again soon,\n%company_name%',NULL,0,NULL,NULL),(22,'customer_birthday_greeting',NULL,'enabled','sms','appointment','17:00:00',NULL,NULL,'customer','NULL','Dear %customer_full_name%,\n                    \nHappy birthday! We wish you all the best. \n                    \nThank you for choosing our company,\n%company_name%',NULL,0,NULL,NULL),(23,'provider_appointment_approved',NULL,'enabled','sms','appointment',NULL,NULL,NULL,'provider','NULL','Hi %employee_full_name%,\n                    \nYou have one confirmed %service_name% appointment at %location_name% on %appointment_date% at %appointment_start_time%. The appointment is added to your schedule.\n                    \nThank you,\n%company_name%',NULL,0,NULL,NULL),(24,'provider_appointment_pending',NULL,'enabled','sms','appointment',NULL,NULL,NULL,'provider','NULL','Hi %employee_full_name%,\n                    \nYou have new appointment in %service_name%. The appointment is waiting for a confirmation.\n                    \nThank you,\n%company_name%',NULL,0,NULL,NULL),(25,'provider_appointment_rejected',NULL,'enabled','sms','appointment',NULL,NULL,NULL,'provider','NULL','Hi %employee_full_name%,\n                    \nYour %service_name% appointment at %location_name%, scheduled for %appointment_date% at %appointment_start_time% has been rejected. \n                    \nThank you,\n%company_name%',NULL,0,NULL,NULL),(26,'provider_appointment_canceled',NULL,'enabled','sms','appointment',NULL,NULL,NULL,'provider','NULL','Hi %employee_full_name%,\n                    \nYour %service_name% appointment, scheduled on %appointment_date%, at %location_name% has been canceled.\n                    \nThank you,\n%company_name%',NULL,0,NULL,NULL),(27,'provider_appointment_rescheduled',NULL,'enabled','sms','appointment',NULL,NULL,NULL,'provider','NULL','Hi %employee_full_name%,\n                    \nThe details for your %service_name% appointment at %location_name% has been changed. The appointment is now set for %appointment_date% at %appointment_start_time%.\n                    \nThank you,\n%company_name%',NULL,0,NULL,NULL),(28,'provider_appointment_next_day_reminder',NULL,'enabled','sms','appointment','17:00:00',NULL,NULL,'provider','NULL','Dear %employee_full_name%, \n                    \nWe would like to remind you that you have %service_name% appointment tomorrow at %appointment_start_time% at %location_name%.\n                    \nThank you, \n%company_name%',NULL,0,NULL,NULL),(29,'customer_event_approved',NULL,'enabled','email','event',NULL,NULL,NULL,'customer','%event_name% : Formation réservée','<p>Cher(e) <strong>%customer_first_name%</strong>,</p><p><br></p><p>Vous vous êtes inscrit avec succès pour la <strong>%event_name%</strong>.</p><p><br></p><p>Celle-ci se déroulera du <strong>%event_start_date_time%</strong> au <strong>%event_end_date_time% </strong>au centre de <strong>%location_name%</strong> au <strong>%location_address%</strong>.</p><p><br></p><p>Cordialement,</p><p><em>%employee_full_name%</em></p>',NULL,0,NULL,NULL),(30,'customer_event_rejected',NULL,'enabled','email','event',NULL,NULL,NULL,'customer','%event_name% : Evénement annulé par l\'administrateur','<p>Cher(e) <strong>%customer_first_name%</strong>,</p><p><br></p><p>Votre formation pour la prestation<strong> %event_name%</strong>, prévue le <strong>%event_start_date_time%</strong> au centre de <strong>%location_name%</strong> a été annulée.</p><p>Croyez que cette situation est exceptionnelle et que nous faisons tout pour qu\'elle ne se reproduise pas.</p><p><br></p><p>Le versement éventuellement perçu à cette occasion vous sera remboursé sur demande à l\'adresse : <a href=\"mailto:reclamation@institut-phenix-energetique.fr\" target=\"_blank\">reclamation@institut-phenix-energetique.fr</a></p><p>à défaut il sera conservé et vaudra inscription à la prochaine formation de même nature.</p><p><br></p><ul><li>Si plusieurs formations de même nature restent prévues dans le cycle de formation en cours vous pourrez également demander votre inscription à celle de votre choix en nous contactant à l\'adresse formation@institut-phenix-energetique.fr. Dans ce cas pensez à bien préciser votre inscription initiale pour le suivi administratif et la date de formation désirée.</li></ul><p><br></p><ul><li>Si vous ne pouvez pas participer à la formation suivante, vous pourrez annuler votre participation via votre espace personnel, dont les accès vous ont été transmis lors de votre inscription initiale.</li></ul><p><br></p><p>Cordialement,</p><p><em>%employee_full_name%</em></p>',NULL,0,NULL,NULL),(31,'customer_event_canceled',NULL,'enabled','email','event',NULL,NULL,NULL,'customer','%event_name% : Evénement annulé par le participant','<p>Cher(e) <strong>%customer_first_name%</strong>,</p><p><br></p><p>Votre formation pour la prestation <strong>%event_name%</strong>, prévue le <strong>%event_start_date_time%</strong> à <strong>%event_location%</strong> a bien été annulée selon votre demande.</p><p><br></p><p>Conformément à nos <a href=\"https://www.institut-phenix-energetique.fr/cgv/\" target=\"_blank\">Conditions Générales de Ventes</a>, aucun acompte versé ne sera remboursé sauf en cas de force majeur.</p><p><br></p><p>Ce dernier reste valable un an à compter de la date de paiement pour une formation similaire.</p><p><br></p><p>En cas de force majeur, merci de nous faire la demande de remboursement à l\'adresse <a href=\"mailto:reclamation@institut-phenix-energetique.fr\" target=\"_blank\">reclamation@institut-phenix-energetique.fr</a> </p><p>et de nous fournir les justificatifs afférents</p><p><br></p><p>Cordialement,</p><p><em>%employee_full_name%</em></p>',NULL,0,NULL,NULL),(32,'customer_event_rescheduled',NULL,'enabled','email','event',NULL,NULL,NULL,'customer','%event_name% : Formation reportée','<p>Cher(e) <strong>%customer_first_name%</strong>,</p><p><br></p><p>Les détails de votre formation pour <strong>%event_name%</strong> à <strong>%event_location%</strong> ont été modifiés. La formation est maintenant définie pour le <strong>%event_start_date_time%</strong>.</p><p><br></p><p>Cordialement,</p><p><em>%employee_full_name%</em></p>',NULL,0,NULL,NULL),(33,'customer_event_next_day_reminder',NULL,'enabled','email','event','17:00:00',NULL,NULL,'customer','%event_name% : Rappel de votre formation','<p>Cher(e) <strong>%customer_first_name%</strong>,</p><p><br></p><p>Nous aimerions vous rappeler que vous avez votre <strong>%event_name%,</strong> prévue demain à <strong>%event_start_date_time%</strong>. Nous vous y attendons au <strong>%location_address%</strong>.</p><p><br></p><p>Attention <strong>les repas ne sont pas compris</strong> dans le stage.<strong> </strong>Si vous ne pouvez pas apporter votre déjeuner, vous pourrez vous rendre dans l\'un des commerces alentours pour l\'y acheter.</p><p><br></p><p>Cordialement,</p><p><em>%employee_full_name%</em></p>',NULL,0,NULL,NULL),(34,'customer_event_follow_up',NULL,'enabled','email','event',NULL,NULL,86400,'customer','%event_name% Event Follow Up','<p>Cher(e) %customer_first_name%,</p><p><br></p><p>Vous avez récemment suivi une formation de %event_name% le %appointment_date_time%.</p><p><br></p><p>Nous espérons que cette formation vous a apportée une entière satisfaction.</p><p><br></p><p>N\'hésitez pas à rejoindre notre <a href=\"https://discord.gg/BuARF36g\" target=\"_blank\">Communauté Discord</a> pour parler Reiki, et pratiques énergétiques en générale.</p><p><br></p><p>Votre avis nous est précieux, n\'hésitez pas à le partager sur <a href=\"https://g.page/r/Cc-71QSq6mGDEB0/review\" target=\"_blank\">Google</a> ou <a href=\"https://www.facebook.com/Phenix.Energetique/reviews\" target=\"_blank\">Facebook</a></p><p><br></p><p>Cordialement,</p><p><em>%employee_full_name%</em></p>','{\"content\":{\"fr_FR\":\"<p>Cher(e) <strong>%customer_first_name%</strong>, étudiant(e) dévoué(e) en Reiki,</p><p><br></p><p>Nous espérons que votre expérience de formation en Reiki avec nous a été enrichissante et transformatrice. Votre avis est précieux, car il peut aider d\'autres personnes à choisir la meilleure formation en Reiki pour leur développement personnel et spirituel.</p><p><br></p><p>Vous avez récemment suivi une formation de <strong>%event_name%</strong> du <strong>%event_start_date%</strong> au<strong> %event_end_date%</strong> à l<strong>\'%company_name%.</strong></p><p><br></p><p>Pour partager votre avis sur votre expérience de formation en Reiki, cliquez simplement sur le lien ci-dessous :</p><p><br></p><h1 class=\\\"ql-align-center\\\"><a href=\\\"https://g.page/r/Cc-71QSq6mGDEB0/review\\\" target=\\\"_blank\\\"><strong><em>Google</em></strong></a><strong><em> </em></strong>ou<strong><em> </em></strong><a href=\\\"https://www.facebook.com/Phenix.Energetique/reviews\\\" target=\\\"_blank\\\"><strong><em>Facebook</em></strong></a></h1><p class=\\\"ql-align-center\\\"><br></p><p>Votre avis, qu\'il soit bref ou détaillé, est précieux pour nous. Il témoigne de la qualité de notre enseignement et nous motive à continuer à offrir des formations exceptionnelles en Reiki.</p><p><br></p><p>N\'hésitez pas à rejoindre notre <a href=\\\"https://discord.gg/BuARF36g\\\" target=\\\"_blank\\\"><em>Communauté Discord</em></a> pour parler Reiki, et pratiques énergétiques en générale.</p><p><br></p><p>Nous vous remercions chaleureusement pour votre engagement envers cette voie de guérison et de croissance personnelle.</p><p><br></p><p>Avec gratitude,</p><p><em>%employee_full_name%</em></p>\",\"en_GB\":\"<p>Cher(e) <strong>%customer_first_name%</strong>, étudiant(e) dévoué(e) en Reiki,</p><p><br></p><p>Nous espérons que votre expérience de formation en Reiki avec nous a été enrichissante et transformatrice. Votre avis est précieux, car il peut aider d\'autres personnes à choisir la meilleure formation en Reiki pour leur développement personnel et spirituel.</p><p><br></p><p>Vous avez récemment suivi une formation de <strong>%event_name%</strong> du <strong>%event_start_date%</strong> au <strong>%event_end_date%</strong> à l\'<strong>%company_name%.</strong></p><p><br></p><p>Pour partager votre avis sur votre expérience de formation en Reiki, cliquez simplement sur le lien ci-dessous :</p><p><br></p><h1 class=\\\"ql-align-center\\\"><a href=\\\"https://g.page/r/Cc-71QSq6mGDEB0/review\\\" target=\\\"_blank\\\"><strong><em>Google</em></strong></a><em> </em>ou<em> </em><a href=\\\"https://www.facebook.com/Phenix.Energetique/reviews\\\" target=\\\"_blank\\\"><strong><em>Facebook</em></strong></a></h1><p class=\\\"ql-align-center\\\"><br></p><p>Votre avis, qu\'il soit bref ou détaillé, est précieux pour nous. Il témoigne de la qualité de notre enseignement et nous motive à continuer à offrir des formations exceptionnelles en Reiki.</p><p><br></p><p>N\'hésitez pas à rejoindre notre <a href=\\\"https://discord.gg/BuARF36g\\\" target=\\\"_blank\\\"><em>Communauté Discord</em></a> pour parler Reiki, et pratiques énergétiques en générale.</p><p><br></p><p>Nous vous remercions chaleureusement pour votre engagement envers cette voie de guérison et de croissance personnelle.</p><p><br></p><p>Avec gratitude,</p><p><em>%employee_full_name%</em></p>\"}}',0,NULL,NULL),(35,'provider_event_approved',NULL,'enabled','email','event',NULL,NULL,NULL,'provider','%event_name% : Formation réservée','<p>Bonjour <strong>%employee_full_name%</strong>,</p><p><br></p><p>Vous avez une formation pour <strong>%event_name%</strong> confirmée à <strong>%event_location%</strong> le <strong>%event_start_date_time%</strong>. L\'événement est ajouté à votre agenda.</p><p><br></p><p><strong><u>Récapitulatif de la réservation</u> :</strong></p><p><em>Client</em> : %customer_full_name%</p><p><em>Email</em> : %customer_email%</p><p><em>Téléphone</em> : %customer_phone%</p><p><em>Formation</em> : %event_name%</p><p><em>Date et heure</em> : Le %event_start_date% à %event_start_time%</p>',NULL,0,NULL,NULL),(36,'provider_event_rejected',NULL,'disabled','email','event',NULL,NULL,NULL,'provider','%event_name% Event Canceled By Admin','Hi <strong>%employee_full_name%</strong>,<br><br>Your <strong>%event_name%</strong> event\n                     at <strong>%event_location%</strong>, scheduled for <strong>%event_start_date_time%</strong>\n                     has been canceled.<br><br>Thank you,<br><strong>%company_name%</strong>',NULL,0,NULL,NULL),(37,'provider_event_canceled',NULL,'enabled','email','event',NULL,NULL,NULL,'provider','%event_name% : Formation annulée par le participant','<p>Bonjour <strong>%employee_full_name%</strong>,</p><p><br></p><p>La réservation pour la formation <strong>%event_name%</strong>, prévue le <strong>%event_start_date_time%</strong>, à <strong>%event_location%</strong> a été annulée.</p><p><br></p><p><strong><u>Récapitulatif de la réservation</u></strong> :</p><p><em>Client</em> : %customer_full_name%</p><p><em>Email</em> : %customer_email%</p><p><em>Téléphone</em> : %customer_phone%</p><p><em>Formation</em> : %event_name%</p><p><em>Date et heure</em> : Le %event_start_date% à %event_start_time%</p>',NULL,0,NULL,NULL),(38,'provider_event_rescheduled',NULL,'enabled','email','event',NULL,NULL,NULL,'provider','%event_name% : Réservation reportée','<p>Bonjour <strong>%employee_full_name%</strong>,</p><p><br></p><p>Les détails de votre réservation pour la formation <strong>%event_name%</strong> à <strong>%event_location%</strong> ont été modifiés. La réservation pour la formation est maintenant définie pour le <strong>%event_start_date_time%</strong>.</p><p><br></p><p><u>Récapitulatif de la réservation</u> :</p><p><em>Client</em> : %customer_full_name%</p><p><em>Email</em> : %customer_email%</p><p><em>Téléphone</em> : %customer_phone%</p><p><em>Formation</em> : %event_name%</p><p><em>Date et heure</em> : Le %event_start_date% à %event_start_time%</p>',NULL,0,NULL,NULL),(39,'provider_event_next_day_reminder',NULL,'disabled','email','event','17:00:00',NULL,NULL,'provider','%event_name% Event Reminder','Dear <strong>%employee_full_name%</strong>,<br><br>We would like to remind you that you have \n                     <strong>%event_name%</strong> event at <strong>%event_start_date_time%</strong>\n                     at <strong>%event_location%</strong>.<br><br>Thank you, \n                     <br><strong>%company_name%</strong>',NULL,0,NULL,NULL),(40,'customer_event_approved',NULL,'enabled','sms','event',NULL,NULL,NULL,'customer','NULL','Dear %customer_full_name%,\n\nYou have successfully scheduled %event_name% event. We are waiting for you at %event_location% on %event_start_date_time%.\n\nThank you for choosing our company,\n%company_name%',NULL,0,NULL,NULL),(41,'customer_event_rejected',NULL,'enabled','sms','event',NULL,NULL,NULL,'customer','NULL','Dear %customer_full_name%,\n\nYour %event_name% event, scheduled on %event_start_date_time% at %event_location% has been cancelled.\n\nThank you for choosing our company,\n%company_name%',NULL,0,NULL,NULL),(42,'customer_event_canceled',NULL,'enabled','sms','event',NULL,NULL,NULL,'customer','NULL','Dear %customer_full_name%,\n\nYour %event_name% event, scheduled on %event_start_date_time% at %event_location% has been cancelled.\n\nThank you for choosing our company,\n%company_name%',NULL,0,NULL,NULL),(43,'customer_event_rescheduled',NULL,'enabled','sms','event',NULL,NULL,NULL,'customer','NULL','Dear %customer_full_name%,\n\nThe details for your %event_name% event at %event_location% has been changed. The event is now set for %event_start_date_time%.\n\nThank you for choosing our company,\n%company_name%',NULL,0,NULL,NULL),(44,'customer_event_next_day_reminder',NULL,'enabled','sms','event','17:00:00',NULL,NULL,'customer','NULL','Dear %customer_full_name%,\n                    \nWe would like to remind you that you have %event_name% event at %event_start_date_time%. We are waiting for you at %event_location%.\n                    \nThank you for choosing our company,\n%company_name%',NULL,0,NULL,NULL),(45,'customer_event_follow_up',NULL,'enabled','sms','event',NULL,NULL,1800,'customer','NULL','Dear %customer_full_name%,\n                    \nThank you once again for choosing our company. We hope you were satisfied with your %event_name%.\n                     \nWe look forward to seeing you again soon,\n%company_name%',NULL,0,NULL,NULL),(46,'provider_event_approved',NULL,'enabled','sms','event',NULL,NULL,NULL,'provider','NULL','Hi %employee_full_name%,\n\nYou have one confirmed %event_name% event at %event_location% on %event_start_date_time%. The event is added to your schedule.\n\nThank you,\n%company_name%',NULL,0,NULL,NULL),(47,'provider_event_rejected',NULL,'enabled','sms','event',NULL,NULL,NULL,'provider','NULL','Hi %employee_full_name%,\n\nYour %event_name% event at %event_location%, scheduled for %event_start_date_time% has been canceled by admin.\n\nThank you,\n%company_name%',NULL,0,NULL,NULL),(48,'provider_event_canceled',NULL,'enabled','sms','event',NULL,NULL,NULL,'provider','NULL','Hi %employee_full_name%,\n\nYour %event_name% event, scheduled on %event_start_date_time%, at %event_location% has been canceled.\n\nThank you,\n%company_name%',NULL,0,NULL,NULL),(49,'provider_event_rescheduled',NULL,'enabled','sms','event',NULL,NULL,NULL,'provider','NULL','Hi %employee_full_name%,\n\nThe details for your %event_name% event at %event_location% has been changed. The event is now set for %event_start_date_time%.\n\nThank you,\n%company_name%',NULL,0,NULL,NULL),(50,'provider_event_next_day_reminder',NULL,'enabled','sms','event','17:00:00',NULL,NULL,'provider','NULL','Dear %employee_full_name%, \n                    \nWe would like to remind you that you have %event_name% event at %event_start_date_time% at %event_location%.\n                    \nThank you, \n%company_name%',NULL,0,NULL,NULL),(51,'customer_account_recovery',NULL,'enabled','email','appointment',NULL,NULL,NULL,'customer','Accès à votre Espace Client','<p>Cher(e) <strong>%customer_first_name%</strong>,</p><p><br></p><p>Vous pouvez accéder à votre profil sur ce <a href=\"%customer_panel_url%\" target=\"_blank\"> <strong>lien</strong>.</a></p><p><br></p><p>Cordialement,</p><p><em>%employee_full_name%</em></p>',NULL,0,NULL,NULL),(52,'provider_panel_access',NULL,'disabled','email','appointment',NULL,NULL,NULL,'provider','Employee Panel Access','Dear <strong>%employee_full_name%</strong>,<br><br>You can access your profile and track your bookings on this <b><a href=\"%employee_panel_url%\">link</a></b>.<br><br>Your login credentials:<br>Email: <b>%employee_email%</b><br>Password: <b>%employee_password%</b>\n                    <br><br>Best regards,<br><strong>%company_name%</strong>',NULL,0,NULL,NULL),(53,'provider_panel_recovery',NULL,'disabled','email','appointment',NULL,NULL,NULL,'provider','Employee Panel Access','Dear <strong>%employee_full_name%</strong>,<br><br>You can access your profile and track your bookings on this <b><a href=\"%employee_panel_url%\">link</a></b>.\n                    <br><br>Best regards,<br><strong>%company_name%</strong>',NULL,0,NULL,NULL),(54,'customer_package_purchased',NULL,'enabled','email','appointment',NULL,NULL,NULL,'customer','Package %package_name% purchased','<p>Cher(e) %<strong>customer_first_name</strong>%,</p><p><br></p><p>Vos rendez-vous, dans le cadre de l\'offre %<strong>package_name</strong>% avec %<strong>employee_full_name</strong>% ont été validés. Nous vous attendons à %<strong>location_name</strong>%, au %<strong>location_address</strong>%.</p><p><br></p><p>%<strong>package_appointments_details</strong>%</p><p><br></p><p>Merci pour votre  réservation,</p><p><em>%</em><strong><em>employee_full_name</em></strong><em>%</em></p>','{\"content\":{\"fr_FR\":\"<p>Cher(e) %<strong>customer_first_name</strong>%,</p><p><br></p><p>Vos rendez-vous, dans le cadre de l\'offre %<strong>package_name</strong>% ont été validés.</p><p><br></p><p>%<strong>package_appointments_details</strong>%</p><p><br></p><p>Merci pour votre réservation,</p><p><em>%</em><strong><em>employee_full_name</em></strong><em>%</em></p>\"}}',0,NULL,NULL),(55,'customer_package_purchased',NULL,'enabled','sms','appointment',NULL,NULL,NULL,'customer','Package %package_name% purchased','Dear %customer_full_name%,\n\nYou have successfully purchased %package_name%.\n\nThank you for choosing our company, %company_name%',NULL,0,NULL,NULL),(56,'provider_package_purchased',NULL,'enabled','email','appointment',NULL,NULL,NULL,'provider','Package %package_name% purchased','Hi <strong>%employee_full_name%</strong>,<br><br>                     Customer <strong>%customer_full_name%</strong> has purchased <strong>%package_name%</strong> package.<br><br>                     Thank you,<br><strong>%company_name%</strong>','{\"content\":{\"fr_FR\":\"<p>Bonjour <strong>%employee_first_name%</strong>,</p><p><br></p><p><strong>%customer_full_name%</strong> a réservé l\'offre <strong>%package_name%</strong>.</p><p><br></p><p>%package_appointments_details%</p><p><br></p><p><br></p>\"}}',0,NULL,NULL),(57,'provider_package_purchased',NULL,'enabled','sms','appointment',NULL,NULL,NULL,'provider','Package %package_name% purchased','Hi %employee_full_name%,\n\nCustomer %customer_full_name% has purchased %package_name% package.\n                     \nThank you, %company_name%',NULL,0,NULL,NULL),(58,'customer_package_canceled',NULL,'disabled','email','appointment',NULL,NULL,NULL,'customer','Package %package_name% canceled','Dear <strong>%customer_full_name%</strong>, \n                    The <strong>%package_name%</strong> that you have purchased has been canceled. \n                    Thank you,\n                    <strong>%company_name%</strong>',NULL,0,NULL,NULL),(59,'customer_package_canceled',NULL,'enabled','sms','appointment',NULL,NULL,NULL,'customer','Package %package_name% canceled','Dear %customer_full_name%, \nThe %package_name% that you have purchased has been canceled. \nThank you,\n%company_name%',NULL,0,NULL,NULL),(60,'provider_package_canceled',NULL,'disabled','email','appointment',NULL,NULL,NULL,'provider','Package %package_name% canceled','Dear <strong>%employee_full_name%</strong>,\nThe <strong>%package_name%</strong> purchased by <strong>%customer_full_name%</strong> has been canceled.',NULL,0,NULL,NULL),(61,'provider_package_canceled',NULL,'enabled','sms','appointment',NULL,NULL,NULL,'provider','Package %package_name% canceled','Dear %employee_full_name%,\nThe %package_name% purchased by %customer_full_name% has been canceled.',NULL,0,NULL,NULL),(62,'customer_appointment_approved',NULL,'enabled','whatsapp','appointment',NULL,NULL,NULL,'customer','','',NULL,0,NULL,NULL),(63,'customer_appointment_pending',NULL,'enabled','whatsapp','appointment',NULL,NULL,NULL,'customer','','',NULL,0,NULL,NULL),(64,'customer_appointment_rejected',NULL,'enabled','whatsapp','appointment',NULL,NULL,NULL,'customer','','',NULL,0,NULL,NULL),(65,'customer_appointment_canceled',NULL,'enabled','whatsapp','appointment',NULL,NULL,NULL,'customer','','',NULL,0,NULL,NULL),(66,'customer_appointment_rescheduled',NULL,'enabled','whatsapp','appointment',NULL,NULL,NULL,'customer','','',NULL,0,NULL,NULL),(67,'customer_appointment_next_day_reminder',NULL,'enabled','whatsapp','appointment','17:00:00',NULL,NULL,'customer','','',NULL,0,NULL,NULL),(68,'customer_appointment_follow_up',NULL,'enabled','whatsapp','appointment',NULL,NULL,86400,'customer','','',NULL,0,NULL,NULL),(69,'provider_appointment_approved',NULL,'enabled','whatsapp','appointment',NULL,NULL,NULL,'provider','','',NULL,0,NULL,NULL),(70,'provider_appointment_pending',NULL,'enabled','whatsapp','appointment',NULL,NULL,NULL,'provider','','',NULL,0,NULL,NULL),(71,'provider_appointment_rejected',NULL,'enabled','whatsapp','appointment',NULL,NULL,NULL,'provider','','',NULL,0,NULL,NULL),(72,'provider_appointment_canceled',NULL,'enabled','whatsapp','appointment',NULL,NULL,NULL,'provider','','',NULL,0,NULL,NULL),(73,'provider_appointment_rescheduled',NULL,'enabled','whatsapp','appointment',NULL,NULL,NULL,'provider','','',NULL,0,NULL,NULL),(74,'provider_appointment_next_day_reminder',NULL,'enabled','whatsapp','appointment','17:00:00',NULL,NULL,'provider','','',NULL,0,NULL,NULL),(75,'customer_event_approved',NULL,'enabled','whatsapp','event',NULL,NULL,NULL,'customer','','',NULL,0,NULL,NULL),(76,'customer_event_rejected',NULL,'enabled','whatsapp','event',NULL,NULL,NULL,'customer','','',NULL,0,NULL,NULL),(77,'customer_event_canceled',NULL,'enabled','whatsapp','event',NULL,NULL,NULL,'customer','','',NULL,0,NULL,NULL),(78,'customer_event_rescheduled',NULL,'enabled','whatsapp','event',NULL,NULL,NULL,'customer','','',NULL,0,NULL,NULL),(79,'customer_event_next_day_reminder',NULL,'enabled','whatsapp','event','17:00:00',NULL,NULL,'customer','','',NULL,0,NULL,NULL),(80,'customer_event_follow_up',NULL,'enabled','whatsapp','event',NULL,NULL,1800,'customer','','',NULL,0,NULL,NULL),(81,'provider_event_approved',NULL,'enabled','whatsapp','event',NULL,NULL,NULL,'provider','','',NULL,0,NULL,NULL),(82,'provider_event_rejected',NULL,'enabled','whatsapp','event',NULL,NULL,NULL,'provider','','',NULL,0,NULL,NULL),(83,'provider_event_canceled',NULL,'enabled','whatsapp','event',NULL,NULL,NULL,'provider','','',NULL,0,NULL,NULL),(84,'provider_event_rescheduled',NULL,'enabled','whatsapp','event',NULL,NULL,NULL,'provider','','',NULL,0,NULL,NULL),(85,'provider_event_next_day_reminder',NULL,'enabled','whatsapp','event','17:00:00',NULL,NULL,'provider','','',NULL,0,NULL,NULL),(86,'customer_package_purchased',NULL,'enabled','whatsapp','appointment',NULL,NULL,NULL,'customer','','',NULL,0,NULL,NULL),(87,'customer_package_canceled',NULL,'enabled','whatsapp','appointment',NULL,NULL,NULL,'customer','','',NULL,0,NULL,NULL),(88,'provider_package_purchased',NULL,'enabled','whatsapp','appointment',NULL,NULL,NULL,'provider','','',NULL,0,NULL,NULL),(89,'provider_package_canceled',NULL,'enabled','whatsapp','appointment',NULL,NULL,NULL,'provider','','',NULL,0,NULL,NULL),(90,'customer_birthday_greeting',NULL,'enabled','whatsapp','appointment','17:00:00',NULL,NULL,'customer','','',NULL,0,NULL,NULL),(91,'customer_account_recovery',NULL,'enabled','whatsapp','appointment',NULL,NULL,NULL,'customer','','',NULL,0,NULL,NULL),(92,'provider_panel_access',NULL,'enabled','whatsapp','appointment',NULL,NULL,NULL,'provider','','',NULL,0,NULL,NULL),(93,'provider_panel_recovery',NULL,'enabled','whatsapp','appointment',NULL,NULL,NULL,'provider','','',NULL,0,NULL,NULL),(94,'customer_appointment_updated',NULL,'disabled','email','appointment',NULL,NULL,NULL,'customer','%service_name% Appointment Details Changed','Dear <strong>%customer_full_name%</strong>,<br><br>Details of the appointment on <strong>%appointment_date_time%</strong> have changed: <br>\n                        <ul>\n                            <li>Employee: <strong>%employee_full_name%</strong></li>\n                            <li>Location: <strong>%location_name%</strong></li>\n                            <li>Extras: <strong>%service_extras%</strong></li>\n                        </ul><br>Thank you for choosing our company,<br>\n                    <strong>%company_name%</strong>',NULL,0,NULL,NULL),(95,'provider_appointment_updated',NULL,'disabled','email','appointment',NULL,NULL,NULL,'provider','%service_name% Appointment Details Changed','Hi <strong>%employee_full_name%</strong>,<br><br>Details of the appointment on <strong>%appointment_date_time%</strong>  have changed:\n                       <br>\n                        <ul>\n                            <li>Customers: <strong>%customer_full_name%</strong></li>\n                            <li>Location: <strong>%location_name%</strong></li>\n                            <li>Extras: <strong>%service_extras%</strong></li>\n                        </ul><br>Thank you,<br>\n                    <strong>%company_name%</strong>',NULL,0,NULL,NULL),(96,'customer_appointment_updated',NULL,'disabled','sms','appointment',NULL,NULL,NULL,'customer','%service_name% Appointment Details Changed','Dear %customer_full_name%,\n\nDetails of the appointment on %appointment_date_time% have changed:\n    Employee: %employee_full_name%\n    Location: %location_name%\n    Extras: %service_extras%\n    \nThank you for choosing our company,\n%company_name%',NULL,0,NULL,NULL),(97,'provider_appointment_updated',NULL,'disabled','sms','appointment',NULL,NULL,NULL,'provider','%service_name% Appointment Details Changed','Hi %employee_full_name%,\n                \nDetails of the appointment on %appointment_date_time% have changed:\n    Customers: %customer_full_name%,\n    Location: %location_name%,\n    Extras: %service_extras%\n    \nThank you,\n%company_name%',NULL,0,NULL,NULL),(98,'customer_appointment_updated',NULL,'disabled','whatsapp','appointment',NULL,NULL,NULL,'customer','','',NULL,0,NULL,NULL),(99,'provider_appointment_updated',NULL,'disabled','whatsapp','appointment',NULL,NULL,NULL,'provider','','',NULL,0,NULL,NULL),(100,'customer_event_updated',NULL,'disabled','email','event',NULL,NULL,NULL,'customer','%event_name% Event Details Changed','Dear <strong>%customer_full_name%</strong>,<br><br>Details of the event on <strong>%event_start_date_time%</strong> have changed:\n                    <ul>\n                        <li>Organizer: <strong>%employee_full_name%</strong></li>\n                        <li>Location: <strong>%location_name%</strong></li>\n                    </ul><br>Thank you for choosing our company, <br>\n                    <strong>%company_name%</strong>',NULL,0,NULL,NULL),(101,'provider_event_updated',NULL,'disabled','email','event',NULL,NULL,NULL,'provider','%event_name% Event Details Changed','Hi <strong>%employee_full_name%</strong>,<br><br>Details of the event on <strong>%event_start_date_time%</strong> have changed:\n                        <ul>\n                            <li>Description: <strong>%event_description%</strong></li>\n                            <li>Location: <strong>%location_name%</strong></li> \n                        </ul><br>Thank you, <br>\n                    <strong>%company_name%</strong>',NULL,0,NULL,NULL),(102,'customer_event_updated',NULL,'disabled','sms','event',NULL,NULL,NULL,'customer','%event_name% Event Details Changed','Dear %customer_full_name%,\n                    \nDetails of the event on %event_start_date_time% have changed:\n    Organizer: %employee_full_name\n    Location: %location_name%\n\nThank you for choosing our company,\n%company_name%',NULL,0,NULL,NULL),(103,'provider_event_updated',NULL,'disabled','sms','event',NULL,NULL,NULL,'provider','%event_name% Event Details Changed','Hi %employee_full_name%,\n                \nDetails of the event on %event_start_date_time% have changed:\n    Description: %event_description%, \n    Location: %location_name%\n\nThank you,\n%company_name%',NULL,0,NULL,NULL),(104,'customer_event_updated',NULL,'disabled','whatsapp','event',NULL,NULL,NULL,'customer','','',NULL,0,NULL,NULL),(105,'provider_event_updated',NULL,'disabled','whatsapp','event',NULL,NULL,NULL,'provider','','',NULL,0,NULL,NULL),(106,'customer_cart',NULL,'disabled','email','appointment',NULL,NULL,NULL,'customer','Cart Purchase','<p>Dear <strong>%customer_full_name%</strong>,</p><p><br></p><p>You have successfully purchased several appointments. The details about your bookings are shown below.</p><p><br></p><p>%cart_appointments_details%.</p><p><br></p><p>Thank you for choosing our company,</p><p><strong>%company_name%</strong></p>','{\"content\":{\"fr_FR\":\"<p>Dear <strong>%customer_full_name%</strong>,</p><p><br></p><p>You have successfully purchased several appointments. The details about your bookings are shown below.</p><p><br></p><p>%cart_appointments_details%.</p><p><br></p><p>Thank you for choosing our company,</p><p><strong>%company_name%</strong></p>\"}}',0,NULL,NULL),(107,'customer_cart',NULL,'enabled','sms','appointment',NULL,NULL,NULL,'customer','NULL','Dear %customer_full_name%,\n\nYou have successfully scheduled several appointments.\n\nThank you for choosing our company,\n%company_name%',NULL,0,NULL,NULL),(108,'provider_cart',NULL,'enabled','email','appointment',NULL,NULL,NULL,'provider','Cart Purchase','<p>Hi <strong>%employee_full_name%</strong>,</p><p><br></p><p>Customer <strong>%customer_full_name%</strong> has successfully scheduled several appointments. The details about bookings are shown below.</p><p><br></p><p>%cart_appointments_details%</p><p><br></p><p>Thank you,</p><p><strong>%company_name%</strong></p>',NULL,0,NULL,NULL),(109,'provider_cart',NULL,'enabled','sms','appointment',NULL,NULL,NULL,'provider','NULL','Hi %employee_full_name%,\n\nCustomer %customer_full_name% has successfully scheduled several appointments.\n                     \nThank you, %company_name%',NULL,0,NULL,NULL),(110,'customer_cart',NULL,'enabled','whatsapp','appointment',NULL,NULL,NULL,'customer','','',NULL,0,NULL,NULL),(111,'provider_cart',NULL,'enabled','whatsapp','appointment',NULL,NULL,NULL,'provider','','',NULL,0,NULL,NULL),(112,'customer_event_waiting',NULL,'enabled','email','event',NULL,NULL,NULL,'customer','%event_name% Waiting List joined','Dear <strong>%customer_full_name%</strong>,<br><br>You have successfully joined the Waiting List for the\n                 <strong>%event_name%</strong> event at\n                 <strong>%event_location%</strong> on\n                 <strong>%event_start_date_time%</strong>.<br><br>\n                 Thank you for choosing our company,<br><strong>%company_name%</strong>',NULL,0,NULL,NULL),(113,'customer_event_waiting',NULL,'enabled','sms','event',NULL,NULL,NULL,'customer','%event_name% Waiting List joined','Dear %customer_full_name%,\n                \nYou have successfully joined the Waiting List for the %event_name% event at %event_location% on %event_start_date_time%.\n\nThank you for choosing our company,\n%company_name%',NULL,0,NULL,NULL),(114,'provider_event_waiting',NULL,'enabled','email','event',NULL,NULL,NULL,'provider','%event_name% Waiting List joined','Hi <strong>%employee_full_name%</strong>,<br><br>A new attendee has been added to the waiting list for\n                 <strong>%event_name%</strong> Event at\n                 <strong>%event_location%</strong> on\n                 <strong>%event_start_date_time%</strong>.<br><br>\n                 Thank you,<br><strong>%company_name%</strong>',NULL,0,NULL,NULL),(115,'provider_event_waiting',NULL,'enabled','sms','event',NULL,NULL,NULL,'provider','%event_name% Waiting List joined','Hi %employee_full_name%,\n                \nA new attendee has been added to the waiting list for %event_name% Event at %event_location% on %event_start_date_time%.\n\nThank you,\n%company_name%',NULL,0,NULL,NULL),(116,'customer_event_waiting',NULL,'enabled','whatsapp','event',NULL,NULL,NULL,'customer','','',NULL,0,NULL,NULL),(117,'provider_event_waiting',NULL,'enabled','whatsapp','event',NULL,NULL,NULL,'provider','','',NULL,0,NULL,NULL);

--
-- Table structure for table `wpinst_amelia_notifications_log`
--

CREATE TABLE `wpinst_amelia_notifications_log` (
  `id` int(11) NOT NULL AUTO_INCREMENT,
  `notificationId` int(11) NOT NULL,
  `userId` int(11) DEFAULT NULL,
  `appointmentId` int(11) DEFAULT NULL,
  `eventId` int(11) DEFAULT NULL,
  `packageCustomerId` int(11) DEFAULT NULL,
  `sentDateTime` datetime NOT NULL,
  `sent` tinyint(1) DEFAULT NULL,
  `data` text,
  PRIMARY KEY (`id`)
) ENGINE=InnoDB AUTO_INCREMENT=15153 DEFAULT CHARSET=utf8;

--
-- Dumping data for table `wpinst_amelia_notifications_log`
--

INSERT INTO `wpinst_amelia_notifications_log` VALUES (1,1,2,1,NULL,NULL,'2022-12-02 14:38:54',1,'{\"subject\":\"Soin Bien-\\u00eatre Appointment Approved\",\"body\":\"Dear <strong>incomm-wordpressgmail-com incomm-wordpressgmail-com<\\/strong>,<br><br>You have successfully scheduled                     <strong>Soin Bien-\\u00eatre<\\/strong> appointment with <strong>THIERRY PARIAN<\\/strong>. We are                      waiting you at <strong>296 Avenue Du Griffon  <\\/strong>on <strong>08\\/12\\/2022 09:00<\\/strong>.                     <br><br>Thank you for choosing our company,<br><strong>PARIAN<\\/strong>\",\"icsFiles\":[]}'),(2,9,1,1,NULL,NULL,'2022-12-02 14:38:54',1,'{\"subject\":\"Soin Bien-\\u00eatre Appointment Approved\",\"body\":\"Hi <strong>THIERRY PARIAN<\\/strong>,<br><br>You have one confirmed                      <strong>Soin Bien-\\u00eatre<\\/strong> appointment at <strong>296 Avenue Du Griffon <\\/strong> on                      <strong>08\\/12\\/2022<\\/strong> at <strong>09:00<\\/strong>. The appointment                      is added to your schedule.<br><br>Thank you,<br><strong>PARIAN<\\/strong>\",\"icsFiles\":[]}'),(3,1,1,2,NULL,NULL,'2022-12-05 14:05:43',1,'{\"subject\":\"Massage bien \\u00eatre 2h Appointment Approved\",\"body\":\"Dear <strong>contactinstitutphenixenergetique-fr contactinstitutphenixenergetique-fr<\\/strong>,<br><br>You have successfully scheduled                     <strong>Massage bien \\u00eatre 2h<\\/strong> appointment with <strong>THIERRY PARIAN<\\/strong>. We are                      waiting you at <strong>296 Avenue Du Griffon  <\\/strong>on <strong>14\\/12\\/2022 09:00<\\/strong>.                     <br><br>Thank you for choosing our company,<br><strong>PARIAN<\\/strong>\",\"icsFiles\":[]}'),(4,9,1,2,NULL,NULL,'2022-12-05 14:05:43',1,'{\"subject\":\"Massage bien \\u00eatre 2h Appointment Approved\",\"body\":\"Hi <strong>THIERRY PARIAN<\\/strong>,<br><br>You have one confirmed                      <strong>Massage bien \\u00eatre 2h<\\/strong> appointment at <strong>296 Avenue Du Griffon <\\/strong> on                      <strong>14\\/12\\/2022<\\/strong> at <strong>09:00<\\/strong>. The appointment                      is added to your schedule.<br><br>Thank you,<br><strong>PARIAN<\\/strong>\",\"icsFiles\":[]}'),(5,2,3,3,NULL,NULL,'2022-12-20 09:25:45',1,'{\"subject\":\"1\\u00e8re S\\u00e9ance \\u00e0 vis\\u00e9e th\\u00e9rapeutique : Rendez-vous en attente\",\"body\":\"Cher(e) <strong>Thierry PARIAN<\\/strong>,<br><br>Votre rendez-vous pour la prestation <strong>1\\u00e8re S\\u00e9ance \\u00e0 vis\\u00e9e th\\u00e9rapeutique<\\/strong> avec <strong>THIERRY PARIAN<\\/strong> \\u00e0 <strong> 296 Avenue du Griffon, Sorgues<\\/strong> le <strong>21\\/12\\/2022<\\/strong> \\u00e0 <strong>09:00 <\\/strong>est en attente de validation.<br><br>Vous recevrez une notification d\\u00e8s que la r\\u00e9servation sera valid\\u00e9e.<br><br>Merci pour votre demande de r\\u00e9servation,<br><em>THIERRY PARIAN<\\/em>\",\"icsFiles\":[]}'),(6,10,1,3,NULL,NULL,'2022-12-20 09:25:45',1,'{\"subject\":\"1\\u00e8re S\\u00e9ance \\u00e0 vis\\u00e9e th\\u00e9rapeutique : Rendez-vous en attente\",\"body\":\"Bonjour <strong>THIERRY PARIAN<\\/strong>,<br><br>Vous avez un rendez-vous en attente de validation pour la prestation <strong>1\\u00e8re S\\u00e9ance \\u00e0 vis\\u00e9e th\\u00e9rapeutique,<\\/strong> \\u00e0 <strong>Cabinet principal \\u00e0 Sorgues<\\/strong> le <strong>21\\/12\\/2022<\\/strong> \\u00e0 <strong>09:00<\\/strong>.<br><br><strong><em>R\\u00e9capitulatif de la demande de RDV :<\\/em><\\/strong><br><em>Client <\\/em>: Thierry PARIAN<br><em>Email<\\/em> : thierry.parian@gmail.com<br><em>T\\u00e9l\\u00e9phone<\\/em> : +33615245210<br><em>Prestation<\\/em> : 1\\u00e8re S\\u00e9ance \\u00e0 vis\\u00e9e th\\u00e9rapeutique<br><em>Date et heure<\\/em> : 21\\/12\\/2022 \\u00e0 09:00<br><em>Lieu<\\/em> :  296 Avenue du Griffon, Sorgues\",\"icsFiles\":[]}'),(7,5,3,3,NULL,NULL,'2022-12-20 09:34:38',1,'{\"subject\":\"1\\u00e8re S\\u00e9ance \\u00e0 vis\\u00e9e th\\u00e9rapeutique : Rendez-vous report\\u00e9\",\"body\":\"Cher(e) <strong>Thierry PARIAN<\\/strong>,<br><br>Les d\\u00e9tails de votre rendez-vous pour la prestation <strong>1\\u00e8re S\\u00e9ance \\u00e0 vis\\u00e9e th\\u00e9rapeutique<\\/strong> avec <strong>THIERRY PARIAN<\\/strong> \\u00e0 <strong>Cabinet principal \\u00e0 Sorgues<\\/strong> ont \\u00e9t\\u00e9 modifi\\u00e9s. Le rendez-vous est maintenant fix\\u00e9 pour le <strong>21\\/12\\/2022<\\/strong> \\u00e0 <strong>10:30<\\/strong>.<br><br>&nbsp;Merci pour votre compr\\u00e9hension,<br><strong><em>THIERRY PARIAN<\\/em><\\/strong><br>\",\"icsFiles\":[]}'),(8,12,1,3,NULL,NULL,'2022-12-20 10:37:29',1,'{\"subject\":\"1\\u00e8re S\\u00e9ance \\u00e0 vis\\u00e9e th\\u00e9rapeutique Appointment Canceled\",\"body\":\"Bonjour <strong>THIERRY PARIAN<\\/strong>,<br><br>Votre rendez-vous pour la prestation <strong>1\\u00e8re S\\u00e9ance \\u00e0 vis\\u00e9e th\\u00e9rapeutique<\\/strong>, pr\\u00e9vu le <strong>21\\/12\\/2022<\\/strong>, \\u00e0 <strong>Sorgues<\\/strong> a \\u00e9t\\u00e9 annul\\u00e9.\",\"icsFiles\":[]}'),(9,12,1,3,NULL,NULL,'2022-12-20 10:40:56',1,'{\"subject\":\"1\\u00e8re S\\u00e9ance \\u00e0 vis\\u00e9e th\\u00e9rapeutique Appointment Canceled\",\"body\":\"Bonjour <strong>THIERRY PARIAN<\\/strong>,<br><br>Votre rendez-vous pour la prestation <strong>1\\u00e8re S\\u00e9ance \\u00e0 vis\\u00e9e th\\u00e9rapeutique<\\/strong>, pr\\u00e9vu le <strong>21\\/12\\/2022<\\/strong>, \\u00e0 <strong>Sorgues<\\/strong> a \\u00e9t\\u00e9 annul\\u00e9.\",\"icsFiles\":[]}'),(10,1,4,4,NULL,NULL,'2023-01-03 08:59:25',1,'{\"subject\":\"1\\u00e8re S\\u00e9ance \\u00e0 vis\\u00e9e th\\u00e9rapeutique : Rendez-vous approuv\\u00e9\",\"body\":\"Cher(e) <strong>John DOE<\\/strong>,<br><br>Votre rendez-vous pour la prestation <strong>1\\u00e8re S\\u00e9ance \\u00e0 vis\\u00e9e th\\u00e9rapeutique<\\/strong> avec <strong>THIERRY PARIAN<\\/strong> a \\u00e9t\\u00e9 valid\\u00e9. Nous vous attendons \\u00e0 <strong> 296 Avenue du Griffon, Sorgues<\\/strong> le <strong>06\\/01\\/2023<\\/strong> \\u00e0 <strong>10:30<\\/strong>.<br><br>Merci pour votre demande de r\\u00e9servation,<br><strong><em>THIERRY PARIAN<\\/em><\\/strong><br>\",\"icsFiles\":[]}'),(11,9,1,4,NULL,NULL,'2023-01-03 08:59:26',1,'{\"subject\":\"1\\u00e8re S\\u00e9ance \\u00e0 vis\\u00e9e th\\u00e9rapeutique : Rendez-vous approuv\\u00e9\",\"body\":\"Bonjour <strong>THIERRY PARIAN<\\/strong>,<br><br>Vous avez un rendez-vous de confirm\\u00e9 pour la prestation <strong>1\\u00e8re S\\u00e9ance \\u00e0 vis\\u00e9e th\\u00e9rapeutique<\\/strong>, \\u00e0 <strong>Sorgues<\\/strong> le <strong>06\\/01\\/2023<\\/strong> \\u00e0 <strong>10:30<\\/strong>.<br><br><strong><em><u>R\\u00e9capitulatif de la demande de RDV <\\/u><\\/em><\\/strong><em>:<\\/em><br><em>Client <\\/em>: John DOE<br><em>Email<\\/em> : tdamey@incomm.fr<br><em>T\\u00e9l\\u00e9phone<\\/em> : +33606060606<br><em>Prestation<\\/em> : 1\\u00e8re S\\u00e9ance \\u00e0 vis\\u00e9e th\\u00e9rapeutique<br><em>Date et heure<\\/em> : 06\\/01\\/2023 \\u00e0 10:30<br><em>Lieu<\\/em> :  296 Avenue du Griffon, Sorgues\",\"icsFiles\":[]}'),(12,29,6,NULL,1,NULL,'2023-02-01 20:57:19',1,'{\"subject\":\"Formation Reiki 1er Degr\\u00e9 - Shoden : Formation r\\u00e9serv\\u00e9e\",\"body\":\"Cher(e) %<strong>customer_full_name<\\/strong>%,<br><br>Vous vous \\u00eates inscrit avec succ\\u00e8s pour la formation au %<strong>event_name<\\/strong>%. Nous vous attendons au %<strong>event_location<\\/strong>% le %<strong>event_start_date<\\/strong>% \\u00e0 %<strong>event_start_time<\\/strong>%.<br><br>Cordialement,<br><em>THIERRY PARIAN<\\/em>\",\"icsFiles\":[]}'),(13,35,1,NULL,1,NULL,'2023-02-01 20:57:20',1,'{\"subject\":\"Formation Reiki 1er Degr\\u00e9 - Shoden : Formation r\\u00e9serv\\u00e9e\",\"body\":\"Bonjour <strong>THIERRY PARIAN<\\/strong>,<br><br>Vous avez une formation pour <strong>Formation Reiki 1er Degr\\u00e9 - Shoden<\\/strong> confirm\\u00e9e \\u00e0 <strong>Formation au Reiki \\u00e0 Sorgues<\\/strong> le <strong>18\\/02\\/2023 09:00<\\/strong>. L\'\\u00e9v\\u00e9nement est ajout\\u00e9 \\u00e0 votre agenda.<br><br><strong><u>R\\u00e9capitulatif de la r\\u00e9servation<\\/u> :<\\/strong><br><em>Client<\\/em> : Marie-Jeanne Cruchon-Dupeyrat<br><em>Email<\\/em> : mjcd04@orange.fr<br><em>T\\u00e9l\\u00e9phone<\\/em> : +33687298802<br><em>Formation<\\/em> : Formation Reiki 1er Degr\\u00e9 - Shoden<br><em>Date et heure<\\/em> : Le 18\\/02\\/2023 \\u00e0 09:00\",\"icsFiles\":[]}'),(14,38,1,NULL,2,NULL,'2023-02-08 08:00:30',1,'{\"subject\":\"Stage Reiki 2\\u00e8me degr\\u00e9 \\u2013 OKUDEN ZENKI (2-1) : R\\u00e9servation report\\u00e9e\",\"body\":\"Bonjour <strong>THIERRY PARIAN<\\/strong>,<br><br>Les d\\u00e9tails de votre r\\u00e9servation pour la formation <strong>Stage Reiki 2\\u00e8me degr\\u00e9 \\u2013 OKUDEN ZENKI (2-1)<\\/strong> \\u00e0 <strong>Formation au Reiki \\u00e0 Sorgues<\\/strong> ont \\u00e9t\\u00e9 modifi\\u00e9s. La r\\u00e9servation pour la formation est maintenant d\\u00e9finie pour le <strong>10\\/06\\/2023 09:00<\\/strong>.<br><br><u>R\\u00e9capitulatif de la r\\u00e9servation<\\/u> :<br><em>Client<\\/em> : <br><em>Email<\\/em> : <br><em>T\\u00e9l\\u00e9phone<\\/em> : <br><em>Formation<\\/em> : Stage Reiki 2\\u00e8me degr\\u00e9 \\u2013 OKUDEN ZENKI (2-1)<br><em>Date et heure<\\/em> : Le 10\\/06\\/2023 \\u00e0 09:00\",\"icsFiles\":[]}'),(15,32,6,NULL,1,NULL,'2023-02-08 08:03:33',1,'{\"subject\":\"Formation Reiki 1er Degr\\u00e9 - Shoden : Formation report\\u00e9e\",\"body\":\"Cher(e) <strong>Marie-Jeanne Cruchon-Dupeyrat<\\/strong>,<br><br>Les d\\u00e9tails de votre formation pour  <strong>Formation Reiki 1er Degr\\u00e9 - Shoden<\\/strong> \\u00e0 <strong>Formation au Reiki \\u00e0 Sorgues<\\/strong> ont \\u00e9t\\u00e9 modifi\\u00e9s. La formation est maintenant d\\u00e9finie pour le <strong>18\\/02\\/2023 09:00<\\/strong>.<br><br>Cordialement,<br><em>THIERRY PARIAN<\\/em>\",\"icsFiles\":[]}'),(16,38,1,NULL,1,NULL,'2023-02-08 08:03:33',1,'{\"subject\":\"Formation Reiki 1er Degr\\u00e9 - Shoden : R\\u00e9servation report\\u00e9e\",\"body\":\"Bonjour <strong>THIERRY PARIAN<\\/strong>,<br><br>Les d\\u00e9tails de votre r\\u00e9servation pour la formation <strong>Formation Reiki 1er Degr\\u00e9 - Shoden<\\/strong> \\u00e0 <strong>Formation au Reiki \\u00e0 Sorgues<\\/strong> ont \\u00e9t\\u00e9 modifi\\u00e9s. La r\\u00e9servation pour la formation est maintenant d\\u00e9finie pour le <strong>18\\/02\\/2023 09:00<\\/strong>.<br><br><u>R\\u00e9capitulatif de la r\\u00e9servation<\\/u> :<br><em>Client<\\/em> : Marie-Jeanne Cruchon-Dupeyrat<br><em>Email<\\/em> : mjcd04@orange.fr<br><em>T\\u00e9l\\u00e9phone<\\/em> : +33687298802<br><em>Formation<\\/em> : Formation Reiki 1er Degr\\u00e9 - Shoden<br><em>Date et heure<\\/em> : Le 18\\/02\\/2023 \\u00e0 09:00\",\"icsFiles\":[]}'),(17,38,1,NULL,3,NULL,'2023-02-08 08:07:32',1,'{\"subject\":\"Stage Reiki 2\\u00e8me degr\\u00e9 approfondissement - OKUDEN KOKI (2-2) : R\\u00e9servation report\\u00e9e\",\"body\":\"Bonjour <strong>THIERRY PARIAN<\\/strong>,<br><br>Les d\\u00e9tails de votre r\\u00e9servation pour la formation <strong>Stage Reiki 2\\u00e8me degr\\u00e9 approfondissement - OKUDEN KOKI (2-2)<\\/strong> \\u00e0 <strong>Formation au Reiki \\u00e0 Sorgues<\\/strong> ont \\u00e9t\\u00e9 modifi\\u00e9s. La r\\u00e9servation pour la formation est maintenant d\\u00e9finie pour le <strong>10\\/06\\/2023 09:00<\\/strong>.<br><br><u>R\\u00e9capitulatif de la r\\u00e9servation<\\/u> :<br><em>Client<\\/em> : <br><em>Email<\\/em> : <br><em>T\\u00e9l\\u00e9phone<\\/em> : <br><em>Formation<\\/em> : Stage Reiki 2\\u00e8me degr\\u00e9 approfondissement - OKUDEN KOKI (2-2)<br><em>Date et heure<\\/em> : Le 10\\/06\\/2023 \\u00e0 09:00\",\"icsFiles\":[]}'),(18,32,6,NULL,1,NULL,'2023-02-08 08:09:55',1,'{\"subject\":\"Formation Reiki 1er Degr\\u00e9 - Shoden : Formation report\\u00e9e\",\"body\":\"Cher(e) <strong>Marie-Jeanne Cruchon-Dupeyrat<\\/strong>,<br><br>Les d\\u00e9tails de votre formation pour  <strong>Formation Reiki 1er Degr\\u00e9 - Shoden<\\/strong> \\u00e0 <strong>Formation au Reiki \\u00e0 Sorgues<\\/strong> ont \\u00e9t\\u00e9 modifi\\u00e9s. La formation est maintenant d\\u00e9finie pour le <strong>18\\/02\\/2023 09:00<\\/strong>.<br><br>Cordialement,<br><em>THIERRY PARIAN<\\/em>\",\"icsFiles\":[]}'),(19,38,1,NULL,1,NULL,'2023-02-08 08:09:56',1,'{\"subject\":\"Formation Reiki 1er Degr\\u00e9 - Shoden : R\\u00e9servation report\\u00e9e\",\"body\":\"Bonjour <strong>THIERRY PARIAN<\\/strong>,<br><br>Les d\\u00e9tails de votre r\\u00e9servation pour la formation <strong>Formation Reiki 1er Degr\\u00e9 - Shoden<\\/strong> \\u00e0 <strong>Formation au Reiki \\u00e0 Sorgues<\\/strong> ont \\u00e9t\\u00e9 modifi\\u00e9s. La r\\u00e9servation pour la formation est maintenant d\\u00e9finie pour le <strong>18\\/02\\/2023 09:00<\\/strong>.<br><br><u>R\\u00e9capitulatif de la r\\u00e9servation<\\/u> :<br><em>Client<\\/em> : Marie-Jeanne Cruchon-Dupeyrat<br><em>Email<\\/em> : mjcd04@orange.fr<br><em>T\\u00e9l\\u00e9phone<\\/em> : +33687298802<br><em>Formation<\\/em> : Formation Reiki 1er Degr\\u00e9 - Shoden<br><em>Date et heure<\\/em> : Le 18\\/02\\/2023 \\u00e0 09:00\",\"icsFiles\":[]}'),(20,38,1,NULL,2,NULL,'2023-02-08 08:11:18',1,'{\"subject\":\"Stage Reiki 2\\u00e8me degr\\u00e9 \\u2013 OKUDEN ZENKI (2-1) : R\\u00e9servation report\\u00e9e\",\"body\":\"Bonjour <strong>THIERRY PARIAN<\\/strong>,<br><br>Les d\\u00e9tails de votre r\\u00e9servation pour la formation <strong>Stage Reiki 2\\u00e8me degr\\u00e9 \\u2013 OKUDEN ZENKI (2-1)<\\/strong> \\u00e0 <strong>Formation au Reiki \\u00e0 Sorgues<\\/strong> ont \\u00e9t\\u00e9 modifi\\u00e9s. La r\\u00e9servation pour la formation est maintenant d\\u00e9finie pour le <strong>22\\/04\\/2023 09:00<\\/strong>.<br><br><u>R\\u00e9capitulatif de la r\\u00e9servation<\\/u> :<br><em>Client<\\/em> : <br><em>Email<\\/em> : <br><em>T\\u00e9l\\u00e9phone<\\/em> : <br><em>Formation<\\/em> : Stage Reiki 2\\u00e8me degr\\u00e9 \\u2013 OKUDEN ZENKI (2-1)<br><em>Date et heure<\\/em> : Le 22\\/04\\/2023 \\u00e0 09:00\",\"icsFiles\":[]}'),(21,32,6,NULL,1,NULL,'2023-02-08 08:17:45',1,'{\"subject\":\"Formation Reiki 1er Degr\\u00e9 - Shoden : Formation report\\u00e9e\",\"body\":\"Cher(e) <strong>Marie-Jeanne Cruchon-Dupeyrat<\\/strong>,<br><br>Les d\\u00e9tails de votre formation pour  <strong>Formation Reiki 1er Degr\\u00e9 - Shoden<\\/strong> \\u00e0 <strong>Formation au Reiki \\u00e0 Sorgues<\\/strong> ont \\u00e9t\\u00e9 modifi\\u00e9s. La formation est maintenant d\\u00e9finie pour le <strong>18\\/02\\/2023 09:00<\\/strong>.<br><br>Cordialement,<br><em>THIERRY PARIAN<\\/em>\",\"icsFiles\":[]}'),(22,38,1,NULL,1,NULL,'2023-02-08 08:17:46',1,'{\"subject\":\"Formation Reiki 1er Degr\\u00e9 - Shoden : R\\u00e9servation report\\u00e9e\",\"body\":\"Bonjour <strong>THIERRY PARIAN<\\/strong>,<br><br>Les d\\u00e9tails de votre r\\u00e9servation pour la formation <strong>Formation Reiki 1er Degr\\u00e9 - Shoden<\\/strong> \\u00e0 <strong>Formation au Reiki \\u00e0 Sorgues<\\/strong> ont \\u00e9t\\u00e9 modifi\\u00e9s. La r\\u00e9servation pour la formation est maintenant d\\u00e9finie pour le <strong>18\\/02\\/2023 09:00<\\/strong>.<br><br><u>R\\u00e9capitulatif de la r\\u00e9servation<\\/u> :<br><em>Client<\\/em> : Marie-Jeanne Cruchon-Dupeyrat<br><em>Email<\\/em> : mjcd04@orange.fr<br><em>T\\u00e9l\\u00e9phone<\\/em> : +33687298802<br><em>Formation<\\/em> : Formation Reiki 1er Degr\\u00e9 - Shoden<br><em>Date et heure<\\/em> : Le 18\\/02\\/2023 \\u00e0 09:00\",\"icsFiles\":[]}'),(23,1,8,6,NULL,NULL,'2023-02-13 16:04:31',1,'{\"subject\":\"Soin Reiki Bien-\\u00eatre : Rendez-vous approuv\\u00e9\",\"body\":\"Cher(e) <strong>Claire Canal<\\/strong>,<br><br>Votre rendez-vous pour la prestation <strong>Soin Reiki Bien-\\u00eatre<\\/strong> avec <strong>THIERRY PARIAN<\\/strong> a \\u00e9t\\u00e9 valid\\u00e9. Nous vous attendons \\u00e0 <strong> 296 Avenue du Griffon, Sorgues<\\/strong> le <strong>24\\/02\\/2023<\\/strong> \\u00e0 <strong>17:00<\\/strong>.<br><br>Merci pour votre demande de r\\u00e9servation,<br><strong><em>THIERRY PARIAN<\\/em><\\/strong><br>\",\"icsFiles\":[]}'),(24,9,1,6,NULL,NULL,'2023-02-13 16:04:32',1,'{\"subject\":\"Soin Reiki Bien-\\u00eatre : Rendez-vous approuv\\u00e9\",\"body\":\"Bonjour <strong>THIERRY PARIAN<\\/strong>,<br><br>Vous avez un rendez-vous de confirm\\u00e9 pour la prestation <strong>Soin Reiki Bien-\\u00eatre<\\/strong>, \\u00e0 <strong>Sorgues<\\/strong> le <strong>24\\/02\\/2023<\\/strong> \\u00e0 <strong>17:00<\\/strong>.<br><br><strong><em><u>R\\u00e9capitulatif de la demande de RDV <\\/u><\\/em><\\/strong><em>:<\\/em><br><em>Client <\\/em>: Claire Canal<br><em>Email<\\/em> : camalo.alisson1@outlook.fr<br><em>T\\u00e9l\\u00e9phone<\\/em> : +33644877934<br><em>Prestation<\\/em> : Soin Reiki Bien-\\u00eatre<br><em>Date et heure<\\/em> : 24\\/02\\/2023 \\u00e0 17:00<br><em>Lieu<\\/em> :  296 Avenue du Griffon, Sorgues\",\"icsFiles\":[]}'),(25,1,9,7,NULL,NULL,'2023-02-13 19:13:18',1,'{\"subject\":\"S\\u00e9ance Acupuncture Esth\\u00e9tique (Suivi) : Rendez-vous approuv\\u00e9\",\"body\":\"Cher(e) <strong>Marie-Christine DEHOVE<\\/strong>,<br><br>Votre rendez-vous pour la prestation <strong>S\\u00e9ance Acupuncture Esth\\u00e9tique (Suivi)<\\/strong> avec <strong>THIERRY PARIAN<\\/strong> a \\u00e9t\\u00e9 valid\\u00e9. Nous vous attendons \\u00e0 <strong>14 Boulevard Paul d\'Avignon, 04380 Thoard <\\/strong> le <strong>27\\/02\\/2023<\\/strong> \\u00e0 <strong>10:30<\\/strong>.<br><br>Merci pour votre demande de r\\u00e9servation,<br><strong><em>THIERRY PARIAN<\\/em><\\/strong><br>\",\"icsFiles\":[]}'),(26,9,1,7,NULL,NULL,'2023-02-13 19:13:19',1,'{\"subject\":\"S\\u00e9ance Acupuncture Esth\\u00e9tique (Suivi) : Rendez-vous approuv\\u00e9\",\"body\":\"Bonjour <strong>THIERRY PARIAN<\\/strong>,<br><br>Vous avez un rendez-vous de confirm\\u00e9 pour la prestation <strong>S\\u00e9ance Acupuncture Esth\\u00e9tique (Suivi)<\\/strong>, \\u00e0 <strong>Thoard<\\/strong> le <strong>27\\/02\\/2023<\\/strong> \\u00e0 <strong>10:30<\\/strong>.<br><br><strong><em><u>R\\u00e9capitulatif de la demande de RDV <\\/u><\\/em><\\/strong><em>:<\\/em><br><em>Client <\\/em>: Marie-Christine DEHOVE<br><em>Email<\\/em> : dehovemchristine@gmail.com<br><em>T\\u00e9l\\u00e9phone<\\/em> : +33663368046<br><em>Prestation<\\/em> : S\\u00e9ance Acupuncture Esth\\u00e9tique (Suivi)<br><em>Date et heure<\\/em> : 27\\/02\\/2023 \\u00e0 10:30<br><em>Lieu<\\/em> : 14 Boulevard Paul d\'Avignon, 04380 Thoard \",\"icsFiles\":[]}'),(27,30,6,NULL,1,NULL,'2023-02-14 11:56:16',1,'{\"subject\":\"Formation Reiki 1er Degr\\u00e9 - Shoden : Ev\\u00e9nement annul\\u00e9 par l\'administrateur\",\"body\":\"Cher(e) <strong>Marie-Jeanne Cruchon-Dupeyrat<\\/strong>,<br><br>Votre formation pour la prestation<strong> Formation Reiki 1er Degr\\u00e9 - Shoden<\\/strong>, pr\\u00e9vue le <strong>18\\/02\\/2023 09:00<\\/strong> \\u00e0 <strong>Formation au Reiki \\u00e0 Sorgues<\\/strong> a \\u00e9t\\u00e9 annul\\u00e9e.<br><br>Cordialement,<br><em>THIERRY PARIAN<\\/em>\",\"icsFiles\":[]}'),(28,29,6,NULL,8,NULL,'2023-02-14 11:58:03',1,'{\"subject\":\"Formation Reiki 1er Degr\\u00e9 - Shoden : Formation r\\u00e9serv\\u00e9e\",\"body\":\"Cher(e) %<strong>customer_full_name<\\/strong>%,<br><br>Vous vous \\u00eates inscrit avec succ\\u00e8s pour la formation au %<strong>event_name<\\/strong>%. Nous vous attendons au %<strong>event_location<\\/strong>% le %<strong>event_start_date<\\/strong>% \\u00e0 %<strong>event_start_time<\\/strong>%.<br><br>Cordialement,<br><em>THIERRY PARIAN<\\/em>\",\"icsFiles\":[]}'),(29,35,1,NULL,8,NULL,'2023-02-14 11:58:03',1,'{\"subject\":\"Formation Reiki 1er Degr\\u00e9 - Shoden : Formation r\\u00e9serv\\u00e9e\",\"body\":\"Bonjour <strong>THIERRY PARIAN<\\/strong>,<br><br>Vous avez une formation pour <strong>Formation Reiki 1er Degr\\u00e9 - Shoden<\\/strong> confirm\\u00e9e \\u00e0 <strong>Formation au Reiki \\u00e0 Sorgues<\\/strong> le <strong>18\\/03\\/2023 09:00<\\/strong>. L\'\\u00e9v\\u00e9nement est ajout\\u00e9 \\u00e0 votre agenda.<br><br><strong><u>R\\u00e9capitulatif de la r\\u00e9servation<\\/u> :<\\/strong><br><em>Client<\\/em> : Marie-Jeanne Cruchon-Dupeyrat<br><em>Email<\\/em> : mjcd04@orange.fr<br><em>T\\u00e9l\\u00e9phone<\\/em> : +33687298802<br><em>Formation<\\/em> : Formation Reiki 1er Degr\\u00e9 - Shoden<br><em>Date et heure<\\/em> : Le 18\\/03\\/2023 \\u00e0 09:00\",\"icsFiles\":[]}'),(30,1,10,8,NULL,NULL,'2023-02-22 08:15:51',1,'{\"subject\":\"Soin \\u00e0 vis\\u00e9e th\\u00e9rapeutique : Rendez-vous approuv\\u00e9\",\"body\":\"Cher(e) <strong>Isabelle Sellier<\\/strong>,<br><br>Votre rendez-vous pour la prestation <strong>Soin \\u00e0 vis\\u00e9e th\\u00e9rapeutique<\\/strong> avec <strong>THIERRY PARIAN<\\/strong> a \\u00e9t\\u00e9 valid\\u00e9. Nous vous attendons \\u00e0 <strong> 296 Avenue du Griffon, Sorgues<\\/strong> le <strong>08\\/03\\/2023<\\/strong> \\u00e0 <strong>16:00<\\/strong>.<br><br>Merci pour votre demande de r\\u00e9servation,<br><strong><em>THIERRY PARIAN<\\/em><\\/strong><br>\",\"icsFiles\":[]}'),(31,9,1,8,NULL,NULL,'2023-02-22 08:15:51',1,'{\"subject\":\"Soin \\u00e0 vis\\u00e9e th\\u00e9rapeutique : Rendez-vous approuv\\u00e9\",\"body\":\"Bonjour <strong>THIERRY PARIAN<\\/strong>,<br><br>Vous avez un rendez-vous de confirm\\u00e9 pour la prestation <strong>Soin \\u00e0 vis\\u00e9e th\\u00e9rapeutique<\\/strong>, \\u00e0 <strong>Sorgues<\\/strong> le <strong>08\\/03\\/2023<\\/strong> \\u00e0 <strong>16:00<\\/strong>.<br><br><strong><em><u>R\\u00e9capitulatif de la demande de RDV <\\/u><\\/em><\\/strong><em>:<\\/em><br><em>Client <\\/em>: Isabelle Sellier<br><em>Email<\\/em> : isabellesellier48@gmail.com<br><em>T\\u00e9l\\u00e9phone<\\/em> : 0643053935<br><em>Prestation<\\/em> : Soin \\u00e0 vis\\u00e9e th\\u00e9rapeutique<br><em>Date et heure<\\/em> : 08\\/03\\/2023 \\u00e0 16:00<br><em>Lieu<\\/em> :  296 Avenue du Griffon, Sorgues\",\"icsFiles\":[]}'),(32,5,8,6,NULL,NULL,'2023-02-23 09:45:24',1,'{\"subject\":\"1\\u00e8re S\\u00e9ance \\u00e0 vis\\u00e9e th\\u00e9rapeutique : Rendez-vous report\\u00e9\",\"body\":\"Cher(e) <strong>Claire Canal<\\/strong>,<br><br>Les d\\u00e9tails de votre rendez-vous pour la prestation <strong>1\\u00e8re S\\u00e9ance \\u00e0 vis\\u00e9e th\\u00e9rapeutique<\\/strong> avec <strong>THIERRY PARIAN<\\/strong> \\u00e0 <strong>Sorgues<\\/strong> ont \\u00e9t\\u00e9 modifi\\u00e9s. Le rendez-vous est maintenant fix\\u00e9 pour le <strong>07\\/03\\/2023<\\/strong> \\u00e0 <strong>16:30<\\/strong>.<br><br>&nbsp;Merci pour votre compr\\u00e9hension,<br><strong><em>THIERRY PARIAN<\\/em><\\/strong><br>\",\"icsFiles\":[]}'),(33,13,1,6,NULL,NULL,'2023-02-23 09:45:25',1,'{\"subject\":\"1\\u00e8re S\\u00e9ance \\u00e0 vis\\u00e9e th\\u00e9rapeutique Appointment Rescheduled\",\"body\":\"Hi <strong>THIERRY PARIAN<\\/strong>,<br><br>Les d\\u00e9tails de votre rendez-vous pour la prestation <strong>1\\u00e8re S\\u00e9ance \\u00e0 vis\\u00e9e th\\u00e9rapeutique<\\/strong> \\u00e0 <strong>Sorgues<\\/strong> ont \\u00e9t\\u00e9 modifi\\u00e9s. Le rendez-vous est maintenant fix\\u00e9 pour le <strong>07\\/03\\/2023<\\/strong> \\u00e0 <strong>16:30<\\/strong>.<br><br><br><strong><em>R\\u00e9capitulatif de la demande de RDV<\\/em><\\/strong><em><u> <\\/u>:<\\/em><br><em>Client <\\/em>: Claire Canal<br><em>Email<\\/em> : camalo.alisson1@outlook.fr<br><em>T\\u00e9l\\u00e9phone<\\/em> : +33644877934<br><em>Prestation<\\/em> : 1\\u00e8re S\\u00e9ance \\u00e0 vis\\u00e9e th\\u00e9rapeutique<br><em>Date et heure<\\/em> : 07\\/03\\/2023 \\u00e0 16:30<br><em>Lieu<\\/em> :  296 Avenue du Griffon, Sorgues\",\"icsFiles\":[]}'),(34,1,11,9,NULL,NULL,'2023-02-24 08:19:14',1,'{\"subject\":\"1\\u00e8re S\\u00e9ance \\u00e0 vis\\u00e9e th\\u00e9rapeutique : Rendez-vous approuv\\u00e9\",\"body\":\"Cher(e) <strong>Mireille Pouchol<\\/strong>,<br><br>Votre rendez-vous pour la prestation <strong>1\\u00e8re S\\u00e9ance \\u00e0 vis\\u00e9e th\\u00e9rapeutique<\\/strong> avec <strong>THIERRY PARIAN<\\/strong> a \\u00e9t\\u00e9 valid\\u00e9. Nous vous attendons \\u00e0 <strong>14 Boulevard Paul d\'Avignon, 04380 Thoard <\\/strong> le <strong>27\\/02\\/2023<\\/strong> \\u00e0 <strong>09:00<\\/strong>.<br><br>Merci pour votre demande de r\\u00e9servation,<br><strong><em>THIERRY PARIAN<\\/em><\\/strong><br>\",\"icsFiles\":[]}'),(35,9,1,9,NULL,NULL,'2023-02-24 08:19:14',1,'{\"subject\":\"1\\u00e8re S\\u00e9ance \\u00e0 vis\\u00e9e th\\u00e9rapeutique : Rendez-vous approuv\\u00e9\",\"body\":\"Bonjour <strong>THIERRY PARIAN<\\/strong>,<br><br>Vous avez un rendez-vous de confirm\\u00e9 pour la prestation <strong>1\\u00e8re S\\u00e9ance \\u00e0 vis\\u00e9e th\\u00e9rapeutique<\\/strong>, \\u00e0 <strong>Thoard<\\/strong> le <strong>27\\/02\\/2023<\\/strong> \\u00e0 <strong>09:00<\\/strong>.<br><br><strong><em><u>R\\u00e9capitulatif de la demande de RDV <\\/u><\\/em><\\/strong><em>:<\\/em><br><em>Client <\\/em>: Mireille Pouchol<br><em>Email<\\/em> : mireille2pouchol@gmail.com<br><em>T\\u00e9l\\u00e9phone<\\/em> : +33683580685<br><em>Prestation<\\/em> : 1\\u00e8re S\\u00e9ance \\u00e0 vis\\u00e9e th\\u00e9rapeutique<br><em>Date et heure<\\/em> : 27\\/02\\/2023 \\u00e0 09:00<br><em>Lieu<\\/em> : 14 Boulevard Paul d\'Avignon, 04380 Thoard \",\"icsFiles\":[]}'),(36,1,12,10,NULL,NULL,'2023-02-24 14:35:47',1,'{\"subject\":\"Soin \\u00e0 vis\\u00e9e th\\u00e9rapeutique : Rendez-vous approuv\\u00e9\",\"body\":\"Cher(e) <strong>Vanessa FERAUD<\\/strong>,<br><br>Votre rendez-vous pour la prestation <strong>Soin \\u00e0 vis\\u00e9e th\\u00e9rapeutique<\\/strong> avec <strong>THIERRY PARIAN<\\/strong> a \\u00e9t\\u00e9 valid\\u00e9. Nous vous attendons \\u00e0 <strong>14 Boulevard Paul d\'Avignon, 04380 Thoard <\\/strong> le <strong>27\\/02\\/2023<\\/strong> \\u00e0 <strong>14:00<\\/strong>.<br><br>Merci pour votre demande de r\\u00e9servation,<br><strong><em>THIERRY PARIAN<\\/em><\\/strong><br>\",\"icsFiles\":[]}'),(37,9,1,10,NULL,NULL,'2023-02-24 14:35:47',1,'{\"subject\":\"Soin \\u00e0 vis\\u00e9e th\\u00e9rapeutique : Rendez-vous approuv\\u00e9\",\"body\":\"Bonjour <strong>THIERRY PARIAN<\\/strong>,<br><br>Vous avez un rendez-vous de confirm\\u00e9 pour la prestation <strong>Soin \\u00e0 vis\\u00e9e th\\u00e9rapeutique<\\/strong>, \\u00e0 <strong>Thoard<\\/strong> le <strong>27\\/02\\/2023<\\/strong> \\u00e0 <strong>14:00<\\/strong>.<br><br><strong><em><u>R\\u00e9capitulatif de la demande de RDV <\\/u><\\/em><\\/strong><em>:<\\/em><br><em>Client <\\/em>: Vanessa FERAUD<br><em>Email<\\/em> : laportevanessa@hotmail.fr<br><em>T\\u00e9l\\u00e9phone<\\/em> : +33648669217<br><em>Prestation<\\/em> : Soin \\u00e0 vis\\u00e9e th\\u00e9rapeutique<br><em>Date et heure<\\/em> : 27\\/02\\/2023 \\u00e0 14:00<br><em>Lieu<\\/em> : 14 Boulevard Paul d\'Avignon, 04380 Thoard \",\"icsFiles\":[]}'),(38,1,13,11,NULL,NULL,'2023-02-24 14:47:35',1,'{\"subject\":\"1\\u00e8re S\\u00e9ance \\u00e0 vis\\u00e9e th\\u00e9rapeutique : Rendez-vous approuv\\u00e9\",\"body\":\"Cher(e) <strong>Ir\\u00e8ne LATIL<\\/strong>,<br><br>Votre rendez-vous pour la prestation <strong>1\\u00e8re S\\u00e9ance \\u00e0 vis\\u00e9e th\\u00e9rapeutique<\\/strong> avec <strong>THIERRY PARIAN<\\/strong> a \\u00e9t\\u00e9 valid\\u00e9. Nous vous attendons \\u00e0 <strong> 296 Avenue du Griffon, Sorgues<\\/strong> le <strong>03\\/03\\/2023<\\/strong> \\u00e0 <strong>16:30<\\/strong>.<br><br>Merci pour votre demande de r\\u00e9servation,<br><strong><em>THIERRY PARIAN<\\/em><\\/strong><br>\",\"icsFiles\":[]}'),(39,9,1,11,NULL,NULL,'2023-02-24 14:47:36',1,'{\"subject\":\"1\\u00e8re S\\u00e9ance \\u00e0 vis\\u00e9e th\\u00e9rapeutique : Rendez-vous approuv\\u00e9\",\"body\":\"Bonjour <strong>THIERRY PARIAN<\\/strong>,<br><br>Vous avez un rendez-vous de confirm\\u00e9 pour la prestation <strong>1\\u00e8re S\\u00e9ance \\u00e0 vis\\u00e9e th\\u00e9rapeutique<\\/strong>, \\u00e0 <strong>Sorgues<\\/strong> le <strong>03\\/03\\/2023<\\/strong> \\u00e0 <strong>16:30<\\/strong>.<br><br><strong><em><u>R\\u00e9capitulatif de la demande de RDV <\\/u><\\/em><\\/strong><em>:<\\/em><br><em>Client <\\/em>: Ir\\u00e8ne LATIL<br><em>Email<\\/em> : cecile.latil@orange.fr<br><em>T\\u00e9l\\u00e9phone<\\/em> : +33629211121<br><em>Prestation<\\/em> : 1\\u00e8re S\\u00e9ance \\u00e0 vis\\u00e9e th\\u00e9rapeutique<br><em>Date et heure<\\/em> : 03\\/03\\/2023 \\u00e0 16:30<br><em>Lieu<\\/em> :  296 Avenue du Griffon, Sorgues\",\"icsFiles\":[]}'),(40,9,1,12,NULL,NULL,'2023-02-26 20:15:17',1,'{\"subject\":\"Massage bien \\u00eatre 2h : Rendez-vous approuv\\u00e9\",\"body\":\"Bonjour <strong>THIERRY PARIAN<\\/strong>,<br><br>Vous avez un rendez-vous de confirm\\u00e9 pour la prestation <strong>Massage bien \\u00eatre 2h<\\/strong>, \\u00e0 <strong>Sorgues<\\/strong> le <strong>08\\/03\\/2023<\\/strong> \\u00e0 <strong>13:00<\\/strong>.<br><br><strong><em><u>R\\u00e9capitulatif de la demande de RDV <\\/u><\\/em><\\/strong><em>:<\\/em><br><em>Client <\\/em>: Claire Harel<br><em>Email<\\/em> : <br><em>T\\u00e9l\\u00e9phone<\\/em> : +33767746714<br><em>Prestation<\\/em> : Massage bien \\u00eatre 2h<br><em>Date et heure<\\/em> : 08\\/03\\/2023 \\u00e0 13:00<br><em>Lieu<\\/em> :  296 Avenue du Griffon, Sorgues\",\"icsFiles\":[]}'),(41,1,11,13,NULL,NULL,'2023-02-28 09:36:11',1,'{\"subject\":\"Soin \\u00e0 vis\\u00e9e th\\u00e9rapeutique : Rendez-vous approuv\\u00e9\",\"body\":\"Cher(e) <strong>Mireille Pouchol<\\/strong>,<br><br>Votre rendez-vous pour la prestation <strong>Soin \\u00e0 vis\\u00e9e th\\u00e9rapeutique<\\/strong> avec <strong>THIERRY PARIAN<\\/strong> a \\u00e9t\\u00e9 valid\\u00e9. Nous vous attendons \\u00e0 <strong>14 Boulevard Paul d\'Avignon, 04380 Thoard <\\/strong> le <strong>21\\/03\\/2023<\\/strong> \\u00e0 <strong>10:00<\\/strong>.<br><br>Merci pour votre demande de r\\u00e9servation,<br><strong><em>THIERRY PARIAN<\\/em><\\/strong><br>\",\"icsFiles\":[]}'),(42,9,1,13,NULL,NULL,'2023-02-28 09:36:12',1,'{\"subject\":\"Soin \\u00e0 vis\\u00e9e th\\u00e9rapeutique : Rendez-vous approuv\\u00e9\",\"body\":\"Bonjour <strong>THIERRY PARIAN<\\/strong>,<br><br>Vous avez un rendez-vous de confirm\\u00e9 pour la prestation <strong>Soin \\u00e0 vis\\u00e9e th\\u00e9rapeutique<\\/strong>, \\u00e0 <strong>Thoard<\\/strong> le <strong>21\\/03\\/2023<\\/strong> \\u00e0 <strong>10:00<\\/strong>.<br><br><strong><em><u>R\\u00e9capitulatif de la demande de RDV <\\/u><\\/em><\\/strong><em>:<\\/em><br><em>Client <\\/em>: Mireille Pouchol<br><em>Email<\\/em> : mireille2pouchol@gmail.com<br><em>T\\u00e9l\\u00e9phone<\\/em> : 0683580685<br><em>Prestation<\\/em> : Soin \\u00e0 vis\\u00e9e th\\u00e9rapeutique<br><em>Date et heure<\\/em> : 21\\/03\\/2023 \\u00e0 10:00<br><em>Lieu<\\/em> : 14 Boulevard Paul d\'Avignon, 04380 Thoard \",\"icsFiles\":[]}'),(43,29,9,NULL,8,NULL,'2023-03-01 09:13:04',1,'{\"subject\":\"Formation Reiki 1er Degr\\u00e9 - Shoden : Formation r\\u00e9serv\\u00e9e\",\"body\":\"Cher(e) %<strong>customer_full_name<\\/strong>%,<br><br>Vous vous \\u00eates inscrit avec succ\\u00e8s pour la formation au %<strong>event_name<\\/strong>%. Nous vous attendons au %<strong>event_location<\\/strong>% le %<strong>event_start_date<\\/strong>% \\u00e0 %<strong>event_start_time<\\/strong>%.<br><br>Cordialement,<br><em>THIERRY PARIAN<\\/em>\",\"icsFiles\":[]}'),(44,35,1,NULL,8,NULL,'2023-03-01 09:13:05',1,'{\"subject\":\"Formation Reiki 1er Degr\\u00e9 - Shoden : Formation r\\u00e9serv\\u00e9e\",\"body\":\"Bonjour <strong>THIERRY PARIAN<\\/strong>,<br><br>Vous avez une formation pour <strong>Formation Reiki 1er Degr\\u00e9 - Shoden<\\/strong> confirm\\u00e9e \\u00e0 <strong>Formation au Reiki \\u00e0 Sorgues<\\/strong> le <strong>18\\/03\\/2023 09:00<\\/strong>. L\'\\u00e9v\\u00e9nement est ajout\\u00e9 \\u00e0 votre agenda.<br><br><strong><u>R\\u00e9capitulatif de la r\\u00e9servation<\\/u> :<\\/strong><br><em>Client<\\/em> : Marie-Christine DEHOVE<br><em>Email<\\/em> : dehovemchristine@gmail.com<br><em>T\\u00e9l\\u00e9phone<\\/em> : +33663368046<br><em>Formation<\\/em> : Formation Reiki 1er Degr\\u00e9 - Shoden<br><em>Date et heure<\\/em> : Le 18\\/03\\/2023 \\u00e0 09:00\",\"icsFiles\":[]}'),(45,1,15,14,NULL,NULL,'2023-03-01 16:30:14',1,'{\"subject\":\"1\\u00e8re S\\u00e9ance \\u00e0 vis\\u00e9e th\\u00e9rapeutique : Rendez-vous approuv\\u00e9\",\"body\":\"Cher(e) <strong>Manon LATIL<\\/strong>,<br><br>Votre rendez-vous pour la prestation <strong>1\\u00e8re S\\u00e9ance \\u00e0 vis\\u00e9e th\\u00e9rapeutique<\\/strong> avec <strong>THIERRY PARIAN<\\/strong> a \\u00e9t\\u00e9 valid\\u00e9. Nous vous attendons \\u00e0 <strong> 296 Avenue du Griffon, Sorgues<\\/strong> le <strong>06\\/03\\/2023<\\/strong> \\u00e0 <strong>17:00<\\/strong>.<br><br>Merci pour votre demande de r\\u00e9servation,<br><strong><em>THIERRY PARIAN<\\/em><\\/strong><br>\",\"icsFiles\":[]}'),(46,9,1,14,NULL,NULL,'2023-03-01 16:30:14',1,'{\"subject\":\"1\\u00e8re S\\u00e9ance \\u00e0 vis\\u00e9e th\\u00e9rapeutique : Rendez-vous approuv\\u00e9\",\"body\":\"Bonjour <strong>THIERRY PARIAN<\\/strong>,<br><br>Vous avez un rendez-vous de confirm\\u00e9 pour la prestation <strong>1\\u00e8re S\\u00e9ance \\u00e0 vis\\u00e9e th\\u00e9rapeutique<\\/strong>, \\u00e0 <strong>Sorgues<\\/strong> le <strong>06\\/03\\/2023<\\/strong> \\u00e0 <strong>17:00<\\/strong>.<br><br><strong><em><u>R\\u00e9capitulatif de la demande de RDV <\\/u><\\/em><\\/strong><em>:<\\/em><br><em>Client <\\/em>: Manon LATIL<br><em>Email<\\/em> : manonlatil84@gmail.com<br><em>T\\u00e9l\\u00e9phone<\\/em> : +33625005657<br><em>Prestation<\\/em> : 1\\u00e8re S\\u00e9ance \\u00e0 vis\\u00e9e th\\u00e9rapeutique<br><em>Date et heure<\\/em> : 06\\/03\\/2023 \\u00e0 17:00<br><em>Lieu<\\/em> :  296 Avenue du Griffon, Sorgues\",\"icsFiles\":[]}'),(47,1,16,15,NULL,NULL,'2023-03-02 15:31:44',1,'{\"subject\":\"1\\u00e8re S\\u00e9ance \\u00e0 vis\\u00e9e th\\u00e9rapeutique : Rendez-vous approuv\\u00e9\",\"body\":\"Cher(e) <strong>Mireille PERQUE<\\/strong>,<br><br>Votre rendez-vous pour la prestation <strong>1\\u00e8re S\\u00e9ance \\u00e0 vis\\u00e9e th\\u00e9rapeutique<\\/strong> avec <strong>THIERRY PARIAN<\\/strong> a \\u00e9t\\u00e9 valid\\u00e9. Nous vous attendons \\u00e0 <strong> 296 Avenue du Griffon, Sorgues<\\/strong> le <strong>03\\/03\\/2023<\\/strong> \\u00e0 <strong>18:00<\\/strong>.<br><br>Merci pour votre demande de r\\u00e9servation,<br><strong><em>THIERRY PARIAN<\\/em><\\/strong><br>\",\"icsFiles\":[]}'),(48,9,1,15,NULL,NULL,'2023-03-02 15:31:45',1,'{\"subject\":\"1\\u00e8re S\\u00e9ance \\u00e0 vis\\u00e9e th\\u00e9rapeutique : Rendez-vous approuv\\u00e9\",\"body\":\"Bonjour <strong>THIERRY PARIAN<\\/strong>,<br><br>Vous avez un rendez-vous de confirm\\u00e9 pour la prestation <strong>1\\u00e8re S\\u00e9ance \\u00e0 vis\\u00e9e th\\u00e9rapeutique<\\/strong>, \\u00e0 <strong>Sorgues<\\/strong> le <strong>03\\/03\\/2023<\\/strong> \\u00e0 <strong>18:00<\\/strong>.<br><br><strong><em><u>R\\u00e9capitulatif de la demande de RDV <\\/u><\\/em><\\/strong><em>:<\\/em><br><em>Client <\\/em>: Mireille PERQUE<br><em>Email<\\/em> : mireille-perque@orange.fr<br><em>T\\u00e9l\\u00e9phone<\\/em> : +33785590767<br><em>Prestation<\\/em> : 1\\u00e8re S\\u00e9ance \\u00e0 vis\\u00e9e th\\u00e9rapeutique<br><em>Date et heure<\\/em> : 03\\/03\\/2023 \\u00e0 18:00<br><em>Lieu<\\/em> :  296 Avenue du Griffon, Sorgues\",\"icsFiles\":[]}'),(49,9,1,16,NULL,NULL,'2023-03-03 17:15:06',1,'{\"subject\":\"Soin \\u00e0 vis\\u00e9e th\\u00e9rapeutique : Rendez-vous approuv\\u00e9\",\"body\":\"Bonjour <strong>THIERRY PARIAN<\\/strong>,<br><br>Vous avez un rendez-vous de confirm\\u00e9 pour la prestation <strong>Soin \\u00e0 vis\\u00e9e th\\u00e9rapeutique<\\/strong>, \\u00e0 <strong>Sorgues<\\/strong> le <strong>13\\/03\\/2023<\\/strong> \\u00e0 <strong>17:00<\\/strong>.<br><br><strong><em><u>R\\u00e9capitulatif de la demande de RDV <\\/u><\\/em><\\/strong><em>:<\\/em><br><em>Client <\\/em>: Ir\\u00e8ne LATIL<br><em>Email<\\/em> : <br><em>T\\u00e9l\\u00e9phone<\\/em> : +33629211121<br><em>Prestation<\\/em> : Soin \\u00e0 vis\\u00e9e th\\u00e9rapeutique<br><em>Date et heure<\\/em> : 13\\/03\\/2023 \\u00e0 17:00<br><em>Lieu<\\/em> :  296 Avenue du Griffon, Sorgues\",\"icsFiles\":[]}'),(50,9,1,17,NULL,NULL,'2023-03-03 17:16:59',1,'{\"subject\":\"Soin \\u00e0 vis\\u00e9e th\\u00e9rapeutique : Rendez-vous approuv\\u00e9\",\"body\":\"Bonjour <strong>THIERRY PARIAN<\\/strong>,<br><br>Vous avez un rendez-vous de confirm\\u00e9 pour la prestation <strong>Soin \\u00e0 vis\\u00e9e th\\u00e9rapeutique<\\/strong>, \\u00e0 <strong>Sorgues<\\/strong> le <strong>20\\/03\\/2023<\\/strong> \\u00e0 <strong>18:00<\\/strong>.<br><br><strong><em><u>R\\u00e9capitulatif de la demande de RDV <\\/u><\\/em><\\/strong><em>:<\\/em><br><em>Client <\\/em>: Ir\\u00e8ne LATIL<br><em>Email<\\/em> : <br><em>T\\u00e9l\\u00e9phone<\\/em> : +33629211121<br><em>Prestation<\\/em> : Soin \\u00e0 vis\\u00e9e th\\u00e9rapeutique<br><em>Date et heure<\\/em> : 20\\/03\\/2023 \\u00e0 18:00<br><em>Lieu<\\/em> :  296 Avenue du Griffon, Sorgues\",\"icsFiles\":[]}'),(51,9,1,18,NULL,NULL,'2023-03-03 17:18:26',1,'{\"subject\":\"Soin \\u00e0 vis\\u00e9e th\\u00e9rapeutique : Rendez-vous approuv\\u00e9\",\"body\":\"Bonjour <strong>THIERRY PARIAN<\\/strong>,<br><br>Vous avez un rendez-vous de confirm\\u00e9 pour la prestation <strong>Soin \\u00e0 vis\\u00e9e th\\u00e9rapeutique<\\/strong>, \\u00e0 <strong>Sorgues<\\/strong> le <strong>28\\/03\\/2023<\\/strong> \\u00e0 <strong>17:00<\\/strong>.<br><br><strong><em><u>R\\u00e9capitulatif de la demande de RDV <\\/u><\\/em><\\/strong><em>:<\\/em><br><em>Client <\\/em>: Ir\\u00e8ne LATIL<br><em>Email<\\/em> : <br><em>T\\u00e9l\\u00e9phone<\\/em> : +33629211121<br><em>Prestation<\\/em> : Soin \\u00e0 vis\\u00e9e th\\u00e9rapeutique<br><em>Date et heure<\\/em> : 28\\/03\\/2023 \\u00e0 17:00<br><em>Lieu<\\/em> :  296 Avenue du Griffon, Sorgues\",\"icsFiles\":[]}'),(52,1,20,19,NULL,NULL,'2023-03-04 08:40:30',1,'{\"subject\":\"S\\u00e9ance Acupuncture Esth\\u00e9tique (Suivi) : Rendez-vous approuv\\u00e9\",\"body\":\"Cher(e) <strong>Margot Daridan<\\/strong>,<br><br>Votre rendez-vous pour la prestation <strong>S\\u00e9ance Acupuncture Esth\\u00e9tique (Suivi)<\\/strong> avec <strong>THIERRY PARIAN<\\/strong> a \\u00e9t\\u00e9 valid\\u00e9. Nous vous attendons \\u00e0 <strong> 296 Avenue du Griffon, Sorgues<\\/strong> le <strong>06\\/03\\/2023<\\/strong> \\u00e0 <strong>18:30<\\/strong>.<br><br>Merci pour votre demande de r\\u00e9servation,<br><strong><em>THIERRY PARIAN<\\/em><\\/strong><br>\",\"icsFiles\":[]}'),(53,9,1,19,NULL,NULL,'2023-03-04 08:40:31',1,'{\"subject\":\"S\\u00e9ance Acupuncture Esth\\u00e9tique (Suivi) : Rendez-vous approuv\\u00e9\",\"body\":\"Bonjour <strong>THIERRY PARIAN<\\/strong>,<br><br>Vous avez un rendez-vous de confirm\\u00e9 pour la prestation <strong>S\\u00e9ance Acupuncture Esth\\u00e9tique (Suivi)<\\/strong>, \\u00e0 <strong>Sorgues<\\/strong> le <strong>06\\/03\\/2023<\\/strong> \\u00e0 <strong>18:30<\\/strong>.<br><br><strong><em><u>R\\u00e9capitulatif de la demande de RDV <\\/u><\\/em><\\/strong><em>:<\\/em><br><em>Client <\\/em>: Margot Daridan<br><em>Email<\\/em> : dess.margot@gmail.com<br><em>T\\u00e9l\\u00e9phone<\\/em> : +33785350475<br><em>Prestation<\\/em> : S\\u00e9ance Acupuncture Esth\\u00e9tique (Suivi)<br><em>Date et heure<\\/em> : 06\\/03\\/2023 \\u00e0 18:30<br><em>Lieu<\\/em> :  296 Avenue du Griffon, Sorgues\",\"icsFiles\":[]}'),(54,29,21,NULL,6,NULL,'2023-03-06 11:01:01',1,'{\"subject\":\"Rencontres et Partages : Formation r\\u00e9serv\\u00e9e\",\"body\":\"Cher(e) %<strong>customer_full_name<\\/strong>%,<br><br>Vous vous \\u00eates inscrit avec succ\\u00e8s pour la formation au %<strong>event_name<\\/strong>%. Nous vous attendons au %<strong>event_location<\\/strong>% le %<strong>event_start_date<\\/strong>% \\u00e0 %<strong>event_start_time<\\/strong>%.<br><br>Cordialement,<br><em>THIERRY PARIAN<\\/em>\",\"icsFiles\":[]}'),(55,35,1,NULL,6,NULL,'2023-03-06 11:01:02',0,'{\"subject\":\"Rencontres et Partages : Formation r\\u00e9serv\\u00e9e\",\"body\":\"Bonjour <strong>THIERRY PARIAN<\\/strong>,<br><br>Vous avez une formation pour <strong>Rencontres et Partages<\\/strong> confirm\\u00e9e \\u00e0 <strong>Formation au Reiki \\u00e0 Sorgues<\\/strong> le <strong>06\\/04\\/2023 19:00<\\/strong>. L\'\\u00e9v\\u00e9nement est ajout\\u00e9 \\u00e0 votre agenda.<br><br><strong><u>R\\u00e9capitulatif de la r\\u00e9servation<\\/u> :<\\/strong><br><em>Client<\\/em> : Nico Test<br><em>Email<\\/em> : nmarque@incomm.fr<br><em>T\\u00e9l\\u00e9phone<\\/em> : +33606060606<br><em>Formation<\\/em> : Rencontres et Partages<br><em>Date et heure<\\/em> : Le 06\\/04\\/2023 \\u00e0 19:00\",\"icsFiles\":[]}'),(56,29,2,NULL,7,NULL,'2023-03-06 11:04:28',1,'{\"subject\":\"Rencontres et Partages : Formation r\\u00e9serv\\u00e9e\",\"body\":\"Cher(e) %<strong>customer_full_name<\\/strong>%,<br><br>Vous vous \\u00eates inscrit avec succ\\u00e8s pour la formation au %<strong>event_name<\\/strong>%. Nous vous attendons au %<strong>event_location<\\/strong>% le %<strong>event_start_date<\\/strong>% \\u00e0 %<strong>event_start_time<\\/strong>%.<br><br>Cordialement,<br><em>THIERRY PARIAN<\\/em>\",\"icsFiles\":[]}'),(57,35,1,NULL,7,NULL,'2023-03-06 11:04:29',1,'{\"subject\":\"Rencontres et Partages : Formation r\\u00e9serv\\u00e9e\",\"body\":\"Bonjour <strong>THIERRY PARIAN<\\/strong>,<br><br>Vous avez une formation pour <strong>Rencontres et Partages<\\/strong> confirm\\u00e9e \\u00e0 <strong>Formation au Reiki \\u00e0 Sorgues<\\/strong> le <strong>04\\/05\\/2023 19:00<\\/strong>. L\'\\u00e9v\\u00e9nement est ajout\\u00e9 \\u00e0 votre agenda.<br><br><strong><u>R\\u00e9capitulatif de la r\\u00e9servation<\\/u> :<\\/strong><br><em>Client<\\/em> : incomm-wordpressgmail-com incomm-wordpressgmail-com<br><em>Email<\\/em> : incomm.wordpress@gmail.com<br><em>T\\u00e9l\\u00e9phone<\\/em> : +33606060606<br><em>Formation<\\/em> : Rencontres et Partages<br><em>Date et heure<\\/em> : Le 04\\/05\\/2023 \\u00e0 19:00\",\"icsFiles\":[]}'),(58,30,21,NULL,6,NULL,'2023-03-06 11:24:56',1,'{\"subject\":\"Rencontres et Partages : Ev\\u00e9nement annul\\u00e9 par l\'administrateur\",\"body\":\"Cher(e) <strong>Nico Test<\\/strong>,<br><br>Votre formation pour la prestation<strong> Rencontres et Partages<\\/strong>, pr\\u00e9vue le <strong>06\\/04\\/2023 19:00<\\/strong> \\u00e0 <strong>Formation au Reiki \\u00e0 Sorgues<\\/strong> a \\u00e9t\\u00e9 annul\\u00e9e.<br><br>Cordialement,<br><em>THIERRY PARIAN<\\/em>\",\"icsFiles\":[]}'),(59,30,2,NULL,7,NULL,'2023-03-06 11:25:29',1,'{\"subject\":\"Rencontres et Partages : Ev\\u00e9nement annul\\u00e9 par l\'administrateur\",\"body\":\"Cher(e) <strong>incomm-wordpressgmail-com incomm-wordpressgmail-com<\\/strong>,<br><br>Votre formation pour la prestation<strong> Rencontres et Partages<\\/strong>, pr\\u00e9vue le <strong>04\\/05\\/2023 19:00<\\/strong> \\u00e0 <strong>Formation au Reiki \\u00e0 Sorgues<\\/strong> a \\u00e9t\\u00e9 annul\\u00e9e.<br><br>Cordialement,<br><em>THIERRY PARIAN<\\/em>\",\"icsFiles\":[]}'),(60,1,15,20,NULL,NULL,'2023-03-06 17:50:39',1,'{\"subject\":\"1\\u00e8re S\\u00e9ance \\u00e0 vis\\u00e9e th\\u00e9rapeutique : Rendez-vous approuv\\u00e9\",\"body\":\"Cher(e) <strong>Manon LATIL<\\/strong>,<br><br>Votre rendez-vous pour la prestation <strong>1\\u00e8re S\\u00e9ance \\u00e0 vis\\u00e9e th\\u00e9rapeutique<\\/strong> avec <strong>THIERRY PARIAN<\\/strong> a \\u00e9t\\u00e9 valid\\u00e9. Nous vous attendons \\u00e0 <strong> 296 Avenue du Griffon, Sorgues<\\/strong> le <strong>20\\/03\\/2023<\\/strong> \\u00e0 <strong>14:00<\\/strong>.<br><br>Merci pour votre demande de r\\u00e9servation,<br><strong><em>THIERRY PARIAN<\\/em><\\/strong><br>\",\"icsFiles\":[]}'),(61,9,1,20,NULL,NULL,'2023-03-06 17:50:40',1,'{\"subject\":\"1\\u00e8re S\\u00e9ance \\u00e0 vis\\u00e9e th\\u00e9rapeutique : Rendez-vous approuv\\u00e9\",\"body\":\"Bonjour <strong>THIERRY PARIAN<\\/strong>,<br><br>Vous avez un rendez-vous de confirm\\u00e9 pour la prestation <strong>1\\u00e8re S\\u00e9ance \\u00e0 vis\\u00e9e th\\u00e9rapeutique<\\/strong>, \\u00e0 <strong>Sorgues<\\/strong> le <strong>20\\/03\\/2023<\\/strong> \\u00e0 <strong>14:00<\\/strong>.<br><br><strong><em><u>R\\u00e9capitulatif de la demande de RDV <\\/u><\\/em><\\/strong><em>:<\\/em><br><em>Client <\\/em>: Manon LATIL<br><em>Email<\\/em> : manonlatil84@gmail.com<br><em>T\\u00e9l\\u00e9phone<\\/em> : +33625005657<br><em>Prestation<\\/em> : 1\\u00e8re S\\u00e9ance \\u00e0 vis\\u00e9e th\\u00e9rapeutique<br><em>Date et heure<\\/em> : 20\\/03\\/2023 \\u00e0 14:00<br><em>Lieu<\\/em> :  296 Avenue du Griffon, Sorgues\",\"icsFiles\":[]}'),(62,5,15,20,NULL,NULL,'2023-03-06 18:59:37',1,'{\"subject\":\"Soin \\u00e0 vis\\u00e9e th\\u00e9rapeutique : Rendez-vous report\\u00e9\",\"body\":\"Cher(e) <strong>Manon LATIL<\\/strong>,<br><br>Les d\\u00e9tails de votre rendez-vous pour la prestation <strong>Soin \\u00e0 vis\\u00e9e th\\u00e9rapeutique<\\/strong> avec <strong>THIERRY PARIAN<\\/strong> \\u00e0 <strong>Sorgues<\\/strong> ont \\u00e9t\\u00e9 modifi\\u00e9s. Le rendez-vous est maintenant fix\\u00e9 pour le <strong>20\\/03\\/2023<\\/strong> \\u00e0 <strong>19:00<\\/strong>.<br><br>&nbsp;Merci pour votre compr\\u00e9hension,<br><strong><em>THIERRY PARIAN<\\/em><\\/strong><br>\",\"icsFiles\":[]}'),(63,13,1,20,NULL,NULL,'2023-03-06 18:59:38',1,'{\"subject\":\"Soin \\u00e0 vis\\u00e9e th\\u00e9rapeutique Appointment Rescheduled\",\"body\":\"Hi <strong>THIERRY PARIAN<\\/strong>,<br><br>Les d\\u00e9tails de votre rendez-vous pour la prestation <strong>Soin \\u00e0 vis\\u00e9e th\\u00e9rapeutique<\\/strong> \\u00e0 <strong>Sorgues<\\/strong> ont \\u00e9t\\u00e9 modifi\\u00e9s. Le rendez-vous est maintenant fix\\u00e9 pour le <strong>20\\/03\\/2023<\\/strong> \\u00e0 <strong>19:00<\\/strong>.<br><br><br><strong><em>R\\u00e9capitulatif de la demande de RDV<\\/em><\\/strong><em><u> <\\/u>:<\\/em><br><em>Client <\\/em>: Manon LATIL<br><em>Email<\\/em> : manonlatil84@gmail.com<br><em>T\\u00e9l\\u00e9phone<\\/em> : +33625005657<br><em>Prestation<\\/em> : Soin \\u00e0 vis\\u00e9e th\\u00e9rapeutique<br><em>Date et heure<\\/em> : 20\\/03\\/2023 \\u00e0 19:00<br><em>Lieu<\\/em> :  296 Avenue du Griffon, Sorgues\",\"icsFiles\":[]}'),(64,5,10,8,NULL,NULL,'2023-03-08 01:49:16',1,'{\"subject\":\"Soin \\u00e0 vis\\u00e9e th\\u00e9rapeutique : Rendez-vous report\\u00e9\",\"body\":\"Cher(e) <strong>Isabelle<\\/strong>,<br><br>Les d\\u00e9tails de votre rendez-vous pour la prestation <strong>Soin \\u00e0 vis\\u00e9e th\\u00e9rapeutique<\\/strong> avec <strong>THIERRY PARIAN<\\/strong> \\u00e0 <strong>Sorgues<\\/strong> ont \\u00e9t\\u00e9 modifi\\u00e9s. Le rendez-vous est maintenant fix\\u00e9 pour le <strong>08\\/03\\/2023<\\/strong> \\u00e0 <strong>17:00<\\/strong>.<br><br>&nbsp;Merci pour votre compr\\u00e9hension,<br><strong><em>THIERRY PARIAN<\\/em><\\/strong>\",\"icsFiles\":[]}'),(65,13,1,8,NULL,NULL,'2023-03-08 01:49:17',1,'{\"subject\":\"Soin \\u00e0 vis\\u00e9e th\\u00e9rapeutique Appointment Rescheduled\",\"body\":\"Bonjour <strong>THIERRY<\\/strong>,<br><br>Les d\\u00e9tails de votre rendez-vous pour la prestation <strong>Soin \\u00e0 vis\\u00e9e th\\u00e9rapeutique<\\/strong> \\u00e0 <strong>Sorgues<\\/strong> ont \\u00e9t\\u00e9 modifi\\u00e9s. Le rendez-vous est maintenant fix\\u00e9 pour le <strong>08\\/03\\/2023<\\/strong> \\u00e0 <strong>17:00<\\/strong>.<br><br><br><strong><em>R\\u00e9capitulatif de la demande de RDV<\\/em><\\/strong><em><u> <\\/u>:<\\/em><br><em>Client <\\/em>: Isabelle Sellier<br><em>Email<\\/em> : isabellesellier48@gmail.com<br><em>T\\u00e9l\\u00e9phone<\\/em> : 0643053935<br><em>Prestation<\\/em> : Soin \\u00e0 vis\\u00e9e th\\u00e9rapeutique<br><em>Date et heure<\\/em> : 08\\/03\\/2023 \\u00e0 17:00<br><em>Lieu<\\/em> :  296 Avenue du Griffon, Sorgues\",\"icsFiles\":[]}'),(66,29,22,NULL,6,NULL,'2023-03-08 15:09:24',1,'{\"subject\":\"Rencontres et Partages : Formation r\\u00e9serv\\u00e9e\",\"body\":\"Cher(e) <strong>contactinstitutphenixenergetique-fr<\\/strong>,<br><br>Vous vous \\u00eates inscrit avec succ\\u00e8s pour la formation au %<strong>event_name<\\/strong>%. Nous vous attendons au %<strong>event_location<\\/strong>% le %<strong>event_start_date<\\/strong>% \\u00e0 %<strong>event_start_time<\\/strong>%.<br><br>Cordialement,<br><em>THIERRY PARIAN<\\/em>\",\"icsFiles\":[]}'),(67,35,1,NULL,6,NULL,'2023-03-08 15:09:24',1,'{\"subject\":\"Rencontres et Partages : Formation r\\u00e9serv\\u00e9e\",\"body\":\"Bonjour <strong>THIERRY PARIAN<\\/strong>,<br><br>Vous avez une formation pour <strong>Rencontres et Partages<\\/strong> confirm\\u00e9e \\u00e0 <strong>Formation au Reiki \\u00e0 Sorgues<\\/strong> le <strong>06\\/04\\/2023 19:00<\\/strong>. L\'\\u00e9v\\u00e9nement est ajout\\u00e9 \\u00e0 votre agenda.<br><br><strong><u>R\\u00e9capitulatif de la r\\u00e9servation<\\/u> :<\\/strong><br><em>Client<\\/em> : contactinstitutphenixenergetique-fr contactinstitutphenixenergetique-fr<br><em>Email<\\/em> : contact@institut-phenix-energetique.fr<br><em>T\\u00e9l\\u00e9phone<\\/em> : <br><em>Formation<\\/em> : Rencontres et Partages<br><em>Date et heure<\\/em> : Le 06\\/04\\/2023 \\u00e0 19:00\",\"icsFiles\":[]}'),(68,1,10,21,NULL,NULL,'2023-03-08 17:11:53',1,'{\"subject\":\"Soin \\u00e0 vis\\u00e9e th\\u00e9rapeutique : Rendez-vous approuv\\u00e9\",\"body\":\"Cher(e) <strong>Isabelle<\\/strong>,<br><br>Votre rendez-vous pour la prestation <strong>Soin \\u00e0 vis\\u00e9e th\\u00e9rapeutique<\\/strong> avec <strong>THIERRY PARIAN<\\/strong> a \\u00e9t\\u00e9 valid\\u00e9. Nous vous attendons \\u00e0 <strong> 296 Avenue du Griffon, Sorgues<\\/strong> le <strong>04\\/04\\/2023<\\/strong> \\u00e0 <strong>16:00<\\/strong>.<br><br>Merci pour votre demande de r\\u00e9servation,<br><strong><em>THIERRY PARIAN<\\/em><\\/strong>\",\"icsFiles\":[]}'),(69,9,1,21,NULL,NULL,'2023-03-08 17:11:53',1,'{\"subject\":\"Soin \\u00e0 vis\\u00e9e th\\u00e9rapeutique : Rendez-vous approuv\\u00e9\",\"body\":\"Bonjour <strong>THIERRY<\\/strong>,<br><br>Vous avez un rendez-vous de confirm\\u00e9 pour la prestation <strong>Soin \\u00e0 vis\\u00e9e th\\u00e9rapeutique<\\/strong>, \\u00e0 <strong>Sorgues<\\/strong> le <strong>04\\/04\\/2023<\\/strong> \\u00e0 <strong>16:00<\\/strong>.<br><br><strong><em><u>R\\u00e9capitulatif de la demande de RDV <\\/u><\\/em><\\/strong><em>:<\\/em><br><em>Client <\\/em>: Isabelle SELLIER<br><em>Email<\\/em> : isabellesellier48@gmail.com<br><em>T\\u00e9l\\u00e9phone<\\/em> : +33643053935<br><em>Prestation<\\/em> : Soin \\u00e0 vis\\u00e9e th\\u00e9rapeutique<br><em>Date et heure<\\/em> : 04\\/04\\/2023 \\u00e0 16:00<br><em>Lieu<\\/em> :  296 Avenue du Griffon, Sorgues\",\"icsFiles\":[]}'),(70,1,10,22,NULL,NULL,'2023-03-09 14:19:56',1,'{\"subject\":\"1\\u00e8re S\\u00e9ance \\u00e0 vis\\u00e9e th\\u00e9rapeutique : Rendez-vous approuv\\u00e9\",\"body\":\"Cher(e) <strong>Jessica<\\/strong>,<br><br>Votre rendez-vous pour la prestation <strong>1\\u00e8re S\\u00e9ance \\u00e0 vis\\u00e9e th\\u00e9rapeutique<\\/strong> avec <strong>THIERRY PARIAN<\\/strong> a \\u00e9t\\u00e9 valid\\u00e9. Nous vous attendons \\u00e0 <strong> 296 Avenue du Griffon, Sorgues<\\/strong> le <strong>13\\/03\\/2023<\\/strong> \\u00e0 <strong>18:00<\\/strong>.<br><br>Merci pour votre demande de r\\u00e9servation,<br><strong><em>THIERRY PARIAN<\\/em><\\/strong>\",\"icsFiles\":[]}'),(71,9,1,22,NULL,NULL,'2023-03-09 14:19:57',1,'{\"subject\":\"1\\u00e8re S\\u00e9ance \\u00e0 vis\\u00e9e th\\u00e9rapeutique : Rendez-vous approuv\\u00e9\",\"body\":\"Bonjour <strong>THIERRY<\\/strong>,<br><br>Vous avez un rendez-vous de confirm\\u00e9 pour la prestation <strong>1\\u00e8re S\\u00e9ance \\u00e0 vis\\u00e9e th\\u00e9rapeutique<\\/strong>, \\u00e0 <strong>Sorgues<\\/strong> le <strong>13\\/03\\/2023<\\/strong> \\u00e0 <strong>18:00<\\/strong>.<br><br><strong><em><u>R\\u00e9capitulatif de la demande de RDV <\\/u><\\/em><\\/strong><em>:<\\/em><br><em>Client <\\/em>: Jessica LAURENT<br><em>Email<\\/em> : isabellesellier48@gmail.com<br><em>T\\u00e9l\\u00e9phone<\\/em> : +33695444047<br><em>Prestation<\\/em> : 1\\u00e8re S\\u00e9ance \\u00e0 vis\\u00e9e th\\u00e9rapeutique<br><em>Date et heure<\\/em> : 13\\/03\\/2023 \\u00e0 18:00<br><em>Lieu<\\/em> :  296 Avenue du Griffon, Sorgues\",\"icsFiles\":[]}'),(72,29,23,NULL,7,NULL,'2023-03-10 10:23:56',1,'{\"subject\":\"Rencontres et Partages : Formation r\\u00e9serv\\u00e9e\",\"body\":\"Cher(e) <strong>Thierry<\\/strong>,<br><br>Vous vous \\u00eates inscrit avec succ\\u00e8s pour la formation au %<strong>event_name<\\/strong>%. Nous vous attendons au %<strong>event_location<\\/strong>% le %<strong>event_start_date<\\/strong>% \\u00e0 %<strong>event_start_time<\\/strong>%.<br><br>Cordialement,<br><em>THIERRY PARIAN<\\/em>\",\"icsFiles\":[]}'),(73,35,1,NULL,7,NULL,'2023-03-10 10:23:57',1,'{\"subject\":\"Rencontres et Partages : Formation r\\u00e9serv\\u00e9e\",\"body\":\"Bonjour <strong>THIERRY PARIAN<\\/strong>,<br><br>Vous avez une formation pour <strong>Rencontres et Partages<\\/strong> confirm\\u00e9e \\u00e0 <strong>Formation au Reiki \\u00e0 Sorgues<\\/strong> le <strong>04\\/05\\/2023 19:00<\\/strong>. L\'\\u00e9v\\u00e9nement est ajout\\u00e9 \\u00e0 votre agenda.<br><br><strong><u>R\\u00e9capitulatif de la r\\u00e9servation<\\/u> :<\\/strong><br><em>Client<\\/em> : Thierry PARIAN<br><em>Email<\\/em> : thierry.parian@institut-phenix-energetique.fr<br><em>T\\u00e9l\\u00e9phone<\\/em> : +33615245210<br><em>Formation<\\/em> : Rencontres et Partages<br><em>Date et heure<\\/em> : Le 04\\/05\\/2023 \\u00e0 19:00\",\"icsFiles\":[]}'),(74,30,22,NULL,6,NULL,'2023-03-10 11:17:59',1,'{\"subject\":\"Rencontres et Partages : Ev\\u00e9nement annul\\u00e9 par l\'administrateur\",\"body\":\"Cher(e) <strong>contactinstitutphenixenergetique-fr<\\/strong>,<br><br>Votre formation pour la prestation<strong> Rencontres et Partages<\\/strong>, pr\\u00e9vue le <strong>06\\/04\\/2023 19:00<\\/strong> \\u00e0 <strong>Formation au Reiki \\u00e0 Sorgues<\\/strong> a \\u00e9t\\u00e9 annul\\u00e9e.<br><br>Cordialement,<br><em>THIERRY PARIAN<\\/em>\",\"icsFiles\":[]}'),(75,30,23,NULL,7,NULL,'2023-03-10 11:18:23',1,'{\"subject\":\"Rencontres et Partages : Ev\\u00e9nement annul\\u00e9 par l\'administrateur\",\"body\":\"Cher(e) <strong>Thierry<\\/strong>,<br><br>Votre formation pour la prestation<strong> Rencontres et Partages<\\/strong>, pr\\u00e9vue le <strong>04\\/05\\/2023 19:00<\\/strong> \\u00e0 <strong>Formation au Reiki \\u00e0 Sorgues<\\/strong> a \\u00e9t\\u00e9 annul\\u00e9e.<br><br>Cordialement,<br><em>THIERRY PARIAN<\\/em>\",\"icsFiles\":[]}'),(76,29,24,NULL,7,NULL,'2023-03-13 09:05:30',1,'{\"subject\":\"Rencontres et Partages : Formation r\\u00e9serv\\u00e9e\",\"body\":\"Cher(e) <strong>Christelle<\\/strong>,<br><br>Vous vous \\u00eates inscrit avec succ\\u00e8s pour la formation au <strong>Rencontres et Partages<\\/strong>. Nous vous attendons au <strong>Formation au Reiki \\u00e0 Sorgues<\\/strong> le <strong>04\\/05\\/2023 <\\/strong>\\u00e0 <strong>19:00<\\/strong>.<br><br>Cordialement,<br><em>THIERRY PARIAN<\\/em>\",\"icsFiles\":[]}'),(77,35,1,NULL,7,NULL,'2023-03-13 09:05:31',1,'{\"subject\":\"Rencontres et Partages : Formation r\\u00e9serv\\u00e9e\",\"body\":\"Bonjour <strong>THIERRY PARIAN<\\/strong>,<br><br>Vous avez une formation pour <strong>Rencontres et Partages<\\/strong> confirm\\u00e9e \\u00e0 <strong>Formation au Reiki \\u00e0 Sorgues<\\/strong> le <strong>04\\/05\\/2023 19:00<\\/strong>. L\'\\u00e9v\\u00e9nement est ajout\\u00e9 \\u00e0 votre agenda.<br><br><strong><u>R\\u00e9capitulatif de la r\\u00e9servation<\\/u> :<\\/strong><br><em>Client<\\/em> : Christelle Rey<br><em>Email<\\/em> : christelle.rey8@hotmail.fr<br><em>T\\u00e9l\\u00e9phone<\\/em> : <br><em>Formation<\\/em> : Rencontres et Partages<br><em>Date et heure<\\/em> : Le 04\\/05\\/2023 \\u00e0 19:00\",\"icsFiles\":[]}'),(78,46,1,NULL,7,NULL,'2023-03-13 09:05:31',0,'{\"subject\":\"\",\"body\":\"Hi THIERRY PARIAN,\\n\\nYou have one confirmed Rencontres et Partages event at Formation au Reiki \\u00e0 Sorgues on 04\\/05\\/2023 19:00. The event is added to your schedule.\\n\\nThank you,\\nInstitut Ph\\u00e9nix Energ\\u00e9tique\",\"icsFiles\":[],\"historyId\":\"1\"}'),(79,10,1,23,NULL,NULL,'2023-03-13 19:30:52',1,'{\"subject\":\"Soin \\u00e0 vis\\u00e9e th\\u00e9rapeutique : Rendez-vous en attente\",\"body\":\"Bonjour <strong>THIERRY<\\/strong>,<br><br>Vous avez un rendez-vous en attente de validation pour la prestation <strong>Soin \\u00e0 vis\\u00e9e th\\u00e9rapeutique,<\\/strong> \\u00e0 <strong>Sorgues<\\/strong> le <strong>22\\/03\\/2023<\\/strong> \\u00e0 <strong>18:00<\\/strong>.<br><br><strong><em>R\\u00e9capitulatif de la demande de RDV :<\\/em><\\/strong><br><em>Client <\\/em>: Jessica LAURENT<br><em>Email<\\/em> : jessicalaurent@gmx.fr<br><em>T\\u00e9l\\u00e9phone<\\/em> : +33695444047<br><em>Prestation<\\/em> : Soin \\u00e0 vis\\u00e9e th\\u00e9rapeutique<br><em>Date et heure<\\/em> : 22\\/03\\/2023 \\u00e0 18:00<br><em>Lieu<\\/em> :  296 Avenue du Griffon, Sorgues\",\"icsFiles\":[]}'),(80,2,25,23,NULL,NULL,'2023-03-13 19:30:53',1,'{\"subject\":\"Soin \\u00e0 vis\\u00e9e th\\u00e9rapeutique : Rendez-vous en attente\",\"body\":\"Cher(e) <strong>Jessica<\\/strong>,<br><br>Votre rendez-vous pour la prestation <strong>Soin \\u00e0 vis\\u00e9e th\\u00e9rapeutique<\\/strong> avec <strong>THIERRY PARIAN<\\/strong> \\u00e0 <strong> 296 Avenue du Griffon, Sorgues<\\/strong> le <strong>22\\/03\\/2023<\\/strong> \\u00e0 <strong>18:00 <\\/strong>est en attente de validation.<br><br>Vous recevrez une notification d\\u00e8s que la r\\u00e9servation sera valid\\u00e9e.<br><br>Merci pour votre demande de r\\u00e9servation,<br><em>THIERRY PARIAN<\\/em>\",\"icsFiles\":[]}'),(81,24,1,23,NULL,NULL,'2023-03-13 19:30:53',0,'{\"subject\":\"\",\"body\":\"Hi THIERRY PARIAN,\\n                    \\nYou have new appointment in Soin \\u00e0 vis\\u00e9e th\\u00e9rapeutique. The appointment is waiting for a confirmation.\\n                    \\nThank you,\\nInstitut Ph\\u00e9nix Energ\\u00e9tique\",\"icsFiles\":[],\"historyId\":\"2\"}'),(82,16,25,23,NULL,NULL,'2023-03-13 19:30:54',0,'{\"subject\":\"\",\"body\":\"Dear Jessica LAURENT, \\n                    \\nThe Soin \\u00e0 vis\\u00e9e th\\u00e9rapeutique appointment with THIERRY PARIAN at  296 Avenue du Griffon, Sorgues, scheduled for 22\\/03\\/2023 18:00 is waiting for a confirmation.\\n                    \\nThank you for choosing our company,\\nInstitut Ph\\u00e9nix Energ\\u00e9tique\",\"icsFiles\":[],\"historyId\":\"3\"}'),(83,9,1,23,NULL,NULL,'2023-03-13 19:59:05',1,'{\"subject\":\"Soin \\u00e0 vis\\u00e9e th\\u00e9rapeutique : Rendez-vous approuv\\u00e9\",\"body\":\"Bonjour <strong>THIERRY<\\/strong>,<br><br>Vous avez un rendez-vous de confirm\\u00e9 pour la prestation <strong>Soin \\u00e0 vis\\u00e9e th\\u00e9rapeutique<\\/strong>, \\u00e0 <strong>Sorgues<\\/strong> le <strong>22\\/03\\/2023<\\/strong> \\u00e0 <strong>18:00<\\/strong>.<br><br><strong><em><u>R\\u00e9capitulatif de la demande de RDV <\\/u><\\/em><\\/strong><em>:<\\/em><br><em>Client <\\/em>: Jessica LAURENT<br><em>Email<\\/em> : jessicalaurent@gmx.fr<br><em>T\\u00e9l\\u00e9phone<\\/em> : +33695444047<br><em>Prestation<\\/em> : Soin \\u00e0 vis\\u00e9e th\\u00e9rapeutique<br><em>Date et heure<\\/em> : 22\\/03\\/2023 \\u00e0 18:00<br><em>Lieu<\\/em> :  296 Avenue du Griffon, Sorgues\",\"icsFiles\":[]}'),(84,1,25,23,NULL,NULL,'2023-03-13 19:59:05',1,'{\"subject\":\"Soin \\u00e0 vis\\u00e9e th\\u00e9rapeutique : Rendez-vous approuv\\u00e9\",\"body\":\"Cher(e) <strong>Jessica<\\/strong>,<br><br>Votre rendez-vous pour la prestation <strong>Soin \\u00e0 vis\\u00e9e th\\u00e9rapeutique<\\/strong> avec <strong>THIERRY PARIAN<\\/strong> a \\u00e9t\\u00e9 valid\\u00e9. Nous vous attendons \\u00e0 <strong> 296 Avenue du Griffon, Sorgues<\\/strong> le <strong>22\\/03\\/2023<\\/strong> \\u00e0 <strong>18:00<\\/strong>.<br><br>Merci pour votre demande de r\\u00e9servation,<br><strong><em>THIERRY PARIAN<\\/em><\\/strong>\",\"icsFiles\":[]}'),(85,23,1,23,NULL,NULL,'2023-03-13 19:59:06',0,'{\"subject\":\"\",\"body\":\"Hi THIERRY PARIAN,\\n                    \\nYou have one confirmed Soin \\u00e0 vis\\u00e9e th\\u00e9rapeutique appointment at Sorgues on 22\\/03\\/2023 at 18:00. The appointment is added to your schedule.\\n                    \\nThank you,\\nInstitut Ph\\u00e9nix Energ\\u00e9tique\",\"icsFiles\":[],\"historyId\":\"4\"}'),(86,15,25,23,NULL,NULL,'2023-03-13 19:59:06',0,'{\"subject\":\"\",\"body\":\"Dear Jessica LAURENT,\\n\\nYou have successfully scheduled Soin \\u00e0 vis\\u00e9e th\\u00e9rapeutique appointment with THIERRY PARIAN. We are waiting for you at  296 Avenue du Griffon, Sorgues on 22\\/03\\/2023 18:00.\\n\\nThank you for choosing our company,\\nInstitut Ph\\u00e9nix Energ\\u00e9tique\",\"icsFiles\":[],\"historyId\":\"5\"}'),(87,5,11,13,NULL,NULL,'2023-03-20 07:53:23',1,'{\"subject\":\"Soin \\u00e0 vis\\u00e9e th\\u00e9rapeutique : Rendez-vous report\\u00e9\",\"body\":\"Cher(e) <strong>Mireille<\\/strong>,<br><br>Les d\\u00e9tails de votre rendez-vous pour la prestation <strong>Soin \\u00e0 vis\\u00e9e th\\u00e9rapeutique<\\/strong> avec <strong>THIERRY PARIAN<\\/strong> \\u00e0 <strong>Thoard<\\/strong> ont \\u00e9t\\u00e9 modifi\\u00e9s. Le rendez-vous est maintenant fix\\u00e9 pour le <strong>24\\/04\\/2023<\\/strong> \\u00e0 <strong>10:00<\\/strong>.<br><br>&nbsp;Merci pour votre compr\\u00e9hension,<br><strong><em>THIERRY PARIAN<\\/em><\\/strong>\",\"icsFiles\":[]}'),(88,13,1,13,NULL,NULL,'2023-03-20 07:53:24',1,'{\"subject\":\"Soin \\u00e0 vis\\u00e9e th\\u00e9rapeutique Appointment Rescheduled\",\"body\":\"Bonjour <strong>THIERRY<\\/strong>,<br><br>Les d\\u00e9tails de votre rendez-vous pour la prestation <strong>Soin \\u00e0 vis\\u00e9e th\\u00e9rapeutique<\\/strong> \\u00e0 <strong>Thoard<\\/strong> ont \\u00e9t\\u00e9 modifi\\u00e9s. Le rendez-vous est maintenant fix\\u00e9 pour le <strong>24\\/04\\/2023<\\/strong> \\u00e0 <strong>10:00<\\/strong>.<br><br><br><strong><em>R\\u00e9capitulatif de la demande de RDV<\\/em><\\/strong><em><u> <\\/u>:<\\/em><br><em>Client <\\/em>: Mireille Pouchol<br><em>Email<\\/em> : mireille2pouchol@gmail.com<br><em>T\\u00e9l\\u00e9phone<\\/em> : 0683580685<br><em>Prestation<\\/em> : Soin \\u00e0 vis\\u00e9e th\\u00e9rapeutique<br><em>Date et heure<\\/em> : 24\\/04\\/2023 \\u00e0 10:00<br><em>Lieu<\\/em> : 14 Boulevard Paul d\'Avignon, 04380 Thoard \",\"icsFiles\":[]}'),(89,19,11,13,NULL,NULL,'2023-03-20 07:53:26',0,'{\"subject\":\"\",\"body\":\"Dear Mireille Pouchol,\\n                    \\nThe details for your Soin \\u00e0 vis\\u00e9e th\\u00e9rapeutique appointment with THIERRY PARIAN at Thoard has been changed. The appointment is now set for 24\\/04\\/2023 at 10:00.\\n                    \\nThank you for choosing our company,\\nInstitut Ph\\u00e9nix Energ\\u00e9tique\",\"icsFiles\":[],\"historyId\":\"6\"}'),(90,27,1,13,NULL,NULL,'2023-03-20 07:53:26',0,'{\"subject\":\"\",\"body\":\"Hi THIERRY PARIAN,\\n                    \\nThe details for your Soin \\u00e0 vis\\u00e9e th\\u00e9rapeutique appointment at Thoard has been changed. The appointment is now set for 24\\/04\\/2023 at 10:00.\\n                    \\nThank you,\\nInstitut Ph\\u00e9nix Energ\\u00e9tique\",\"icsFiles\":[],\"historyId\":\"7\"}'),(91,1,25,24,NULL,NULL,'2023-03-22 20:18:32',1,'{\"subject\":\"S\\u00e9ance Accupuncture Esth\\u00e9tique Nouveau Client : Rendez-vous approuv\\u00e9\",\"body\":\"Cher(e) <strong>Jessica<\\/strong>,<br><br>Votre rendez-vous pour la prestation <strong>S\\u00e9ance Accupuncture Esth\\u00e9tique Nouveau Client<\\/strong> avec <strong>THIERRY PARIAN<\\/strong> a \\u00e9t\\u00e9 valid\\u00e9. Nous vous attendons \\u00e0 <strong> 296 Avenue du Griffon, Sorgues<\\/strong> le <strong>27\\/03\\/2023<\\/strong> \\u00e0 <strong>18:00<\\/strong>.<br><br>Merci pour votre demande de r\\u00e9servation,<br><strong><em>THIERRY PARIAN<\\/em><\\/strong>\",\"icsFiles\":[]}'),(92,9,1,24,NULL,NULL,'2023-03-22 20:18:32',1,'{\"subject\":\"S\\u00e9ance Accupuncture Esth\\u00e9tique Nouveau Client : Rendez-vous approuv\\u00e9\",\"body\":\"Bonjour <strong>THIERRY<\\/strong>,<br><br>Vous avez un rendez-vous de confirm\\u00e9 pour la prestation <strong>S\\u00e9ance Accupuncture Esth\\u00e9tique Nouveau Client<\\/strong>, \\u00e0 <strong>Sorgues<\\/strong> le <strong>27\\/03\\/2023<\\/strong> \\u00e0 <strong>18:00<\\/strong>.<br><br><strong><em><u>R\\u00e9capitulatif de la demande de RDV <\\/u><\\/em><\\/strong><em>:<\\/em><br><em>Client <\\/em>: Jessica LAURENT<br><em>Email<\\/em> : jessicalaurent@gmx.fr<br><em>T\\u00e9l\\u00e9phone<\\/em> : +33695444047<br><em>Prestation<\\/em> : S\\u00e9ance Accupuncture Esth\\u00e9tique Nouveau Client<br><em>Date et heure<\\/em> : 27\\/03\\/2023 \\u00e0 18:00<br><em>Lieu<\\/em> :  296 Avenue du Griffon, Sorgues\",\"icsFiles\":[]}'),(93,15,25,24,NULL,NULL,'2023-03-22 20:18:33',0,'{\"subject\":\"\",\"body\":\"Dear Jessica LAURENT,\\n\\nYou have successfully scheduled S\\u00e9ance Accupuncture Esth\\u00e9tique Nouveau Client appointment with THIERRY PARIAN. We are waiting for you at  296 Avenue du Griffon, Sorgues on 27\\/03\\/2023 18:00.\\n\\nThank you for choosing our company,\\nInstitut Ph\\u00e9nix Energ\\u00e9tique\",\"icsFiles\":[],\"historyId\":\"8\"}'),(94,23,1,24,NULL,NULL,'2023-03-22 20:18:33',0,'{\"subject\":\"\",\"body\":\"Hi THIERRY PARIAN,\\n                    \\nYou have one confirmed S\\u00e9ance Accupuncture Esth\\u00e9tique Nouveau Client appointment at Sorgues on 27\\/03\\/2023 at 18:00. The appointment is added to your schedule.\\n                    \\nThank you,\\nInstitut Ph\\u00e9nix Energ\\u00e9tique\",\"icsFiles\":[],\"historyId\":\"9\"}'),(95,1,26,25,NULL,NULL,'2023-03-22 21:33:10',1,'{\"subject\":\"S\\u00e9ance Acupuncture Esth\\u00e9tique (Suivi) : Rendez-vous approuv\\u00e9\",\"body\":\"Cher(e) <strong>Adeline<\\/strong>,<br><br>Votre rendez-vous pour la prestation <strong>S\\u00e9ance Acupuncture Esth\\u00e9tique (Suivi)<\\/strong> avec <strong>THIERRY PARIAN<\\/strong> a \\u00e9t\\u00e9 valid\\u00e9. Nous vous attendons \\u00e0 <strong> 296 Avenue du Griffon, Sorgues<\\/strong> le <strong>24\\/03\\/2023<\\/strong> \\u00e0 <strong>14:30<\\/strong>.<br><br>Merci pour votre demande de r\\u00e9servation,<br><strong><em>THIERRY PARIAN<\\/em><\\/strong>\",\"icsFiles\":[]}'),(96,9,1,25,NULL,NULL,'2023-03-22 21:33:11',1,'{\"subject\":\"S\\u00e9ance Acupuncture Esth\\u00e9tique (Suivi) : Rendez-vous approuv\\u00e9\",\"body\":\"Bonjour <strong>THIERRY<\\/strong>,<br><br>Vous avez un rendez-vous de confirm\\u00e9 pour la prestation <strong>S\\u00e9ance Acupuncture Esth\\u00e9tique (Suivi)<\\/strong>, \\u00e0 <strong>Sorgues<\\/strong> le <strong>24\\/03\\/2023<\\/strong> \\u00e0 <strong>14:30<\\/strong>.<br><br><strong><em><u>R\\u00e9capitulatif de la demande de RDV <\\/u><\\/em><\\/strong><em>:<\\/em><br><em>Client <\\/em>: Adeline Degrange<br><em>Email<\\/em> : adeline.degrange84@gmail.com<br><em>T\\u00e9l\\u00e9phone<\\/em> : +33617683766<br><em>Prestation<\\/em> : S\\u00e9ance Acupuncture Esth\\u00e9tique (Suivi)<br><em>Date et heure<\\/em> : 24\\/03\\/2023 \\u00e0 14:30<br><em>Lieu<\\/em> :  296 Avenue du Griffon, Sorgues\",\"icsFiles\":[]}'),(97,15,26,25,NULL,NULL,'2023-03-22 21:33:12',0,'{\"subject\":\"\",\"body\":\"Dear Adeline Degrange,\\n\\nYou have successfully scheduled S\\u00e9ance Acupuncture Esth\\u00e9tique (Suivi) appointment with THIERRY PARIAN. We are waiting for you at  296 Avenue du Griffon, Sorgues on 24\\/03\\/2023 14:30.\\n\\nThank you for choosing our company,\\nInstitut Ph\\u00e9nix Energ\\u00e9tique\",\"icsFiles\":[],\"historyId\":\"10\"}'),(98,23,1,25,NULL,NULL,'2023-03-22 21:33:12',0,'{\"subject\":\"\",\"body\":\"Hi THIERRY PARIAN,\\n                    \\nYou have one confirmed S\\u00e9ance Acupuncture Esth\\u00e9tique (Suivi) appointment at Sorgues on 24\\/03\\/2023 at 14:30. The appointment is added to your schedule.\\n                    \\nThank you,\\nInstitut Ph\\u00e9nix Energ\\u00e9tique\",\"icsFiles\":[],\"historyId\":\"11\"}'),(99,12,1,25,NULL,NULL,'2023-03-24 05:57:56',1,'{\"subject\":\"Acupuncture Esth\\u00e9tique 1h30 (Suivi) : Rendez-vous annul\\u00e9\",\"body\":\"Bonjour <strong>THIERRY<\\/strong>,<br><br>Votre rendez-vous pour la prestation <strong>Acupuncture Esth\\u00e9tique 1h30 (Suivi)<\\/strong>, pr\\u00e9vu le <strong>24\\/03\\/2023<\\/strong>, \\u00e0 <strong>Sorgues<\\/strong> a \\u00e9t\\u00e9 annul\\u00e9.<br><br><strong><em><u>R\\u00e9capitulatif de la demande de RDV<\\/u><\\/em><\\/strong><em> :<\\/em><br><em>Client <\\/em>: Adeline Degrange<br><em>Email<\\/em> : adeline.degrange84@gmail.com<br><em>T\\u00e9l\\u00e9phone<\\/em> : +33617683766<br><em>Prestation<\\/em> : Acupuncture Esth\\u00e9tique 1h30 (Suivi)<br><em>Date et heure<\\/em> : 24\\/03\\/2023 \\u00e0 14:30<br><em>Lieu<\\/em> :  296 Avenue du Griffon, Sorgues\",\"icsFiles\":[]}'),(100,4,26,25,NULL,NULL,'2023-03-24 05:57:56',1,'{\"subject\":\"Acupuncture Esth\\u00e9tique 1h30 (Suivi) : Rendez-vous annul\\u00e9\",\"body\":\"Cher(e) <strong>Adeline<span class=\\\"ql-cursor\\\">\\ufeff\\ufeff<\\/span><\\/strong>,<br><br>Votre rendez-vous pour la prestation <strong>Acupuncture Esth\\u00e9tique 1h30 (Suivi)<\\/strong> avec <strong>THIERRY PARIAN<\\/strong> le <strong>24\\/03\\/2023<\\/strong> \\u00e0 <strong>14:30 <\\/strong>est annul\\u00e9. Nous nous excusons pour ce contre temps.<br><br>Cordialement,<br><strong><em>THIERRY PARIAN<\\/em><\\/strong>\",\"icsFiles\":[]}'),(101,26,1,25,NULL,NULL,'2023-03-24 05:57:57',0,'{\"subject\":\"\",\"body\":\"Hi THIERRY PARIAN,\\n                    \\nYour Acupuncture Esth\\u00e9tique 1h30 (Suivi) appointment, scheduled on 24\\/03\\/2023, at Sorgues has been canceled.\\n                    \\nThank you,\\nInstitut Ph\\u00e9nix Energ\\u00e9tique\",\"icsFiles\":[],\"historyId\":\"12\"}'),(102,18,26,25,NULL,NULL,'2023-03-24 05:57:57',0,'{\"subject\":\"\",\"body\":\"Dear Adeline Degrange,\\n                    \\nYour Acupuncture Esth\\u00e9tique 1h30 (Suivi) appointment, scheduled on 24\\/03\\/2023 14:30 at  296 Avenue du Griffon, Sorgues has been canceled. \\n                    \\nThank you for choosing our company,\\nInstitut Ph\\u00e9nix Energ\\u00e9tique\",\"icsFiles\":[],\"historyId\":\"13\"}'),(103,1,27,26,NULL,NULL,'2023-03-31 12:27:22',1,'{\"subject\":\"Soin \\u00e0 vis\\u00e9e th\\u00e9rapeutique : Rendez-vous approuv\\u00e9\",\"body\":\"Cher(e) <strong>jessica<\\/strong>,<br><br>Votre rendez-vous pour la prestation <strong>Soin \\u00e0 vis\\u00e9e th\\u00e9rapeutique<\\/strong> avec <strong>THIERRY PARIAN<\\/strong> a \\u00e9t\\u00e9 valid\\u00e9. Nous vous attendons \\u00e0 <strong> 296 Avenue du Griffon, Sorgues<\\/strong> le <strong>07\\/04\\/2023<\\/strong> \\u00e0 <strong>18:00<\\/strong>.<br><br>Merci pour votre demande de r\\u00e9servation,<br><strong><em>THIERRY PARIAN<\\/em><\\/strong>\",\"icsFiles\":[]}'),(104,9,1,26,NULL,NULL,'2023-03-31 12:27:22',1,'{\"subject\":\"Soin \\u00e0 vis\\u00e9e th\\u00e9rapeutique : Rendez-vous approuv\\u00e9\",\"body\":\"Bonjour <strong>THIERRY<\\/strong>,<br><br>Vous avez un rendez-vous de confirm\\u00e9 pour la prestation <strong>Soin \\u00e0 vis\\u00e9e th\\u00e9rapeutique<\\/strong>, \\u00e0 <strong>Sorgues<\\/strong> le <strong>07\\/04\\/2023<\\/strong> \\u00e0 <strong>18:00<\\/strong>.<br><br><strong><em><u>R\\u00e9capitulatif de la demande de RDV <\\/u><\\/em><\\/strong><em>:<\\/em><br><em>Client <\\/em>: jessica Laurent<br><em>Email<\\/em> : tite.tika23@gmail.com<br><em>T\\u00e9l\\u00e9phone<\\/em> : +33695444047<br><em>Prestation<\\/em> : Soin \\u00e0 vis\\u00e9e th\\u00e9rapeutique<br><em>Date et heure<\\/em> : 07\\/04\\/2023 \\u00e0 18:00<br><em>Lieu<\\/em> :  296 Avenue du Griffon, Sorgues\",\"icsFiles\":[]}'),(105,15,27,26,NULL,NULL,'2023-03-31 12:27:23',0,'{\"subject\":\"\",\"body\":\"Dear jessica Laurent,\\n\\nYou have successfully scheduled Soin \\u00e0 vis\\u00e9e th\\u00e9rapeutique appointment with THIERRY PARIAN. We are waiting for you at  296 Avenue du Griffon, Sorgues on 07\\/04\\/2023 18:00.\\n\\nThank you for choosing our company,\\nInstitut Ph\\u00e9nix Energ\\u00e9tique\",\"icsFiles\":[],\"historyId\":\"14\"}'),(106,23,1,26,NULL,NULL,'2023-03-31 12:27:23',0,'{\"subject\":\"\",\"body\":\"Hi THIERRY PARIAN,\\n                    \\nYou have one confirmed Soin \\u00e0 vis\\u00e9e th\\u00e9rapeutique appointment at Sorgues on 07\\/04\\/2023 at 18:00. The appointment is added to your schedule.\\n                    \\nThank you,\\nInstitut Ph\\u00e9nix Energ\\u00e9tique\",\"icsFiles\":[],\"historyId\":\"15\"}'),(107,1,10,27,NULL,NULL,'2023-04-04 15:32:09',1,'{\"subject\":\"Soin \\u00e0 vis\\u00e9e th\\u00e9rapeutique : Rendez-vous approuv\\u00e9\",\"body\":\"Cher(e) <strong>Isabelle<\\/strong>,<br><br>Votre rendez-vous pour la prestation <strong>Soin \\u00e0 vis\\u00e9e th\\u00e9rapeutique<\\/strong> avec <strong>THIERRY PARIAN<\\/strong> a \\u00e9t\\u00e9 valid\\u00e9. Nous vous attendons \\u00e0 <strong> 296 Avenue du Griffon, Sorgues<\\/strong> le <strong>20\\/04\\/2023<\\/strong> \\u00e0 <strong>15:00<\\/strong>.<br><br>Merci pour votre demande de r\\u00e9servation,<br><strong><em>THIERRY PARIAN<\\/em><\\/strong>\",\"icsFiles\":[]}'),(108,9,1,27,NULL,NULL,'2023-04-04 15:32:10',1,'{\"subject\":\"Soin \\u00e0 vis\\u00e9e th\\u00e9rapeutique : Rendez-vous approuv\\u00e9\",\"body\":\"Bonjour <strong>THIERRY<\\/strong>,<br><br>Vous avez un rendez-vous de confirm\\u00e9 pour la prestation <strong>Soin \\u00e0 vis\\u00e9e th\\u00e9rapeutique<\\/strong>, \\u00e0 <strong>Sorgues<\\/strong> le <strong>20\\/04\\/2023<\\/strong> \\u00e0 <strong>15:00<\\/strong>.<br><br><strong><em><u>R\\u00e9capitulatif de la demande de RDV <\\/u><\\/em><\\/strong><em>:<\\/em><br><em>Client <\\/em>: Isabelle SELLIER<br><em>Email<\\/em> : isabellesellier48@gmail.com<br><em>T\\u00e9l\\u00e9phone<\\/em> : +33643053935<br><em>Prestation<\\/em> : Soin \\u00e0 vis\\u00e9e th\\u00e9rapeutique<br><em>Date et heure<\\/em> : 20\\/04\\/2023 \\u00e0 15:00<br><em>Lieu<\\/em> :  296 Avenue du Griffon, Sorgues\",\"icsFiles\":[]}'),(109,15,10,27,NULL,NULL,'2023-04-04 15:32:10',0,'{\"subject\":\"\",\"body\":\"Dear Isabelle SELLIER,\\n\\nYou have successfully scheduled Soin \\u00e0 vis\\u00e9e th\\u00e9rapeutique appointment with THIERRY PARIAN. We are waiting for you at  296 Avenue du Griffon, Sorgues on 20\\/04\\/2023 15:00.\\n\\nThank you for choosing our company,\\nInstitut Ph\\u00e9nix Energ\\u00e9tique\",\"icsFiles\":[],\"historyId\":\"16\"}'),(110,23,1,27,NULL,NULL,'2023-04-04 15:32:10',0,'{\"subject\":\"\",\"body\":\"Hi THIERRY PARIAN,\\n                    \\nYou have one confirmed Soin \\u00e0 vis\\u00e9e th\\u00e9rapeutique appointment at Sorgues on 20\\/04\\/2023 at 15:00. The appointment is added to your schedule.\\n                    \\nThank you,\\nInstitut Ph\\u00e9nix Energ\\u00e9tique\",\"icsFiles\":[],\"historyId\":\"17\"}'),(111,29,28,NULL,6,NULL,'2023-04-04 16:07:34',1,'{\"subject\":\"Rencontres et Partages : Formation r\\u00e9serv\\u00e9e\",\"body\":\"Cher(e) <strong>Marjorie<\\/strong>,<br><br>Vous vous \\u00eates inscrit avec succ\\u00e8s pour la formation au <strong>Rencontres et Partages<\\/strong>. Nous vous attendons au <strong>Formation au Reiki \\u00e0 Sorgues<\\/strong> le <strong>06\\/04\\/2023 <\\/strong>\\u00e0 <strong>19:00<\\/strong>.<br><br>Cordialement,<br><em>THIERRY PARIAN<\\/em>\",\"icsFiles\":[]}'),(112,35,1,NULL,6,NULL,'2023-04-04 16:07:34',1,'{\"subject\":\"Rencontres et Partages : Formation r\\u00e9serv\\u00e9e\",\"body\":\"Bonjour <strong>THIERRY PARIAN<\\/strong>,<br><br>Vous avez une formation pour <strong>Rencontres et Partages<\\/strong> confirm\\u00e9e \\u00e0 <strong>Formation au Reiki \\u00e0 Sorgues<\\/strong> le <strong>06\\/04\\/2023 19:00<\\/strong>. L\'\\u00e9v\\u00e9nement est ajout\\u00e9 \\u00e0 votre agenda.<br><br><strong><u>R\\u00e9capitulatif de la r\\u00e9servation<\\/u> :<\\/strong><br><em>Client<\\/em> : Marjorie DAVID<br><em>Email<\\/em> : mimi.margot13@gmail.com<br><em>T\\u00e9l\\u00e9phone<\\/em> : +33610758413<br><em>Formation<\\/em> : Rencontres et Partages<br><em>Date et heure<\\/em> : Le 06\\/04\\/2023 \\u00e0 19:00\",\"icsFiles\":[]}'),(113,40,28,NULL,6,NULL,'2023-04-04 16:07:34',0,'{\"subject\":\"\",\"body\":\"Dear Marjorie DAVID,\\n\\nYou have successfully scheduled Rencontres et Partages event. We are waiting for you at Formation au Reiki \\u00e0 Sorgues on 06\\/04\\/2023 19:00.\\n\\nThank you for choosing our company,\\nInstitut Ph\\u00e9nix Energ\\u00e9tique\",\"icsFiles\":[],\"historyId\":\"18\"}'),(114,46,1,NULL,6,NULL,'2023-04-04 16:07:35',0,'{\"subject\":\"\",\"body\":\"Hi THIERRY PARIAN,\\n\\nYou have one confirmed Rencontres et Partages event at Formation au Reiki \\u00e0 Sorgues on 06\\/04\\/2023 19:00. The event is added to your schedule.\\n\\nThank you,\\nInstitut Ph\\u00e9nix Energ\\u00e9tique\",\"icsFiles\":[],\"historyId\":\"19\"}'),(115,29,28,NULL,7,NULL,'2023-04-06 17:00:48',1,'{\"subject\":\"Rencontres et Partages : Formation r\\u00e9serv\\u00e9e\",\"body\":\"Cher(e) <strong>Marjorie<\\/strong>,<br><br>Vous vous \\u00eates inscrit avec succ\\u00e8s pour la formation au <strong>Rencontres et Partages<\\/strong>. Nous vous attendons au <strong>Formation au Reiki \\u00e0 Sorgues<\\/strong> le <strong>04\\/05\\/2023 <\\/strong>\\u00e0 <strong>19:00<\\/strong>.<br><br>Cordialement,<br><em>THIERRY PARIAN<\\/em>\",\"icsFiles\":[]}'),(116,35,1,NULL,7,NULL,'2023-04-06 17:00:49',1,'{\"subject\":\"Rencontres et Partages : Formation r\\u00e9serv\\u00e9e\",\"body\":\"Bonjour <strong>THIERRY PARIAN<\\/strong>,<br><br>Vous avez une formation pour <strong>Rencontres et Partages<\\/strong> confirm\\u00e9e \\u00e0 <strong>Formation au Reiki \\u00e0 Sorgues<\\/strong> le <strong>04\\/05\\/2023 19:00<\\/strong>. L\'\\u00e9v\\u00e9nement est ajout\\u00e9 \\u00e0 votre agenda.<br><br><strong><u>R\\u00e9capitulatif de la r\\u00e9servation<\\/u> :<\\/strong><br><em>Client<\\/em> : Marjorie DAVID<br><em>Email<\\/em> : mimi.margot13@gmail.com<br><em>T\\u00e9l\\u00e9phone<\\/em> : +33610758413<br><em>Formation<\\/em> : Rencontres et Partages<br><em>Date et heure<\\/em> : Le 04\\/05\\/2023 \\u00e0 19:00\",\"icsFiles\":[]}'),(117,40,28,NULL,7,NULL,'2023-04-06 17:00:49',0,'{\"subject\":\"\",\"body\":\"Dear Marjorie DAVID,\\n\\nYou have successfully scheduled Rencontres et Partages event. We are waiting for you at Formation au Reiki \\u00e0 Sorgues on 04\\/05\\/2023 19:00.\\n\\nThank you for choosing our company,\\nInstitut Ph\\u00e9nix Energ\\u00e9tique\",\"icsFiles\":[],\"historyId\":\"20\"}'),(118,46,1,NULL,7,NULL,'2023-04-06 17:00:50',0,'{\"subject\":\"\",\"body\":\"Hi THIERRY PARIAN,\\n\\nYou have one confirmed Rencontres et Partages event at Formation au Reiki \\u00e0 Sorgues on 04\\/05\\/2023 19:00. The event is added to your schedule.\\n\\nThank you,\\nInstitut Ph\\u00e9nix Energ\\u00e9tique\",\"icsFiles\":[],\"historyId\":\"21\"}'),(119,1,6,28,NULL,NULL,'2023-04-12 21:37:02',1,'{\"subject\":\"Soin \\u00e0 vis\\u00e9e th\\u00e9rapeutique : Rendez-vous approuv\\u00e9\",\"body\":\"Cher(e) <strong>Marie-Jeanne<\\/strong>,<br><br>Votre rendez-vous pour la prestation <strong>Soin \\u00e0 vis\\u00e9e th\\u00e9rapeutique<\\/strong> avec <strong>THIERRY PARIAN<\\/strong> a \\u00e9t\\u00e9 valid\\u00e9. Nous vous attendons \\u00e0 <strong>14 Boulevard Paul d\'Avignon, 04380 Thoard <\\/strong> le <strong>24\\/04\\/2023<\\/strong> \\u00e0 <strong>14:00<\\/strong>.<br><br>Merci pour votre demande de r\\u00e9servation,<br><strong><em>THIERRY PARIAN<\\/em><\\/strong>\",\"icsFiles\":[]}'),(120,9,1,28,NULL,NULL,'2023-04-12 21:37:03',1,'{\"subject\":\"Soin \\u00e0 vis\\u00e9e th\\u00e9rapeutique : Rendez-vous approuv\\u00e9\",\"body\":\"Bonjour <strong>THIERRY<\\/strong>,<br><br>Vous avez un rendez-vous de confirm\\u00e9 pour la prestation <strong>Soin \\u00e0 vis\\u00e9e th\\u00e9rapeutique<\\/strong>, \\u00e0 <strong>Thoard<\\/strong> le <strong>24\\/04\\/2023<\\/strong> \\u00e0 <strong>14:00<\\/strong>.<br><br><strong><em><u>R\\u00e9capitulatif de la demande de RDV <\\/u><\\/em><\\/strong><em>:<\\/em><br><em>Client <\\/em>: Marie-Jeanne Cruchon-Dupeyrat<br><em>Email<\\/em> : mjcd04@orange.fr<br><em>T\\u00e9l\\u00e9phone<\\/em> : +33687298802<br><em>Prestation<\\/em> : Soin \\u00e0 vis\\u00e9e th\\u00e9rapeutique<br><em>Date et heure<\\/em> : 24\\/04\\/2023 \\u00e0 14:00<br><em>Lieu<\\/em> : 14 Boulevard Paul d\'Avignon, 04380 Thoard \",\"icsFiles\":[]}'),(121,15,6,28,NULL,NULL,'2023-04-12 21:37:03',0,'{\"subject\":\"\",\"body\":\"Dear Marie-Jeanne Cruchon-Dupeyrat,\\n\\nYou have successfully scheduled Soin \\u00e0 vis\\u00e9e th\\u00e9rapeutique appointment with THIERRY PARIAN. We are waiting for you at 14 Boulevard Paul d\'Avignon, 04380 Thoard  on 24\\/04\\/2023 14:00.\\n\\nThank you for choosing our company,\\nInstitut Ph\\u00e9nix Energ\\u00e9tique\",\"icsFiles\":[],\"historyId\":\"22\"}'),(122,23,1,28,NULL,NULL,'2023-04-12 21:37:03',0,'{\"subject\":\"\",\"body\":\"Hi THIERRY PARIAN,\\n                    \\nYou have one confirmed Soin \\u00e0 vis\\u00e9e th\\u00e9rapeutique appointment at Thoard on 24\\/04\\/2023 at 14:00. The appointment is added to your schedule.\\n                    \\nThank you,\\nInstitut Ph\\u00e9nix Energ\\u00e9tique\",\"icsFiles\":[],\"historyId\":\"23\"}'),(123,29,29,NULL,7,NULL,'2023-04-17 16:09:40',1,'{\"subject\":\"Rencontres et Partages : Formation r\\u00e9serv\\u00e9e\",\"body\":\"Cher(e) <strong>Odile<\\/strong>,<br><br>Vous vous \\u00eates inscrit avec succ\\u00e8s pour la formation au <strong>Rencontres et Partages<\\/strong>. Nous vous attendons au <strong>Formation au Reiki \\u00e0 Sorgues<\\/strong> le <strong>04\\/05\\/2023 <\\/strong>\\u00e0 <strong>19:00<\\/strong>.<br><br>Cordialement,<br><em>THIERRY PARIAN<\\/em>\",\"icsFiles\":[]}'),(124,35,1,NULL,7,NULL,'2023-04-17 16:09:41',1,'{\"subject\":\"Rencontres et Partages : Formation r\\u00e9serv\\u00e9e\",\"body\":\"Bonjour <strong>THIERRY PARIAN<\\/strong>,<br><br>Vous avez une formation pour <strong>Rencontres et Partages<\\/strong> confirm\\u00e9e \\u00e0 <strong>Formation au Reiki \\u00e0 Sorgues<\\/strong> le <strong>04\\/05\\/2023 19:00<\\/strong>. L\'\\u00e9v\\u00e9nement est ajout\\u00e9 \\u00e0 votre agenda.<br><br><strong><u>R\\u00e9capitulatif de la r\\u00e9servation<\\/u> :<\\/strong><br><em>Client<\\/em> : Odile Morel<br><em>Email<\\/em> : odmorel@gmail.com<br><em>T\\u00e9l\\u00e9phone<\\/em> : +33609914890<br><em>Formation<\\/em> : Rencontres et Partages<br><em>Date et heure<\\/em> : Le 04\\/05\\/2023 \\u00e0 19:00\",\"icsFiles\":[]}'),(125,40,29,NULL,7,NULL,'2023-04-17 16:09:41',0,'{\"subject\":\"\",\"body\":\"Dear Odile Morel,\\n\\nYou have successfully scheduled Rencontres et Partages event. We are waiting for you at Formation au Reiki \\u00e0 Sorgues on 04\\/05\\/2023 19:00.\\n\\nThank you for choosing our company,\\nInstitut Ph\\u00e9nix Energ\\u00e9tique\",\"icsFiles\":[],\"historyId\":\"24\"}'),(126,46,1,NULL,7,NULL,'2023-04-17 16:09:41',0,'{\"subject\":\"\",\"body\":\"Hi THIERRY PARIAN,\\n\\nYou have one confirmed Rencontres et Partages event at Formation au Reiki \\u00e0 Sorgues on 04\\/05\\/2023 19:00. The event is added to your schedule.\\n\\nThank you,\\nInstitut Ph\\u00e9nix Energ\\u00e9tique\",\"icsFiles\":[],\"historyId\":\"25\"}'),(127,1,30,29,NULL,NULL,'2023-04-20 10:16:06',1,'{\"subject\":\"Soin \\u00e0 vis\\u00e9e th\\u00e9rapeutique : Rendez-vous approuv\\u00e9\",\"body\":\"Cher(e) <strong>Annick<\\/strong>,<br><br>Votre rendez-vous pour la prestation <strong>Soin \\u00e0 vis\\u00e9e th\\u00e9rapeutique<\\/strong> avec <strong>THIERRY PARIAN<\\/strong> a \\u00e9t\\u00e9 valid\\u00e9. Nous vous attendons \\u00e0 <strong>14 Boulevard Paul d\'Avignon, 04380 Thoard <\\/strong> le <strong>24\\/04\\/2023<\\/strong> \\u00e0 <strong>11:00<\\/strong>.<br><br>Merci pour votre demande de r\\u00e9servation,<br><strong><em>THIERRY PARIAN<\\/em><\\/strong>\",\"icsFiles\":[]}'),(128,9,1,29,NULL,NULL,'2023-04-20 10:16:07',1,'{\"subject\":\"Soin \\u00e0 vis\\u00e9e th\\u00e9rapeutique : Rendez-vous approuv\\u00e9\",\"body\":\"Bonjour <strong>THIERRY<\\/strong>,<br><br>Vous avez un rendez-vous de confirm\\u00e9 pour la prestation <strong>Soin \\u00e0 vis\\u00e9e th\\u00e9rapeutique<\\/strong>, \\u00e0 <strong>Thoard<\\/strong> le <strong>24\\/04\\/2023<\\/strong> \\u00e0 <strong>11:00<\\/strong>.<br><br><strong><em><u>R\\u00e9capitulatif de la demande de RDV <\\/u><\\/em><\\/strong><em>:<\\/em><br><em>Client <\\/em>: Annick Proix<br><em>Email<\\/em> : annick.proix@laposte.net<br><em>T\\u00e9l\\u00e9phone<\\/em> : +33685483219<br><em>Prestation<\\/em> : Soin \\u00e0 vis\\u00e9e th\\u00e9rapeutique<br><em>Date et heure<\\/em> : 24\\/04\\/2023 \\u00e0 11:00<br><em>Lieu<\\/em> : 14 Boulevard Paul d\'Avignon, 04380 Thoard \",\"icsFiles\":[]}'),(129,15,30,29,NULL,NULL,'2023-04-20 10:16:08',0,'{\"subject\":\"\",\"body\":\"Dear Annick Proix,\\n\\nYou have successfully scheduled Soin \\u00e0 vis\\u00e9e th\\u00e9rapeutique appointment with THIERRY PARIAN. We are waiting for you at 14 Boulevard Paul d\'Avignon, 04380 Thoard  on 24\\/04\\/2023 11:00.\\n\\nThank you for choosing our company,\\nInstitut Ph\\u00e9nix Energ\\u00e9tique\",\"icsFiles\":[],\"historyId\":\"26\"}'),(130,23,1,29,NULL,NULL,'2023-04-20 10:16:08',0,'{\"subject\":\"\",\"body\":\"Hi THIERRY PARIAN,\\n                    \\nYou have one confirmed Soin \\u00e0 vis\\u00e9e th\\u00e9rapeutique appointment at Thoard on 24\\/04\\/2023 at 11:00. The appointment is added to your schedule.\\n                    \\nThank you,\\nInstitut Ph\\u00e9nix Energ\\u00e9tique\",\"icsFiles\":[],\"historyId\":\"27\"}'),(131,1,10,30,NULL,NULL,'2023-04-20 14:11:52',1,'{\"subject\":\"Soin \\u00e0 vis\\u00e9e th\\u00e9rapeutique : Rendez-vous approuv\\u00e9\",\"body\":\"Cher(e) <strong>Isabelle<\\/strong>,<br><br>Votre rendez-vous pour la prestation <strong>Soin \\u00e0 vis\\u00e9e th\\u00e9rapeutique<\\/strong> avec <strong>THIERRY PARIAN<\\/strong> a \\u00e9t\\u00e9 valid\\u00e9. Nous vous attendons \\u00e0 <strong> 296 Avenue du Griffon, Sorgues<\\/strong> le <strong>27\\/04\\/2023<\\/strong> \\u00e0 <strong>16:00<\\/strong>.<br><br>Merci pour votre demande de r\\u00e9servation,<br><strong><em>THIERRY PARIAN<\\/em><\\/strong>\",\"icsFiles\":[]}'),(132,9,1,30,NULL,NULL,'2023-04-20 14:11:53',1,'{\"subject\":\"Soin \\u00e0 vis\\u00e9e th\\u00e9rapeutique : Rendez-vous approuv\\u00e9\",\"body\":\"Bonjour <strong>THIERRY<\\/strong>,<br><br>Vous avez un rendez-vous de confirm\\u00e9 pour la prestation <strong>Soin \\u00e0 vis\\u00e9e th\\u00e9rapeutique<\\/strong>, \\u00e0 <strong>Sorgues<\\/strong> le <strong>27\\/04\\/2023<\\/strong> \\u00e0 <strong>16:00<\\/strong>.<br><br><strong><em><u>R\\u00e9capitulatif de la demande de RDV <\\/u><\\/em><\\/strong><em>:<\\/em><br><em>Client <\\/em>: Isabelle SELLIER<br><em>Email<\\/em> : isabellesellier48@gmail.com<br><em>T\\u00e9l\\u00e9phone<\\/em> : +33643053935<br><em>Prestation<\\/em> : Soin \\u00e0 vis\\u00e9e th\\u00e9rapeutique<br><em>Date et heure<\\/em> : 27\\/04\\/2023 \\u00e0 16:00<br><em>Lieu<\\/em> :  296 Avenue du Griffon, Sorgues\",\"icsFiles\":[]}'),(133,15,10,30,NULL,NULL,'2023-04-20 14:11:54',0,'{\"subject\":\"\",\"body\":\"Dear Isabelle SELLIER,\\n\\nYou have successfully scheduled Soin \\u00e0 vis\\u00e9e th\\u00e9rapeutique appointment with THIERRY PARIAN. We are waiting for you at  296 Avenue du Griffon, Sorgues on 27\\/04\\/2023 16:00.\\n\\nThank you for choosing our company,\\nInstitut Ph\\u00e9nix Energ\\u00e9tique\",\"icsFiles\":[],\"historyId\":\"28\"}'),(134,23,1,30,NULL,NULL,'2023-04-20 14:11:54',0,'{\"subject\":\"\",\"body\":\"Hi THIERRY PARIAN,\\n                    \\nYou have one confirmed Soin \\u00e0 vis\\u00e9e th\\u00e9rapeutique appointment at Sorgues on 27\\/04\\/2023 at 16:00. The appointment is added to your schedule.\\n                    \\nThank you,\\nInstitut Ph\\u00e9nix Energ\\u00e9tique\",\"icsFiles\":[],\"historyId\":\"29\"}'),(135,29,32,NULL,9,NULL,'2023-04-22 09:55:42',1,'{\"subject\":\"Formation Reiki 1er Degr\\u00e9 - Shoden : Formation r\\u00e9serv\\u00e9e\",\"body\":\"Cher(e) <strong>Claire<\\/strong>,<br><br>Vous vous \\u00eates inscrit avec succ\\u00e8s pour la formation au <strong>Formation Reiki 1er Degr\\u00e9 - Shoden<\\/strong>. Nous vous attendons au <strong>Formation au Reiki \\u00e0 Sorgues<\\/strong> le <strong>20\\/05\\/2023 <\\/strong>\\u00e0 <strong>09:00<\\/strong>.<br><br>Cordialement,<br><em>THIERRY PARIAN<\\/em>\",\"icsFiles\":[]}'),(136,35,1,NULL,9,NULL,'2023-04-22 09:55:43',1,'{\"subject\":\"Formation Reiki 1er Degr\\u00e9 - Shoden : Formation r\\u00e9serv\\u00e9e\",\"body\":\"Bonjour <strong>THIERRY PARIAN<\\/strong>,<br><br>Vous avez une formation pour <strong>Formation Reiki 1er Degr\\u00e9 - Shoden<\\/strong> confirm\\u00e9e \\u00e0 <strong>Formation au Reiki \\u00e0 Sorgues<\\/strong> le <strong>20\\/05\\/2023 09:00<\\/strong>. L\'\\u00e9v\\u00e9nement est ajout\\u00e9 \\u00e0 votre agenda.<br><br><strong><u>R\\u00e9capitulatif de la r\\u00e9servation<\\/u> :<\\/strong><br><em>Client<\\/em> : Claire Silvestre<br><em>Email<\\/em> : clairette.mimi@hotmail.fr<br><em>T\\u00e9l\\u00e9phone<\\/em> : +33671507278<br><em>Formation<\\/em> : Formation Reiki 1er Degr\\u00e9 - Shoden<br><em>Date et heure<\\/em> : Le 20\\/05\\/2023 \\u00e0 09:00\",\"icsFiles\":[]}'),(137,40,32,NULL,9,NULL,'2023-04-22 09:55:43',0,'{\"subject\":\"\",\"body\":\"Dear Claire Silvestre,\\n\\nYou have successfully scheduled Formation Reiki 1er Degr\\u00e9 - Shoden event. We are waiting for you at Formation au Reiki \\u00e0 Sorgues on 20\\/05\\/2023 09:00.\\n\\nThank you for choosing our company,\\nInstitut Ph\\u00e9nix Energ\\u00e9tique\",\"icsFiles\":[],\"historyId\":\"30\"}'),(138,46,1,NULL,9,NULL,'2023-04-22 09:55:43',0,'{\"subject\":\"\",\"body\":\"Hi THIERRY PARIAN,\\n\\nYou have one confirmed Formation Reiki 1er Degr\\u00e9 - Shoden event at Formation au Reiki \\u00e0 Sorgues on 20\\/05\\/2023 09:00. The event is added to your schedule.\\n\\nThank you,\\nInstitut Ph\\u00e9nix Energ\\u00e9tique\",\"icsFiles\":[],\"historyId\":\"31\"}'),(139,1,20,31,NULL,NULL,'2023-04-26 10:03:00',1,'{\"subject\":\"Soin \\u00e0 vis\\u00e9e th\\u00e9rapeutique : Rendez-vous approuv\\u00e9\",\"body\":\"Cher(e) <strong>Margot<\\/strong>,<br><br>Votre rendez-vous pour la prestation <strong>Soin \\u00e0 vis\\u00e9e th\\u00e9rapeutique<\\/strong> avec <strong>THIERRY PARIAN<\\/strong> a \\u00e9t\\u00e9 valid\\u00e9. Nous vous attendons \\u00e0 <strong> 296 Avenue du Griffon, Sorgues<\\/strong> le <strong>04\\/05\\/2023<\\/strong> \\u00e0 <strong>16:30<\\/strong>.<br><br>Merci pour votre demande de r\\u00e9servation,<br><strong><em>THIERRY PARIAN<\\/em><\\/strong>\",\"icsFiles\":[]}'),(140,9,1,31,NULL,NULL,'2023-04-26 10:03:03',1,'{\"subject\":\"Soin \\u00e0 vis\\u00e9e th\\u00e9rapeutique : Rendez-vous approuv\\u00e9\",\"body\":\"Bonjour <strong>THIERRY<\\/strong>,<br><br>Vous avez un rendez-vous de confirm\\u00e9 pour la prestation <strong>Soin \\u00e0 vis\\u00e9e th\\u00e9rapeutique<\\/strong>, \\u00e0 <strong>Sorgues<\\/strong> le <strong>04\\/05\\/2023<\\/strong> \\u00e0 <strong>16:30<\\/strong>.<br><br><strong><em><u>R\\u00e9capitulatif de la demande de RDV <\\/u><\\/em><\\/strong><em>:<\\/em><br><em>Client <\\/em>: Margot Daridan<br><em>Email<\\/em> : dess.margot@gmail.com<br><em>T\\u00e9l\\u00e9phone<\\/em> : +33785350475<br><em>Prestation<\\/em> : Soin \\u00e0 vis\\u00e9e th\\u00e9rapeutique<br><em>Date et heure<\\/em> : 04\\/05\\/2023 \\u00e0 16:30<br><em>Lieu<\\/em> :  296 Avenue du Griffon, Sorgues\",\"icsFiles\":[]}'),(141,15,20,31,NULL,NULL,'2023-04-26 10:03:04',0,'{\"subject\":\"\",\"body\":\"Dear Margot Daridan,\\n\\nYou have successfully scheduled Soin \\u00e0 vis\\u00e9e th\\u00e9rapeutique appointment with THIERRY PARIAN. We are waiting for you at  296 Avenue du Griffon, Sorgues on 04\\/05\\/2023 16:30.\\n\\nThank you for choosing our company,\\nInstitut Ph\\u00e9nix Energ\\u00e9tique\",\"icsFiles\":[],\"historyId\":\"32\"}'),(142,23,1,31,NULL,NULL,'2023-04-26 10:03:04',0,'{\"subject\":\"\",\"body\":\"Hi THIERRY PARIAN,\\n                    \\nYou have one confirmed Soin \\u00e0 vis\\u00e9e th\\u00e9rapeutique appointment at Sorgues on 04\\/05\\/2023 at 16:30. The appointment is added to your schedule.\\n                    \\nThank you,\\nInstitut Ph\\u00e9nix Energ\\u00e9tique\",\"icsFiles\":[],\"historyId\":\"33\"}'),(143,5,20,31,NULL,NULL,'2023-04-26 16:37:16',1,'{\"subject\":\"Soin \\u00e0 vis\\u00e9e th\\u00e9rapeutique : Rendez-vous report\\u00e9\",\"body\":\"Cher(e) <strong>Margot<\\/strong>,<br><br>Les d\\u00e9tails de votre rendez-vous pour la prestation <strong>Soin \\u00e0 vis\\u00e9e th\\u00e9rapeutique<\\/strong> avec <strong>THIERRY PARIAN<\\/strong> \\u00e0 <strong>Sorgues<\\/strong> ont \\u00e9t\\u00e9 modifi\\u00e9s. Le rendez-vous est maintenant fix\\u00e9 pour le <strong>04\\/05\\/2023<\\/strong> \\u00e0 <strong>17:00<\\/strong>.<br><br>&nbsp;Merci pour votre compr\\u00e9hension,<br><strong><em>THIERRY PARIAN<\\/em><\\/strong>\",\"icsFiles\":[]}'),(144,13,1,31,NULL,NULL,'2023-04-26 16:37:17',1,'{\"subject\":\"Soin \\u00e0 vis\\u00e9e th\\u00e9rapeutique Appointment Rescheduled\",\"body\":\"Bonjour <strong>THIERRY<\\/strong>,<br><br>Les d\\u00e9tails de votre rendez-vous pour la prestation <strong>Soin \\u00e0 vis\\u00e9e th\\u00e9rapeutique<\\/strong> \\u00e0 <strong>Sorgues<\\/strong> ont \\u00e9t\\u00e9 modifi\\u00e9s. Le rendez-vous est maintenant fix\\u00e9 pour le <strong>04\\/05\\/2023<\\/strong> \\u00e0 <strong>17:00<\\/strong>.<br><br><br><strong><em>R\\u00e9capitulatif de la demande de RDV<\\/em><\\/strong><em><u> <\\/u>:<\\/em><br><em>Client <\\/em>: Margot Daridan<br><em>Email<\\/em> : dess.margot@gmail.com<br><em>T\\u00e9l\\u00e9phone<\\/em> : +33785350475<br><em>Prestation<\\/em> : Soin \\u00e0 vis\\u00e9e th\\u00e9rapeutique<br><em>Date et heure<\\/em> : 04\\/05\\/2023 \\u00e0 17:00<br><em>Lieu<\\/em> :  296 Avenue du Griffon, Sorgues\",\"icsFiles\":[]}'),(145,19,20,31,NULL,NULL,'2023-04-26 16:37:17',0,'{\"subject\":\"\",\"body\":\"Dear Margot Daridan,\\n                    \\nThe details for your Soin \\u00e0 vis\\u00e9e th\\u00e9rapeutique appointment with THIERRY PARIAN at Sorgues has been changed. The appointment is now set for 04\\/05\\/2023 at 17:00.\\n                    \\nThank you for choosing our company,\\nInstitut Ph\\u00e9nix Energ\\u00e9tique\",\"icsFiles\":[],\"historyId\":\"34\"}'),(146,27,1,31,NULL,NULL,'2023-04-26 16:37:18',0,'{\"subject\":\"\",\"body\":\"Hi THIERRY PARIAN,\\n                    \\nThe details for your Soin \\u00e0 vis\\u00e9e th\\u00e9rapeutique appointment at Sorgues has been changed. The appointment is now set for 04\\/05\\/2023 at 17:00.\\n                    \\nThank you,\\nInstitut Ph\\u00e9nix Energ\\u00e9tique\",\"icsFiles\":[],\"historyId\":\"35\"}'),(147,1,33,32,NULL,NULL,'2023-05-06 09:36:25',1,'{\"subject\":\"1\\u00e8re S\\u00e9ance \\u00e0 vis\\u00e9e th\\u00e9rapeutique : Rendez-vous approuv\\u00e9\",\"body\":\"Cher(e) <strong>Olivier<\\/strong>,<br><br>Votre rendez-vous pour la prestation <strong>1\\u00e8re S\\u00e9ance \\u00e0 vis\\u00e9e th\\u00e9rapeutique<\\/strong> avec <strong>THIERRY PARIAN<\\/strong> a \\u00e9t\\u00e9 valid\\u00e9. Nous vous attendons \\u00e0 <strong> 296 Avenue du Griffon, Sorgues<\\/strong> le <strong>08\\/05\\/2023<\\/strong> \\u00e0 <strong>18:30<\\/strong>.<br><br>Merci pour votre demande de r\\u00e9servation,<br><strong><em>THIERRY PARIAN<\\/em><\\/strong>\",\"icsFiles\":[]}'),(148,9,1,32,NULL,NULL,'2023-05-06 09:36:25',1,'{\"subject\":\"1\\u00e8re S\\u00e9ance \\u00e0 vis\\u00e9e th\\u00e9rapeutique : Rendez-vous approuv\\u00e9\",\"body\":\"Bonjour <strong>THIERRY<\\/strong>,<br><br>Vous avez un rendez-vous de confirm\\u00e9 pour la prestation <strong>1\\u00e8re S\\u00e9ance \\u00e0 vis\\u00e9e th\\u00e9rapeutique<\\/strong>, \\u00e0 <strong>Sorgues<\\/strong> le <strong>08\\/05\\/2023<\\/strong> \\u00e0 <strong>18:30<\\/strong>.<br><br><strong><em><u>R\\u00e9capitulatif de la demande de RDV <\\/u><\\/em><\\/strong><em>:<\\/em><br><em>Client <\\/em>: Olivier VITALE<br><em>Email<\\/em> : oliviervitale@cerp-rouen.fr<br><em>T\\u00e9l\\u00e9phone<\\/em> : +33608879657<br><em>Prestation<\\/em> : 1\\u00e8re S\\u00e9ance \\u00e0 vis\\u00e9e th\\u00e9rapeutique<br><em>Date et heure<\\/em> : 08\\/05\\/2023 \\u00e0 18:30<br><em>Lieu<\\/em> :  296 Avenue du Griffon, Sorgues\",\"icsFiles\":[]}'),(149,15,33,32,NULL,NULL,'2023-05-06 09:36:26',0,'{\"subject\":\"\",\"body\":\"Dear Olivier VITALE,\\n\\nYou have successfully scheduled 1\\u00e8re S\\u00e9ance \\u00e0 vis\\u00e9e th\\u00e9rapeutique appointment with THIERRY PARIAN. We are waiting for you at  296 Avenue du Griffon, Sorgues on 08\\/05\\/2023 18:30.\\n\\nThank you for choosing our company,\\nInstitut Ph\\u00e9nix Energ\\u00e9tique\",\"icsFiles\":[],\"historyId\":\"36\"}'),(150,23,1,32,NULL,NULL,'2023-05-06 09:36:26',0,'{\"subject\":\"\",\"body\":\"Hi THIERRY PARIAN,\\n                    \\nYou have one confirmed 1\\u00e8re S\\u00e9ance \\u00e0 vis\\u00e9e th\\u00e9rapeutique appointment at Sorgues on 08\\/05\\/2023 at 18:30. The appointment is added to your schedule.\\n                    \\nThank you,\\nInstitut Ph\\u00e9nix Energ\\u00e9tique\",\"icsFiles\":[],\"historyId\":\"37\"}'),(151,1,33,33,NULL,NULL,'2023-05-10 07:29:59',1,'{\"subject\":\"Soin \\u00e0 vis\\u00e9e th\\u00e9rapeutique : Rendez-vous approuv\\u00e9\",\"body\":\"Cher(e) <strong>Olivier<\\/strong>,<br><br>Votre rendez-vous pour la prestation <strong>Soin \\u00e0 vis\\u00e9e th\\u00e9rapeutique<\\/strong> avec <strong>THIERRY PARIAN<\\/strong> a \\u00e9t\\u00e9 valid\\u00e9. Nous vous attendons \\u00e0 <strong> 296 Avenue du Griffon, Sorgues<\\/strong> le <strong>25\\/05\\/2023<\\/strong> \\u00e0 <strong>17:00<\\/strong>.<br><br>Merci pour votre demande de r\\u00e9servation,<br><strong><em>THIERRY PARIAN<\\/em><\\/strong>\",\"icsFiles\":[]}'),(152,9,1,33,NULL,NULL,'2023-05-10 07:30:00',1,'{\"subject\":\"Soin \\u00e0 vis\\u00e9e th\\u00e9rapeutique : Rendez-vous approuv\\u00e9\",\"body\":\"Bonjour <strong>THIERRY<\\/strong>,<br><br>Vous avez un rendez-vous de confirm\\u00e9 pour la prestation <strong>Soin \\u00e0 vis\\u00e9e th\\u00e9rapeutique<\\/strong>, \\u00e0 <strong>Sorgues<\\/strong> le <strong>25\\/05\\/2023<\\/strong> \\u00e0 <strong>17:00<\\/strong>.<br><br><strong><em><u>R\\u00e9capitulatif de la demande de RDV <\\/u><\\/em><\\/strong><em>:<\\/em><br><em>Client <\\/em>: Olivier VITALE<br><em>Email<\\/em> : oliviervitale@cerp-rouen.fr<br><em>T\\u00e9l\\u00e9phone<\\/em> : +33608879657<br><em>Prestation<\\/em> : Soin \\u00e0 vis\\u00e9e th\\u00e9rapeutique<br><em>Date et heure<\\/em> : 25\\/05\\/2023 \\u00e0 17:00<br><em>Lieu<\\/em> :  296 Avenue du Griffon, Sorgues\",\"icsFiles\":[]}'),(153,15,33,33,NULL,NULL,'2023-05-10 07:30:00',0,'{\"subject\":\"\",\"body\":\"Dear Olivier VITALE,\\n\\nYou have successfully scheduled Soin \\u00e0 vis\\u00e9e th\\u00e9rapeutique appointment with THIERRY PARIAN. We are waiting for you at  296 Avenue du Griffon, Sorgues on 25\\/05\\/2023 17:00.\\n\\nThank you for choosing our company,\\nInstitut Ph\\u00e9nix Energ\\u00e9tique\",\"icsFiles\":[],\"historyId\":\"38\"}'),(154,23,1,33,NULL,NULL,'2023-05-10 07:30:01',0,'{\"subject\":\"\",\"body\":\"Hi THIERRY PARIAN,\\n                    \\nYou have one confirmed Soin \\u00e0 vis\\u00e9e th\\u00e9rapeutique appointment at Sorgues on 25\\/05\\/2023 at 17:00. The appointment is added to your schedule.\\n                    \\nThank you,\\nInstitut Ph\\u00e9nix Energ\\u00e9tique\",\"icsFiles\":[],\"historyId\":\"39\"}'),(155,29,10,NULL,9,NULL,'2023-05-12 14:48:16',1,'{\"subject\":\"Formation Reiki 1er Degr\\u00e9 - Shoden : Formation r\\u00e9serv\\u00e9e\",\"body\":\"Cher(e) <strong>isabelle<\\/strong>,<br><br>Vous vous \\u00eates inscrit avec succ\\u00e8s pour la formation au <strong>Formation Reiki 1er Degr\\u00e9 - Shoden<\\/strong>. Nous vous attendons au <strong>Formation au Reiki \\u00e0 Sorgues<\\/strong> le <strong>20\\/05\\/2023 <\\/strong>\\u00e0 <strong>09:00<\\/strong>.<br><br>Cordialement,<br><em>THIERRY PARIAN<\\/em>\",\"icsFiles\":[]}'),(156,35,1,NULL,9,NULL,'2023-05-12 14:48:17',1,'{\"subject\":\"Formation Reiki 1er Degr\\u00e9 - Shoden : Formation r\\u00e9serv\\u00e9e\",\"body\":\"Bonjour <strong>THIERRY PARIAN<\\/strong>,<br><br>Vous avez une formation pour <strong>Formation Reiki 1er Degr\\u00e9 - Shoden<\\/strong> confirm\\u00e9e \\u00e0 <strong>Formation au Reiki \\u00e0 Sorgues<\\/strong> le <strong>20\\/05\\/2023 09:00<\\/strong>. L\'\\u00e9v\\u00e9nement est ajout\\u00e9 \\u00e0 votre agenda.<br><br><strong><u>R\\u00e9capitulatif de la r\\u00e9servation<\\/u> :<\\/strong><br><em>Client<\\/em> : isabelle sellier<br><em>Email<\\/em> : isabellesellier48@gmail.com<br><em>T\\u00e9l\\u00e9phone<\\/em> : +33643053935<br><em>Formation<\\/em> : Formation Reiki 1er Degr\\u00e9 - Shoden<br><em>Date et heure<\\/em> : Le 20\\/05\\/2023 \\u00e0 09:00\",\"icsFiles\":[]}'),(157,40,10,NULL,9,NULL,'2023-05-12 14:48:17',0,'{\"subject\":\"\",\"body\":\"Dear isabelle sellier,\\n\\nYou have successfully scheduled Formation Reiki 1er Degr\\u00e9 - Shoden event. We are waiting for you at Formation au Reiki \\u00e0 Sorgues on 20\\/05\\/2023 09:00.\\n\\nThank you for choosing our company,\\nInstitut Ph\\u00e9nix Energ\\u00e9tique\",\"icsFiles\":[],\"historyId\":\"40\"}'),(158,46,1,NULL,9,NULL,'2023-05-12 14:48:18',0,'{\"subject\":\"\",\"body\":\"Hi THIERRY PARIAN,\\n\\nYou have one confirmed Formation Reiki 1er Degr\\u00e9 - Shoden event at Formation au Reiki \\u00e0 Sorgues on 20\\/05\\/2023 09:00. The event is added to your schedule.\\n\\nThank you,\\nInstitut Ph\\u00e9nix Energ\\u00e9tique\",\"icsFiles\":[],\"historyId\":\"41\"}'),(159,29,35,NULL,9,NULL,'2023-05-16 08:26:35',1,'{\"subject\":\"Formation Reiki 1er Degr\\u00e9 - Shoden : Formation r\\u00e9serv\\u00e9e\",\"body\":\"Cher(e) <strong>Audrey<\\/strong>,<br><br>Vous vous \\u00eates inscrit avec succ\\u00e8s pour la formation au <strong>Formation Reiki 1er Degr\\u00e9 - Shoden<\\/strong>. Nous vous attendons au <strong>Formation au Reiki \\u00e0 Sorgues<\\/strong> le <strong>20\\/05\\/2023 <\\/strong>\\u00e0 <strong>09:00<\\/strong>.<br><br>Cordialement,<br><em>THIERRY PARIAN<\\/em>\",\"icsFiles\":[]}'),(160,35,1,NULL,9,NULL,'2023-05-16 08:26:36',1,'{\"subject\":\"Formation Reiki 1er Degr\\u00e9 - Shoden : Formation r\\u00e9serv\\u00e9e\",\"body\":\"Bonjour <strong>THIERRY PARIAN<\\/strong>,<br><br>Vous avez une formation pour <strong>Formation Reiki 1er Degr\\u00e9 - Shoden<\\/strong> confirm\\u00e9e \\u00e0 <strong>Formation au Reiki \\u00e0 Sorgues<\\/strong> le <strong>20\\/05\\/2023 09:00<\\/strong>. L\'\\u00e9v\\u00e9nement est ajout\\u00e9 \\u00e0 votre agenda.<br><br><strong><u>R\\u00e9capitulatif de la r\\u00e9servation<\\/u> :<\\/strong><br><em>Client<\\/em> : Audrey Gonzalez<br><em>Email<\\/em> : audreyjc.gonzalez@laposte.net<br><em>T\\u00e9l\\u00e9phone<\\/em> : +33617386638<br><em>Formation<\\/em> : Formation Reiki 1er Degr\\u00e9 - Shoden<br><em>Date et heure<\\/em> : Le 20\\/05\\/2023 \\u00e0 09:00\",\"icsFiles\":[]}'),(161,40,35,NULL,9,NULL,'2023-05-16 08:26:36',0,'{\"subject\":\"\",\"body\":\"Dear Audrey Gonzalez,\\n\\nYou have successfully scheduled Formation Reiki 1er Degr\\u00e9 - Shoden event. We are waiting for you at Formation au Reiki \\u00e0 Sorgues on 20\\/05\\/2023 09:00.\\n\\nThank you for choosing our company,\\nInstitut Ph\\u00e9nix Energ\\u00e9tique\",\"icsFiles\":[],\"historyId\":\"42\"}'),(162,46,1,NULL,9,NULL,'2023-05-16 08:26:36',0,'{\"subject\":\"\",\"body\":\"Hi THIERRY PARIAN,\\n\\nYou have one confirmed Formation Reiki 1er Degr\\u00e9 - Shoden event at Formation au Reiki \\u00e0 Sorgues on 20\\/05\\/2023 09:00. The event is added to your schedule.\\n\\nThank you,\\nInstitut Ph\\u00e9nix Energ\\u00e9tique\",\"icsFiles\":[],\"historyId\":\"43\"}'),(163,1,20,34,NULL,NULL,'2023-05-17 01:18:19',1,'{\"subject\":\"Soin \\u00e0 vis\\u00e9e th\\u00e9rapeutique : Rendez-vous approuv\\u00e9\",\"body\":\"Cher(e) <strong>Margot<\\/strong>,<br><br>Votre rendez-vous pour la prestation <strong>Soin \\u00e0 vis\\u00e9e th\\u00e9rapeutique<\\/strong> avec <strong>THIERRY PARIAN<\\/strong> a \\u00e9t\\u00e9 valid\\u00e9. Nous vous attendons \\u00e0 <strong> 296 Avenue du Griffon, Sorgues<\\/strong> le <strong>17\\/05\\/2023<\\/strong> \\u00e0 <strong>16:00<\\/strong>.<br><br>Merci pour votre demande de r\\u00e9servation,<br><strong><em>THIERRY PARIAN<\\/em><\\/strong>\",\"icsFiles\":[]}'),(164,9,1,34,NULL,NULL,'2023-05-17 01:18:19',1,'{\"subject\":\"Soin \\u00e0 vis\\u00e9e th\\u00e9rapeutique : Rendez-vous approuv\\u00e9\",\"body\":\"Bonjour <strong>THIERRY<\\/strong>,<br><br>Vous avez un rendez-vous de confirm\\u00e9 pour la prestation <strong>Soin \\u00e0 vis\\u00e9e th\\u00e9rapeutique<\\/strong>, \\u00e0 <strong>Sorgues<\\/strong> le <strong>17\\/05\\/2023<\\/strong> \\u00e0 <strong>16:00<\\/strong>.<br><br><strong><em><u>R\\u00e9capitulatif de la demande de RDV <\\/u><\\/em><\\/strong><em>:<\\/em><br><em>Client <\\/em>: Margot Daridan<br><em>Email<\\/em> : dess.margot@gmail.com<br><em>T\\u00e9l\\u00e9phone<\\/em> : +33785350475<br><em>Prestation<\\/em> : Soin \\u00e0 vis\\u00e9e th\\u00e9rapeutique<br><em>Date et heure<\\/em> : 17\\/05\\/2023 \\u00e0 16:00<br><em>Lieu<\\/em> :  296 Avenue du Griffon, Sorgues\",\"icsFiles\":[]}'),(165,15,20,34,NULL,NULL,'2023-05-17 01:18:20',0,'{\"subject\":\"\",\"body\":\"Dear Margot Daridan,\\n\\nYou have successfully scheduled Soin \\u00e0 vis\\u00e9e th\\u00e9rapeutique appointment with THIERRY PARIAN. We are waiting for you at  296 Avenue du Griffon, Sorgues on 17\\/05\\/2023 16:00.\\n\\nThank you for choosing our company,\\nInstitut Ph\\u00e9nix Energ\\u00e9tique\",\"icsFiles\":[],\"historyId\":\"44\"}'),(166,23,1,34,NULL,NULL,'2023-05-17 01:18:20',0,'{\"subject\":\"\",\"body\":\"Hi THIERRY PARIAN,\\n                    \\nYou have one confirmed Soin \\u00e0 vis\\u00e9e th\\u00e9rapeutique appointment at Sorgues on 17\\/05\\/2023 at 16:00. The appointment is added to your schedule.\\n                    \\nThank you,\\nInstitut Ph\\u00e9nix Energ\\u00e9tique\",\"icsFiles\":[],\"historyId\":\"45\"}'),(167,5,20,34,NULL,NULL,'2023-05-17 09:23:31',1,'{\"subject\":\"Soin \\u00e0 vis\\u00e9e th\\u00e9rapeutique : Rendez-vous report\\u00e9\",\"body\":\"Cher(e) <strong>Margot<\\/strong>,<br><br>Les d\\u00e9tails de votre rendez-vous pour la prestation <strong>Soin \\u00e0 vis\\u00e9e th\\u00e9rapeutique<\\/strong> avec <strong>THIERRY PARIAN<\\/strong> \\u00e0 <strong>Sorgues<\\/strong> ont \\u00e9t\\u00e9 modifi\\u00e9s. Le rendez-vous est maintenant fix\\u00e9 pour le <strong>17\\/05\\/2023<\\/strong> \\u00e0 <strong>16:30<\\/strong>.<br><br>&nbsp;Merci pour votre compr\\u00e9hension,<br><strong><em>THIERRY PARIAN<\\/em><\\/strong>\",\"icsFiles\":[]}'),(168,13,1,34,NULL,NULL,'2023-05-17 09:23:31',1,'{\"subject\":\"Soin \\u00e0 vis\\u00e9e th\\u00e9rapeutique Appointment Rescheduled\",\"body\":\"Bonjour <strong>THIERRY<\\/strong>,<br><br>Les d\\u00e9tails de votre rendez-vous pour la prestation <strong>Soin \\u00e0 vis\\u00e9e th\\u00e9rapeutique<\\/strong> \\u00e0 <strong>Sorgues<\\/strong> ont \\u00e9t\\u00e9 modifi\\u00e9s. Le rendez-vous est maintenant fix\\u00e9 pour le <strong>17\\/05\\/2023<\\/strong> \\u00e0 <strong>16:30<\\/strong>.<br><br><br><strong><em>R\\u00e9capitulatif de la demande de RDV<\\/em><\\/strong><em><u> <\\/u>:<\\/em><br><em>Client <\\/em>: Margot Daridan<br><em>Email<\\/em> : dess.margot@gmail.com<br><em>T\\u00e9l\\u00e9phone<\\/em> : +33785350475<br><em>Prestation<\\/em> : Soin \\u00e0 vis\\u00e9e th\\u00e9rapeutique<br><em>Date et heure<\\/em> : 17\\/05\\/2023 \\u00e0 16:30<br><em>Lieu<\\/em> :  296 Avenue du Griffon, Sorgues\",\"icsFiles\":[]}'),(169,19,20,34,NULL,NULL,'2023-05-17 09:23:32',0,'{\"subject\":\"\",\"body\":\"Dear Margot Daridan,\\n                    \\nThe details for your Soin \\u00e0 vis\\u00e9e th\\u00e9rapeutique appointment with THIERRY PARIAN at Sorgues has been changed. The appointment is now set for 17\\/05\\/2023 at 16:30.\\n                    \\nThank you for choosing our company,\\nInstitut Ph\\u00e9nix Energ\\u00e9tique\",\"icsFiles\":[],\"historyId\":\"46\"}'),(170,27,1,34,NULL,NULL,'2023-05-17 09:23:32',0,'{\"subject\":\"\",\"body\":\"Hi THIERRY PARIAN,\\n                    \\nThe details for your Soin \\u00e0 vis\\u00e9e th\\u00e9rapeutique appointment at Sorgues has been changed. The appointment is now set for 17\\/05\\/2023 at 16:30.\\n                    \\nThank you,\\nInstitut Ph\\u00e9nix Energ\\u00e9tique\",\"icsFiles\":[],\"historyId\":\"47\"}'),(171,12,1,34,NULL,NULL,'2023-05-17 11:47:51',1,'{\"subject\":\"Soin \\u00e0 vis\\u00e9e th\\u00e9rapeutique : Rendez-vous annul\\u00e9\",\"body\":\"Bonjour <strong>THIERRY<\\/strong>,<br><br>Votre rendez-vous pour la prestation <strong>Soin \\u00e0 vis\\u00e9e th\\u00e9rapeutique<\\/strong>, pr\\u00e9vu le <strong>17\\/05\\/2023<\\/strong>, \\u00e0 <strong>Sorgues<\\/strong> a \\u00e9t\\u00e9 annul\\u00e9.<br><br><strong><em><u>R\\u00e9capitulatif de la demande de RDV<\\/u><\\/em><\\/strong><em> :<\\/em><br><em>Client <\\/em>: Margot Daridan<br><em>Email<\\/em> : dess.margot@gmail.com<br><em>T\\u00e9l\\u00e9phone<\\/em> : +33785350475<br><em>Prestation<\\/em> : Soin \\u00e0 vis\\u00e9e th\\u00e9rapeutique<br><em>Date et heure<\\/em> : 17\\/05\\/2023 \\u00e0 16:30<br><em>Lieu<\\/em> :  296 Avenue du Griffon, Sorgues\",\"icsFiles\":[]}'),(172,4,20,34,NULL,NULL,'2023-05-17 11:47:52',1,'{\"subject\":\"Soin \\u00e0 vis\\u00e9e th\\u00e9rapeutique : Rendez-vous annul\\u00e9\",\"body\":\"Cher(e) <strong>Margot<span class=\\\"ql-cursor\\\">\\ufeff\\ufeff<\\/span><\\/strong>,<br><br>Votre rendez-vous pour la prestation <strong>Soin \\u00e0 vis\\u00e9e th\\u00e9rapeutique<\\/strong> avec <strong>THIERRY PARIAN<\\/strong> le <strong>17\\/05\\/2023<\\/strong> \\u00e0 <strong>16:30 <\\/strong>est annul\\u00e9. Nous nous excusons pour ce contre temps.<br><br>Cordialement,<br><strong><em>THIERRY PARIAN<\\/em><\\/strong>\",\"icsFiles\":[]}'),(173,26,1,34,NULL,NULL,'2023-05-17 11:47:53',0,'{\"subject\":\"\",\"body\":\"Hi THIERRY PARIAN,\\n                    \\nYour Soin \\u00e0 vis\\u00e9e th\\u00e9rapeutique appointment, scheduled on 17\\/05\\/2023, at Sorgues has been canceled.\\n                    \\nThank you,\\nInstitut Ph\\u00e9nix Energ\\u00e9tique\",\"icsFiles\":[],\"historyId\":\"48\"}'),(174,18,20,34,NULL,NULL,'2023-05-17 11:47:53',0,'{\"subject\":\"\",\"body\":\"Dear Margot Daridan,\\n                    \\nYour Soin \\u00e0 vis\\u00e9e th\\u00e9rapeutique appointment, scheduled on 17\\/05\\/2023 16:30 at  296 Avenue du Griffon, Sorgues has been canceled. \\n                    \\nThank you for choosing our company,\\nInstitut Ph\\u00e9nix Energ\\u00e9tique\",\"icsFiles\":[],\"historyId\":\"49\"}'),(175,29,36,NULL,9,NULL,'2023-05-19 09:47:49',1,'{\"subject\":\"Formation Reiki 1er Degr\\u00e9 - Shoden : Formation r\\u00e9serv\\u00e9e\",\"body\":\"<!-- Content -->Cher(e)   <strong>Thierry<\\/strong>,<br>  <br>Vous vous \\u00eates inscrit avec succ\\u00e8s pour la formation au   <strong>Formation Reiki 1er Degr\\u00e9 - Shoden<\\/strong>. <br>  <br>Celle-ci se d\\u00e9roulera du   <strong>20\\/05\\/2023 09:00<\\/strong> au   <strong>21\\/05\\/2023 19:00 <\\/strong>au centre de   <strong>Formation au Reiki \\u00e0 Sorgues<\\/strong> au   <strong>657 D Route d\\u2019Entraigues, 84700 Sorgues<\\/strong>.<br>  <br>Cordialement,<br>  <em>THIERRY PARIAN<\\/em>\",\"icsFiles\":[]}'),(176,35,1,NULL,9,NULL,'2023-05-19 09:47:50',1,'{\"subject\":\"Formation Reiki 1er Degr\\u00e9 - Shoden : Formation r\\u00e9serv\\u00e9e\",\"body\":\"Bonjour <strong>THIERRY PARIAN<\\/strong>,<br><br>Vous avez une formation pour <strong>Formation Reiki 1er Degr\\u00e9 - Shoden<\\/strong> confirm\\u00e9e \\u00e0 <strong>Formation au Reiki \\u00e0 Sorgues<\\/strong> le <strong>20\\/05\\/2023 09:00<\\/strong>. L\'\\u00e9v\\u00e9nement est ajout\\u00e9 \\u00e0 votre agenda.<br><br><strong><u>R\\u00e9capitulatif de la r\\u00e9servation<\\/u> :<\\/strong><br><em>Client<\\/em> : Thierry PARIAN<br><em>Email<\\/em> : thierry.parian@gmail.com<br><em>T\\u00e9l\\u00e9phone<\\/em> : <br><em>Formation<\\/em> : Formation Reiki 1er Degr\\u00e9 - Shoden<br><em>Date et heure<\\/em> : Le 20\\/05\\/2023 \\u00e0 09:00\",\"icsFiles\":[]}'),(177,46,1,NULL,9,NULL,'2023-05-19 09:47:50',0,'{\"subject\":\"\",\"body\":\"Hi THIERRY PARIAN,\\n\\nYou have one confirmed Formation Reiki 1er Degr\\u00e9 - Shoden event at Formation au Reiki \\u00e0 Sorgues on 20\\/05\\/2023 09:00. The event is added to your schedule.\\n\\nThank you,\\nInstitut Ph\\u00e9nix Energ\\u00e9tique\",\"icsFiles\":[],\"historyId\":\"50\"}'),(178,30,36,NULL,9,NULL,'2023-05-19 09:49:24',1,'{\"subject\":\"Formation Reiki 1er Degr\\u00e9 - Shoden : Ev\\u00e9nement annul\\u00e9 par l\'administrateur\",\"body\":\"Cher(e) <strong>Thierry<\\/strong>,<br><br>Votre formation pour la prestation<strong> Formation Reiki 1er Degr\\u00e9 - Shoden<\\/strong>, pr\\u00e9vue le <strong>20\\/05\\/2023 09:00<\\/strong> \\u00e0 <strong>Formation au Reiki \\u00e0 Sorgues<\\/strong> a \\u00e9t\\u00e9 annul\\u00e9e.<br><br>Cordialement,<br><em>THIERRY PARIAN<\\/em>\",\"icsFiles\":[]}'),(179,9,1,35,NULL,NULL,'2023-05-19 12:29:35',1,'{\"subject\":\"Soin \\u00e0 vis\\u00e9e th\\u00e9rapeutique : Rendez-vous approuv\\u00e9\",\"body\":\"Bonjour <strong>THIERRY<\\/strong>,<br><br>Vous avez un rendez-vous de confirm\\u00e9 pour la prestation <strong>Soin \\u00e0 vis\\u00e9e th\\u00e9rapeutique<\\/strong>, \\u00e0 <strong>Sorgues<\\/strong> le <strong>19\\/05\\/2023<\\/strong> \\u00e0 <strong>18:00<\\/strong>.<br><br><strong><em><u>R\\u00e9capitulatif de la demande de RDV <\\/u><\\/em><\\/strong><em>:<\\/em><br><em>Client <\\/em>: Margot Daridan<br><em>Email<\\/em> : dess.margot@gmail.com<br><em>T\\u00e9l\\u00e9phone<\\/em> : +33785350475<br><em>Prestation<\\/em> : Soin \\u00e0 vis\\u00e9e th\\u00e9rapeutique<br><em>Date et heure<\\/em> : 19\\/05\\/2023 \\u00e0 18:00<br><em>Lieu<\\/em> :  296 Avenue du Griffon, Sorgues\",\"icsFiles\":[]}'),(180,1,20,35,NULL,NULL,'2023-05-19 12:29:35',1,'{\"subject\":\"Soin \\u00e0 vis\\u00e9e th\\u00e9rapeutique : Rendez-vous approuv\\u00e9\",\"body\":\",Cher(e) <strong>Margot<\\/strong>,<br><br>Votre rendez-vous pour la prestation <strong>Soin \\u00e0 vis\\u00e9e th\\u00e9rapeutique<\\/strong> avec <strong>THIERRY PARIAN<\\/strong> a \\u00e9t\\u00e9 valid\\u00e9. Nous vous attendons \\u00e0 <strong>Sorgues, <\\/strong>au <strong> 296 Avenue du Griffon, Sorgues<\\/strong> le <strong>19\\/05\\/2023<\\/strong> \\u00e0 <strong>18:00<\\/strong>.<br><br>Merci pour votre demande de r\\u00e9servation,<br><strong><em>THIERRY PARIAN<\\/em><\\/strong>\",\"icsFiles\":[]}'),(181,23,1,35,NULL,NULL,'2023-05-19 12:29:36',0,'{\"subject\":\"\",\"body\":\"Hi THIERRY PARIAN,\\n                    \\nYou have one confirmed Soin \\u00e0 vis\\u00e9e th\\u00e9rapeutique appointment at Sorgues on 19\\/05\\/2023 at 18:00. The appointment is added to your schedule.\\n                    \\nThank you,\\nInstitut Ph\\u00e9nix Energ\\u00e9tique\",\"icsFiles\":[],\"historyId\":\"52\"}'),(182,15,20,35,NULL,NULL,'2023-05-19 12:29:36',0,'{\"subject\":\"\",\"body\":\"Dear Margot Daridan,\\n\\nYou have successfully scheduled Soin \\u00e0 vis\\u00e9e th\\u00e9rapeutique appointment with THIERRY PARIAN. We are waiting for you at  296 Avenue du Griffon, Sorgues on 19\\/05\\/2023 18:00.\\n\\nThank you for choosing our company,\\nInstitut Ph\\u00e9nix Energ\\u00e9tique\",\"icsFiles\":[],\"historyId\":\"53\"}'),(183,12,1,33,NULL,NULL,'2023-05-23 16:17:17',1,'{\"subject\":\"Soin \\u00e0 vis\\u00e9e th\\u00e9rapeutique : Rendez-vous annul\\u00e9\",\"body\":\"Bonjour <strong>THIERRY<\\/strong>,<br><br>Votre rendez-vous pour la prestation <strong>Soin \\u00e0 vis\\u00e9e th\\u00e9rapeutique<\\/strong>, pr\\u00e9vu le <strong>25\\/05\\/2023<\\/strong>, \\u00e0 <strong>Sorgues<\\/strong> a \\u00e9t\\u00e9 annul\\u00e9.<br><br><strong><em><u>R\\u00e9capitulatif de la demande de RDV<\\/u><\\/em><\\/strong><em> :<\\/em><br><em>Client <\\/em>: Olivier VITALE<br><em>Email<\\/em> : oliviervitale@cerp-rouen.fr<br><em>T\\u00e9l\\u00e9phone<\\/em> : +33608879657<br><em>Prestation<\\/em> : Soin \\u00e0 vis\\u00e9e th\\u00e9rapeutique<br><em>Date et heure<\\/em> : 25\\/05\\/2023 \\u00e0 17:00<br><em>Lieu<\\/em> :  296 Avenue du Griffon, Sorgues\",\"icsFiles\":[]}'),(184,26,1,33,NULL,NULL,'2023-05-23 16:17:20',0,'{\"subject\":\"\",\"body\":\"Hi THIERRY PARIAN,\\n                    \\nYour Soin \\u00e0 vis\\u00e9e th\\u00e9rapeutique appointment, scheduled on 25\\/05\\/2023, at Sorgues has been canceled.\\n                    \\nThank you,\\nInstitut Ph\\u00e9nix Energ\\u00e9tique\",\"icsFiles\":[],\"historyId\":\"54\"}'),(185,4,33,33,NULL,NULL,'2023-05-23 16:17:20',1,'{\"subject\":\"Soin \\u00e0 vis\\u00e9e th\\u00e9rapeutique : Rendez-vous annul\\u00e9\",\"body\":\"Cher(e) <strong>Olivier<span class=\\\"ql-cursor\\\">\\ufeff\\ufeff<\\/span><\\/strong>,<br><br>Votre rendez-vous pour la prestation <strong>Soin \\u00e0 vis\\u00e9e th\\u00e9rapeutique<\\/strong> avec <strong>THIERRY PARIAN<\\/strong> le <strong>25\\/05\\/2023<\\/strong> \\u00e0 <strong>17:00 <\\/strong>est annul\\u00e9. Nous nous excusons pour ce contre temps.<br><br>Cordialement,<br><strong><em>THIERRY PARIAN<\\/em><\\/strong>\",\"icsFiles\":[]}'),(186,18,33,33,NULL,NULL,'2023-05-23 16:17:21',0,'{\"subject\":\"\",\"body\":\"Dear Olivier VITALE,\\n                    \\nYour Soin \\u00e0 vis\\u00e9e th\\u00e9rapeutique appointment, scheduled on 25\\/05\\/2023 17:00 at  296 Avenue du Griffon, Sorgues has been canceled. \\n                    \\nThank you for choosing our company,\\nInstitut Ph\\u00e9nix Energ\\u00e9tique\",\"icsFiles\":[],\"historyId\":\"55\"}'),(187,9,1,36,NULL,NULL,'2023-05-24 09:24:50',1,'{\"subject\":\"Soin \\u00e0 vis\\u00e9e th\\u00e9rapeutique : Rendez-vous approuv\\u00e9\",\"body\":\"Bonjour <strong>THIERRY<\\/strong>,<br><br>Vous avez un rendez-vous de confirm\\u00e9 pour la prestation <strong>Soin \\u00e0 vis\\u00e9e th\\u00e9rapeutique<\\/strong>, \\u00e0 <strong>Sorgues<\\/strong> le <strong>25\\/05\\/2023<\\/strong> \\u00e0 <strong>17:00<\\/strong>.<br><br><strong><em><u>R\\u00e9capitulatif de la demande de RDV <\\/u><\\/em><\\/strong><em>:<\\/em><br><em>Client <\\/em>: Margot Daridan<br><em>Email<\\/em> : dess.margot@gmail.com<br><em>T\\u00e9l\\u00e9phone<\\/em> : +33785350475<br><em>Prestation<\\/em> : Soin \\u00e0 vis\\u00e9e th\\u00e9rapeutique<br><em>Date et heure<\\/em> : 25\\/05\\/2023 \\u00e0 17:00<br><em>Lieu<\\/em> :  296 Avenue du Griffon, Sorgues\",\"icsFiles\":[]}'),(188,1,20,36,NULL,NULL,'2023-05-24 09:24:50',1,'{\"subject\":\"Soin \\u00e0 vis\\u00e9e th\\u00e9rapeutique : Rendez-vous approuv\\u00e9\",\"body\":\",Cher(e) <strong>Margot<\\/strong>,<br><br>Votre rendez-vous pour la prestation <strong>Soin \\u00e0 vis\\u00e9e th\\u00e9rapeutique<\\/strong> avec <strong>THIERRY PARIAN<\\/strong> a \\u00e9t\\u00e9 valid\\u00e9. Nous vous attendons \\u00e0 <strong>Sorgues, <\\/strong>au <strong> 296 Avenue du Griffon, Sorgues<\\/strong> le <strong>25\\/05\\/2023<\\/strong> \\u00e0 <strong>17:00<\\/strong>.<br><br>Merci pour votre demande de r\\u00e9servation,<br><strong><em>THIERRY PARIAN<\\/em><\\/strong>\",\"icsFiles\":[]}'),(189,23,1,36,NULL,NULL,'2023-05-24 09:24:51',0,'{\"subject\":\"\",\"body\":\"Hi THIERRY PARIAN,\\n                    \\nYou have one confirmed Soin \\u00e0 vis\\u00e9e th\\u00e9rapeutique appointment at Sorgues on 25\\/05\\/2023 at 17:00. The appointment is added to your schedule.\\n                    \\nThank you,\\nInstitut Ph\\u00e9nix Energ\\u00e9tique\",\"icsFiles\":[],\"historyId\":\"56\"}'),(190,15,20,36,NULL,NULL,'2023-05-24 09:24:51',0,'{\"subject\":\"\",\"body\":\"Dear Margot Daridan,\\n\\nYou have successfully scheduled Soin \\u00e0 vis\\u00e9e th\\u00e9rapeutique appointment with THIERRY PARIAN. We are waiting for you at  296 Avenue du Griffon, Sorgues on 25\\/05\\/2023 17:00.\\n\\nThank you for choosing our company,\\nInstitut Ph\\u00e9nix Energ\\u00e9tique\",\"icsFiles\":[],\"historyId\":\"57\"}'),(191,34,32,NULL,9,NULL,'2023-05-25 07:44:48',1,'{\"subject\":\"Formation Reiki 1er Degr\\u00e9 - Shoden Event Follow Up\",\"body\":\"Cher(e) Claire,<br><br>Vous avez r\\u00e9cemment suivi une formation de Formation Reiki 1er Degr\\u00e9 - Shoden du 20\\/05\\/2023 au 21\\/05\\/2023 \\u00e0 l\'Institut Ph\\u00e9nix Energ\\u00e9tique<br><br>Nous esp\\u00e9rons que cette formation vous a apport\\u00e9 une enti\\u00e8re satisfaction.<br><br>Votre avis nous est pr\\u00e9cieux, n\'h\\u00e9sitez pas \\u00e0 le partager sur <a href=\\\"https:\\/\\/g.page\\/r\\/Cc-71QSq6mGDEB0\\/review\\\" target=\\\"_blank\\\">Google<\\/a> ou <a href=\\\"https:\\/\\/www.facebook.com\\/Phenix.Energetique\\/reviews\\\" target=\\\"_blank\\\">Facebook<\\/a><br><br>Cordialement,<br><em>THIERRY PARIAN<\\/em>\",\"icsFiles\":[]}'),(192,34,10,NULL,9,NULL,'2023-05-25 07:44:48',1,'{\"subject\":\"Formation Reiki 1er Degr\\u00e9 - Shoden Event Follow Up\",\"body\":\"Cher(e) isabelle,<br><br>Vous avez r\\u00e9cemment suivi une formation de Formation Reiki 1er Degr\\u00e9 - Shoden du 20\\/05\\/2023 au 21\\/05\\/2023 \\u00e0 l\'Institut Ph\\u00e9nix Energ\\u00e9tique<br><br>Nous esp\\u00e9rons que cette formation vous a apport\\u00e9 une enti\\u00e8re satisfaction.<br><br>Votre avis nous est pr\\u00e9cieux, n\'h\\u00e9sitez pas \\u00e0 le partager sur <a href=\\\"https:\\/\\/g.page\\/r\\/Cc-71QSq6mGDEB0\\/review\\\" target=\\\"_blank\\\">Google<\\/a> ou <a href=\\\"https:\\/\\/www.facebook.com\\/Phenix.Energetique\\/reviews\\\" target=\\\"_blank\\\">Facebook<\\/a><br><br>Cordialement,<br><em>THIERRY PARIAN<\\/em>\",\"icsFiles\":[]}'),(193,34,35,NULL,9,NULL,'2023-05-25 07:44:49',1,'{\"subject\":\"Formation Reiki 1er Degr\\u00e9 - Shoden Event Follow Up\",\"body\":\"Cher(e) Audrey,<br><br>Vous avez r\\u00e9cemment suivi une formation de Formation Reiki 1er Degr\\u00e9 - Shoden du 20\\/05\\/2023 au 21\\/05\\/2023 \\u00e0 l\'Institut Ph\\u00e9nix Energ\\u00e9tique<br><br>Nous esp\\u00e9rons que cette formation vous a apport\\u00e9 une enti\\u00e8re satisfaction.<br><br>Votre avis nous est pr\\u00e9cieux, n\'h\\u00e9sitez pas \\u00e0 le partager sur <a href=\\\"https:\\/\\/g.page\\/r\\/Cc-71QSq6mGDEB0\\/review\\\" target=\\\"_blank\\\">Google<\\/a> ou <a href=\\\"https:\\/\\/www.facebook.com\\/Phenix.Energetique\\/reviews\\\" target=\\\"_blank\\\">Facebook<\\/a><br><br>Cordialement,<br><em>THIERRY PARIAN<\\/em>\",\"icsFiles\":[]}'),(194,45,32,NULL,9,NULL,'2023-05-25 07:44:49',0,'{\"subject\":\"\",\"body\":\"Dear Claire Silvestre,\\n                    \\nThank you once again for choosing our company. We hope you were satisfied with your Formation Reiki 1er Degr\\u00e9 - Shoden.\\n                     \\nWe look forward to seeing you again soon,\\nInstitut Ph\\u00e9nix Energ\\u00e9tique\",\"icsFiles\":[],\"historyId\":\"58\"}'),(195,45,10,NULL,9,NULL,'2023-05-25 07:44:49',0,'{\"subject\":\"\",\"body\":\"Dear isabelle sellier,\\n                    \\nThank you once again for choosing our company. We hope you were satisfied with your Formation Reiki 1er Degr\\u00e9 - Shoden.\\n                     \\nWe look forward to seeing you again soon,\\nInstitut Ph\\u00e9nix Energ\\u00e9tique\",\"icsFiles\":[],\"historyId\":\"59\"}'),(196,45,35,NULL,9,NULL,'2023-05-25 07:44:50',0,'{\"subject\":\"\",\"body\":\"Dear Audrey Gonzalez,\\n                    \\nThank you once again for choosing our company. We hope you were satisfied with your Formation Reiki 1er Degr\\u00e9 - Shoden.\\n                     \\nWe look forward to seeing you again soon,\\nInstitut Ph\\u00e9nix Energ\\u00e9tique\",\"icsFiles\":[],\"historyId\":\"60\"}'),(197,45,32,NULL,9,NULL,'2023-05-25 10:40:17',0,'{\"subject\":\"\",\"body\":\"Dear Claire Silvestre,\\n                    \\nThank you once again for choosing our company. We hope you were satisfied with your Formation Reiki 1er Degr\\u00e9 - Shoden.\\n                     \\nWe look forward to seeing you again soon,\\nInstitut Ph\\u00e9nix Energ\\u00e9tique\",\"icsFiles\":[],\"historyId\":\"61\"}'),(198,45,10,NULL,9,NULL,'2023-05-25 10:40:17',0,'{\"subject\":\"\",\"body\":\"Dear isabelle sellier,\\n                    \\nThank you once again for choosing our company. We hope you were satisfied with your Formation Reiki 1er Degr\\u00e9 - Shoden.\\n                     \\nWe look forward to seeing you again soon,\\nInstitut Ph\\u00e9nix Energ\\u00e9tique\",\"icsFiles\":[],\"historyId\":\"62\"}'),(199,45,35,NULL,9,NULL,'2023-05-25 10:40:17',0,'{\"subject\":\"\",\"body\":\"Dear Audrey Gonzalez,\\n                    \\nThank you once again for choosing our company. We hope you were satisfied with your Formation Reiki 1er Degr\\u00e9 - Shoden.\\n                     \\nWe look forward to seeing you again soon,\\nInstitut Ph\\u00e9nix Energ\\u00e9tique\",\"icsFiles\":[],\"historyId\":\"63\"}'),(200,1,37,37,NULL,NULL,'2023-05-31 10:40:36',1,'{\"subject\":\"1\\u00e8re S\\u00e9ance \\u00e0 vis\\u00e9e th\\u00e9rapeutique : Rendez-vous approuv\\u00e9\",\"body\":\",Cher(e) <strong>arnaud<\\/strong>,<br><br>Votre rendez-vous pour la prestation <strong>1\\u00e8re S\\u00e9ance \\u00e0 vis\\u00e9e th\\u00e9rapeutique<\\/strong> avec <strong>THIERRY PARIAN<\\/strong> a \\u00e9t\\u00e9 valid\\u00e9. Nous vous attendons \\u00e0 <strong>Courthezon, <\\/strong>au <strong>212 route de Chateauneuf, 84350 Courthezon<\\/strong> le <strong>17\\/06\\/2023<\\/strong> \\u00e0 <strong>09:00<\\/strong>.<br><br>Merci pour votre demande de r\\u00e9servation,<br><strong><em>THIERRY PARIAN<\\/em><\\/strong>\",\"icsFiles\":[]}'),(201,9,1,37,NULL,NULL,'2023-05-31 10:40:36',1,'{\"subject\":\"1\\u00e8re S\\u00e9ance \\u00e0 vis\\u00e9e th\\u00e9rapeutique : Rendez-vous approuv\\u00e9\",\"body\":\"Bonjour <strong>THIERRY<\\/strong>,<br><br>Vous avez un rendez-vous de confirm\\u00e9 pour la prestation <strong>1\\u00e8re S\\u00e9ance \\u00e0 vis\\u00e9e th\\u00e9rapeutique<\\/strong>, \\u00e0 <strong>Courthezon<\\/strong> le <strong>17\\/06\\/2023<\\/strong> \\u00e0 <strong>09:00<\\/strong>.<br><br><strong><em><u>R\\u00e9capitulatif de la demande de RDV <\\/u><\\/em><\\/strong><em>:<\\/em><br><em>Client <\\/em>: arnaud mirande<br><em>Email<\\/em> : arnaud.mirande78@gmail.com<br><em>T\\u00e9l\\u00e9phone<\\/em> : +33630086804<br><em>Prestation<\\/em> : 1\\u00e8re S\\u00e9ance \\u00e0 vis\\u00e9e th\\u00e9rapeutique<br><em>Date et heure<\\/em> : 17\\/06\\/2023 \\u00e0 09:00<br><em>Lieu<\\/em> : 212 route de Chateauneuf, 84350 Courthezon\",\"icsFiles\":[]}'),(202,15,37,37,NULL,NULL,'2023-05-31 10:40:37',0,'{\"subject\":\"\",\"body\":\"Dear arnaud mirande,\\n\\nYou have successfully scheduled 1\\u00e8re S\\u00e9ance \\u00e0 vis\\u00e9e th\\u00e9rapeutique appointment with THIERRY PARIAN. We are waiting for you at 212 route de Chateauneuf, 84350 Courthezon on 17\\/06\\/2023 09:00.\\n\\nThank you for choosing our company,\\nInstitut Ph\\u00e9nix Energ\\u00e9tique\",\"icsFiles\":[],\"historyId\":\"64\"}'),(203,23,1,37,NULL,NULL,'2023-05-31 10:40:37',0,'{\"subject\":\"\",\"body\":\"Hi THIERRY PARIAN,\\n                    \\nYou have one confirmed 1\\u00e8re S\\u00e9ance \\u00e0 vis\\u00e9e th\\u00e9rapeutique appointment at Courthezon on 17\\/06\\/2023 at 09:00. The appointment is added to your schedule.\\n                    \\nThank you,\\nInstitut Ph\\u00e9nix Energ\\u00e9tique\",\"icsFiles\":[],\"historyId\":\"65\"}'),(204,25,1,37,NULL,NULL,'2023-05-31 10:59:25',0,'{\"subject\":\"\",\"body\":\"Hi THIERRY PARIAN,\\n                    \\nYour 1\\u00e8re S\\u00e9ance \\u00e0 vis\\u00e9e th\\u00e9rapeutique appointment at Courthezon, scheduled for 17\\/06\\/2023 at 09:00 has been rejected. \\n                    \\nThank you,\\nInstitut Ph\\u00e9nix Energ\\u00e9tique\",\"icsFiles\":[],\"historyId\":\"66\"}'),(205,17,37,37,NULL,NULL,'2023-05-31 10:59:25',0,'{\"subject\":\"\",\"body\":\"Dear arnaud mirande,\\n                    \\nYour 1\\u00e8re S\\u00e9ance \\u00e0 vis\\u00e9e th\\u00e9rapeutique appointment, scheduled on 17\\/06\\/2023 09:00 at 212 route de Chateauneuf, 84350 Courthezon has been rejected.\\n                    \\nThank you for choosing our company,\\nInstitut Ph\\u00e9nix Energ\\u00e9tique\",\"icsFiles\":[],\"historyId\":\"67\"}'),(206,9,1,37,NULL,NULL,'2023-06-01 09:29:40',1,'{\"subject\":\"1\\u00e8re S\\u00e9ance \\u00e0 vis\\u00e9e th\\u00e9rapeutique : Rendez-vous approuv\\u00e9\",\"body\":\"Bonjour <strong>THIERRY<\\/strong>,<br><br>Vous avez un rendez-vous de confirm\\u00e9 pour la prestation <strong>1\\u00e8re S\\u00e9ance \\u00e0 vis\\u00e9e th\\u00e9rapeutique<\\/strong>, \\u00e0 <strong>Sorgues<\\/strong> le <strong>09\\/06\\/2023<\\/strong> \\u00e0 <strong>18:00<\\/strong>.<br><br><strong><em><u>R\\u00e9capitulatif de la demande de RDV <\\/u><\\/em><\\/strong><em>:<\\/em><br><em>Client <\\/em>: arnaud mirande<br><em>Email<\\/em> : arnaud.mirande78@gmail.com<br><em>T\\u00e9l\\u00e9phone<\\/em> : +33630086804<br><em>Prestation<\\/em> : 1\\u00e8re S\\u00e9ance \\u00e0 vis\\u00e9e th\\u00e9rapeutique<br><em>Date et heure<\\/em> : 09\\/06\\/2023 \\u00e0 18:00<br><em>Lieu<\\/em> :  296 Avenue du Griffon, Sorgues\",\"icsFiles\":[]}'),(207,1,37,37,NULL,NULL,'2023-06-01 09:29:41',1,'{\"subject\":\"1\\u00e8re S\\u00e9ance \\u00e0 vis\\u00e9e th\\u00e9rapeutique : Rendez-vous approuv\\u00e9\",\"body\":\",Cher(e) <strong>arnaud<\\/strong>,<br><br>Votre rendez-vous pour la prestation <strong>1\\u00e8re S\\u00e9ance \\u00e0 vis\\u00e9e th\\u00e9rapeutique<\\/strong> avec <strong>THIERRY PARIAN<\\/strong> a \\u00e9t\\u00e9 valid\\u00e9. Nous vous attendons \\u00e0 <strong>Sorgues, <\\/strong>au <strong> 296 Avenue du Griffon, Sorgues<\\/strong> le <strong>09\\/06\\/2023<\\/strong> \\u00e0 <strong>18:00<\\/strong>.<br><br>Merci pour votre demande de r\\u00e9servation,<br><strong><em>THIERRY PARIAN<\\/em><\\/strong>\",\"icsFiles\":[]}'),(208,23,1,37,NULL,NULL,'2023-06-01 09:29:42',0,'{\"subject\":\"\",\"body\":\"Hi THIERRY PARIAN,\\n                    \\nYou have one confirmed 1\\u00e8re S\\u00e9ance \\u00e0 vis\\u00e9e th\\u00e9rapeutique appointment at Sorgues on 09\\/06\\/2023 at 18:00. The appointment is added to your schedule.\\n                    \\nThank you,\\nInstitut Ph\\u00e9nix Energ\\u00e9tique\",\"icsFiles\":[],\"historyId\":\"68\"}'),(209,15,37,37,NULL,NULL,'2023-06-01 09:29:43',0,'{\"subject\":\"\",\"body\":\"Dear arnaud mirande,\\n\\nYou have successfully scheduled 1\\u00e8re S\\u00e9ance \\u00e0 vis\\u00e9e th\\u00e9rapeutique appointment with THIERRY PARIAN. We are waiting for you at  296 Avenue du Griffon, Sorgues on 09\\/06\\/2023 18:00.\\n\\nThank you for choosing our company,\\nInstitut Ph\\u00e9nix Energ\\u00e9tique\",\"icsFiles\":[],\"historyId\":\"69\"}'),(210,5,37,37,NULL,NULL,'2023-06-01 09:29:43',1,'{\"subject\":\"1\\u00e8re S\\u00e9ance \\u00e0 vis\\u00e9e th\\u00e9rapeutique : Rendez-vous report\\u00e9\",\"body\":\"Cher(e) <strong>arnaud<\\/strong>,<br><br>Les d\\u00e9tails de votre rendez-vous pour la prestation <strong>1\\u00e8re S\\u00e9ance \\u00e0 vis\\u00e9e th\\u00e9rapeutique<\\/strong> avec <strong>THIERRY PARIAN<\\/strong> \\u00e0 <strong>Sorgues<\\/strong> ont \\u00e9t\\u00e9 modifi\\u00e9s. Le rendez-vous est maintenant fix\\u00e9 pour le <strong>09\\/06\\/2023<\\/strong> \\u00e0 <strong>18:00<\\/strong>.<br><br>&nbsp;Merci pour votre compr\\u00e9hension,<br><strong><em>THIERRY PARIAN<\\/em><\\/strong>\",\"icsFiles\":[]}'),(211,13,1,37,NULL,NULL,'2023-06-01 09:29:44',1,'{\"subject\":\"1\\u00e8re S\\u00e9ance \\u00e0 vis\\u00e9e th\\u00e9rapeutique Appointment Rescheduled\",\"body\":\"Bonjour <strong>THIERRY<\\/strong>,<br><br>Les d\\u00e9tails de votre rendez-vous pour la prestation <strong>1\\u00e8re S\\u00e9ance \\u00e0 vis\\u00e9e th\\u00e9rapeutique<\\/strong> \\u00e0 <strong>Sorgues<\\/strong> ont \\u00e9t\\u00e9 modifi\\u00e9s. Le rendez-vous est maintenant fix\\u00e9 pour le <strong>09\\/06\\/2023<\\/strong> \\u00e0 <strong>18:00<\\/strong>.<br><br><br><strong><em>R\\u00e9capitulatif de la demande de RDV<\\/em><\\/strong><em><u> <\\/u>:<\\/em><br><em>Client <\\/em>: arnaud mirande<br><em>Email<\\/em> : arnaud.mirande78@gmail.com<br><em>T\\u00e9l\\u00e9phone<\\/em> : +33630086804<br><em>Prestation<\\/em> : 1\\u00e8re S\\u00e9ance \\u00e0 vis\\u00e9e th\\u00e9rapeutique<br><em>Date et heure<\\/em> : 09\\/06\\/2023 \\u00e0 18:00<br><em>Lieu<\\/em> :  296 Avenue du Griffon, Sorgues\",\"icsFiles\":[]}'),(212,19,37,37,NULL,NULL,'2023-06-01 09:29:44',0,'{\"subject\":\"\",\"body\":\"Dear arnaud mirande,\\n                    \\nThe details for your 1\\u00e8re S\\u00e9ance \\u00e0 vis\\u00e9e th\\u00e9rapeutique appointment with THIERRY PARIAN at Sorgues has been changed. The appointment is now set for 09\\/06\\/2023 at 18:00.\\n                    \\nThank you for choosing our company,\\nInstitut Ph\\u00e9nix Energ\\u00e9tique\",\"icsFiles\":[],\"historyId\":\"70\"}'),(213,27,1,37,NULL,NULL,'2023-06-01 09:29:45',0,'{\"subject\":\"\",\"body\":\"Hi THIERRY PARIAN,\\n                    \\nThe details for your 1\\u00e8re S\\u00e9ance \\u00e0 vis\\u00e9e th\\u00e9rapeutique appointment at Sorgues has been changed. The appointment is now set for 09\\/06\\/2023 at 18:00.\\n                    \\nThank you,\\nInstitut Ph\\u00e9nix Energ\\u00e9tique\",\"icsFiles\":[],\"historyId\":\"71\"}'),(214,1,38,38,NULL,NULL,'2023-06-05 20:01:01',1,'{\"subject\":\"Soin \\u00e0 vis\\u00e9e th\\u00e9rapeutique : Rendez-vous approuv\\u00e9\",\"body\":\",Cher(e) <strong>Marie-Jeanne<\\/strong>,<br><br>Votre rendez-vous pour la prestation <strong>Soin \\u00e0 vis\\u00e9e th\\u00e9rapeutique<\\/strong> avec <strong>THIERRY PARIAN<\\/strong> a \\u00e9t\\u00e9 valid\\u00e9. Nous vous attendons \\u00e0 <strong>Thoard, <\\/strong>au <strong>14 Boulevard Paul d\'Avignon, 04380 Thoard <\\/strong> le <strong>16\\/06\\/2023<\\/strong> \\u00e0 <strong>11:00<\\/strong>.<br><br>Merci pour votre demande de r\\u00e9servation,<br><strong><em>THIERRY PARIAN<\\/em><\\/strong>\",\"icsFiles\":[]}'),(215,9,1,38,NULL,NULL,'2023-06-05 20:01:01',1,'{\"subject\":\"Soin \\u00e0 vis\\u00e9e th\\u00e9rapeutique : Rendez-vous approuv\\u00e9\",\"body\":\"Bonjour <strong>THIERRY<\\/strong>,<br><br>Vous avez un rendez-vous de confirm\\u00e9 pour la prestation <strong>Soin \\u00e0 vis\\u00e9e th\\u00e9rapeutique<\\/strong>, \\u00e0 <strong>Thoard<\\/strong> le <strong>16\\/06\\/2023<\\/strong> \\u00e0 <strong>11:00<\\/strong>.<br><br><strong><em><u>R\\u00e9capitulatif de la demande de RDV <\\/u><\\/em><\\/strong><em>:<\\/em><br><em>Client <\\/em>: Marie-Jeanne Cruchon-Dupeyrat<br><em>Email<\\/em> : mjcd04@icloud.com<br><em>T\\u00e9l\\u00e9phone<\\/em> : +33687298802<br><em>Prestation<\\/em> : Soin \\u00e0 vis\\u00e9e th\\u00e9rapeutique<br><em>Date et heure<\\/em> : 16\\/06\\/2023 \\u00e0 11:00<br><em>Lieu<\\/em> : 14 Boulevard Paul d\'Avignon, 04380 Thoard \",\"icsFiles\":[]}'),(216,15,38,38,NULL,NULL,'2023-06-05 20:01:02',0,'{\"subject\":\"\",\"body\":\"Dear Marie-Jeanne Cruchon-Dupeyrat,\\n\\nYou have successfully scheduled Soin \\u00e0 vis\\u00e9e th\\u00e9rapeutique appointment with THIERRY PARIAN. We are waiting for you at 14 Boulevard Paul d\'Avignon, 04380 Thoard  on 16\\/06\\/2023 11:00.\\n\\nThank you for choosing our company,\\nInstitut Ph\\u00e9nix Energ\\u00e9tique\",\"icsFiles\":[],\"historyId\":\"72\"}'),(217,23,1,38,NULL,NULL,'2023-06-05 20:01:02',0,'{\"subject\":\"\",\"body\":\"Hi THIERRY PARIAN,\\n                    \\nYou have one confirmed Soin \\u00e0 vis\\u00e9e th\\u00e9rapeutique appointment at Thoard on 16\\/06\\/2023 at 11:00. The appointment is added to your schedule.\\n                    \\nThank you,\\nInstitut Ph\\u00e9nix Energ\\u00e9tique\",\"icsFiles\":[],\"historyId\":\"73\"}'),(218,1,39,39,NULL,NULL,'2023-06-06 09:26:26',1,'{\"subject\":\"Massage bien \\u00eatre 2h : Rendez-vous approuv\\u00e9\",\"body\":\",Cher(e) <strong>Nelly<\\/strong>,<br><br>Votre rendez-vous pour la prestation <strong>Massage bien \\u00eatre 2h<\\/strong> avec <strong>THIERRY PARIAN<\\/strong> a \\u00e9t\\u00e9 valid\\u00e9. Nous vous attendons \\u00e0 <strong>Thoard, <\\/strong>au <strong>14 Boulevard Paul d\'Avignon, 04380 Thoard <\\/strong> le <strong>16\\/06\\/2023<\\/strong> \\u00e0 <strong>14:00<\\/strong>.<br><br>Merci pour votre demande de r\\u00e9servation,<br><strong><em>THIERRY PARIAN<\\/em><\\/strong>\",\"icsFiles\":[]}'),(219,9,1,39,NULL,NULL,'2023-06-06 09:26:27',1,'{\"subject\":\"Massage bien \\u00eatre 2h : Rendez-vous approuv\\u00e9\",\"body\":\"Bonjour <strong>THIERRY<\\/strong>,<br><br>Vous avez un rendez-vous de confirm\\u00e9 pour la prestation <strong>Massage bien \\u00eatre 2h<\\/strong>, \\u00e0 <strong>Thoard<\\/strong> le <strong>16\\/06\\/2023<\\/strong> \\u00e0 <strong>14:00<\\/strong>.<br><br><strong><em><u>R\\u00e9capitulatif de la demande de RDV <\\/u><\\/em><\\/strong><em>:<\\/em><br><em>Client <\\/em>: Nelly Schneider<br><em>Email<\\/em> : neschneider@laposte.net<br><em>T\\u00e9l\\u00e9phone<\\/em> : +33611529301<br><em>Prestation<\\/em> : Massage bien \\u00eatre 2h<br><em>Date et heure<\\/em> : 16\\/06\\/2023 \\u00e0 14:00<br><em>Lieu<\\/em> : 14 Boulevard Paul d\'Avignon, 04380 Thoard \",\"icsFiles\":[]}'),(220,15,39,39,NULL,NULL,'2023-06-06 09:26:27',0,'{\"subject\":\"\",\"body\":\"Dear Nelly Schneider,\\n\\nYou have successfully scheduled Massage bien \\u00eatre 2h appointment with THIERRY PARIAN. We are waiting for you at 14 Boulevard Paul d\'Avignon, 04380 Thoard  on 16\\/06\\/2023 14:00.\\n\\nThank you for choosing our company,\\nInstitut Ph\\u00e9nix Energ\\u00e9tique\",\"icsFiles\":[],\"historyId\":\"74\"}'),(221,23,1,39,NULL,NULL,'2023-06-06 09:26:27',0,'{\"subject\":\"\",\"body\":\"Hi THIERRY PARIAN,\\n                    \\nYou have one confirmed Massage bien \\u00eatre 2h appointment at Thoard on 16\\/06\\/2023 at 14:00. The appointment is added to your schedule.\\n                    \\nThank you,\\nInstitut Ph\\u00e9nix Energ\\u00e9tique\",\"icsFiles\":[],\"historyId\":\"75\"}'),(222,5,39,39,NULL,NULL,'2023-06-06 10:13:57',1,'{\"subject\":\"Acupuncture Esth\\u00e9tique Nouveau Client : Rendez-vous report\\u00e9\",\"body\":\"Cher(e) <strong>Nelly<\\/strong>,<br><br>Les d\\u00e9tails de votre rendez-vous pour la prestation <strong>Acupuncture Esth\\u00e9tique Nouveau Client<\\/strong> avec <strong>THIERRY PARIAN<\\/strong> \\u00e0 <strong>Thoard<\\/strong> ont \\u00e9t\\u00e9 modifi\\u00e9s. Le rendez-vous est maintenant fix\\u00e9 pour le <strong>16\\/06\\/2023<\\/strong> \\u00e0 <strong>12:00<\\/strong>.<br><br>&nbsp;Merci pour votre compr\\u00e9hension,<br><strong><em>THIERRY PARIAN<\\/em><\\/strong>\",\"icsFiles\":[]}'),(223,13,1,39,NULL,NULL,'2023-06-06 10:13:57',1,'{\"subject\":\"Acupuncture Esth\\u00e9tique Nouveau Client Appointment Rescheduled\",\"body\":\"Bonjour <strong>THIERRY<\\/strong>,<br><br>Les d\\u00e9tails de votre rendez-vous pour la prestation <strong>Acupuncture Esth\\u00e9tique Nouveau Client<\\/strong> \\u00e0 <strong>Thoard<\\/strong> ont \\u00e9t\\u00e9 modifi\\u00e9s. Le rendez-vous est maintenant fix\\u00e9 pour le <strong>16\\/06\\/2023<\\/strong> \\u00e0 <strong>12:00<\\/strong>.<br><br><br><strong><em>R\\u00e9capitulatif de la demande de RDV<\\/em><\\/strong><em><u> <\\/u>:<\\/em><br><em>Client <\\/em>: Nelly Schneider<br><em>Email<\\/em> : neschneider@laposte.net<br><em>T\\u00e9l\\u00e9phone<\\/em> : +33611529301<br><em>Prestation<\\/em> : Acupuncture Esth\\u00e9tique Nouveau Client<br><em>Date et heure<\\/em> : 16\\/06\\/2023 \\u00e0 12:00<br><em>Lieu<\\/em> : 14 Boulevard Paul d\'Avignon, 04380 Thoard \",\"icsFiles\":[]}'),(224,19,39,39,NULL,NULL,'2023-06-06 10:13:58',0,'{\"subject\":\"\",\"body\":\"Dear Nelly Schneider,\\n                    \\nThe details for your Acupuncture Esth\\u00e9tique Nouveau Client appointment with THIERRY PARIAN at Thoard has been changed. The appointment is now set for 16\\/06\\/2023 at 12:00.\\n                    \\nThank you for choosing our company,\\nInstitut Ph\\u00e9nix Energ\\u00e9tique\",\"icsFiles\":[],\"historyId\":\"76\"}'),(225,27,1,39,NULL,NULL,'2023-06-06 10:13:58',0,'{\"subject\":\"\",\"body\":\"Hi THIERRY PARIAN,\\n                    \\nThe details for your Acupuncture Esth\\u00e9tique Nouveau Client appointment at Thoard has been changed. The appointment is now set for 16\\/06\\/2023 at 12:00.\\n                    \\nThank you,\\nInstitut Ph\\u00e9nix Energ\\u00e9tique\",\"icsFiles\":[],\"historyId\":\"77\"}'),(226,5,39,39,NULL,NULL,'2023-06-06 10:20:14',1,'{\"subject\":\"Acupuncture Esth\\u00e9tique Nouveau Client : Rendez-vous report\\u00e9\",\"body\":\"Cher(e) <strong>Nelly<\\/strong>,<br><br>Les d\\u00e9tails de votre rendez-vous pour la prestation <strong>Acupuncture Esth\\u00e9tique Nouveau Client<\\/strong> avec <strong>THIERRY PARIAN<\\/strong> \\u00e0 <strong>Thoard<\\/strong> ont \\u00e9t\\u00e9 modifi\\u00e9s. Le rendez-vous est maintenant fix\\u00e9 pour le <strong>16\\/06\\/2023<\\/strong> \\u00e0 <strong>13:00<\\/strong>.<br><br>&nbsp;Merci pour votre compr\\u00e9hension,<br><strong><em>THIERRY PARIAN<\\/em><\\/strong>\",\"icsFiles\":[]}'),(227,13,1,39,NULL,NULL,'2023-06-06 10:20:14',1,'{\"subject\":\"Acupuncture Esth\\u00e9tique Nouveau Client Appointment Rescheduled\",\"body\":\"Bonjour <strong>THIERRY<\\/strong>,<br><br>Les d\\u00e9tails de votre rendez-vous pour la prestation <strong>Acupuncture Esth\\u00e9tique Nouveau Client<\\/strong> \\u00e0 <strong>Thoard<\\/strong> ont \\u00e9t\\u00e9 modifi\\u00e9s. Le rendez-vous est maintenant fix\\u00e9 pour le <strong>16\\/06\\/2023<\\/strong> \\u00e0 <strong>13:00<\\/strong>.<br><br><br><strong><em>R\\u00e9capitulatif de la demande de RDV<\\/em><\\/strong><em><u> <\\/u>:<\\/em><br><em>Client <\\/em>: Nelly Schneider<br><em>Email<\\/em> : neschneider@laposte.net<br><em>T\\u00e9l\\u00e9phone<\\/em> : +33611529301<br><em>Prestation<\\/em> : Acupuncture Esth\\u00e9tique Nouveau Client<br><em>Date et heure<\\/em> : 16\\/06\\/2023 \\u00e0 13:00<br><em>Lieu<\\/em> : 14 Boulevard Paul d\'Avignon, 04380 Thoard \",\"icsFiles\":[]}'),(228,19,39,39,NULL,NULL,'2023-06-06 10:20:15',0,'{\"subject\":\"\",\"body\":\"Dear Nelly Schneider,\\n                    \\nThe details for your Acupuncture Esth\\u00e9tique Nouveau Client appointment with THIERRY PARIAN at Thoard has been changed. The appointment is now set for 16\\/06\\/2023 at 13:00.\\n                    \\nThank you for choosing our company,\\nInstitut Ph\\u00e9nix Energ\\u00e9tique\",\"icsFiles\":[],\"historyId\":\"78\"}'),(229,27,1,39,NULL,NULL,'2023-06-06 10:20:15',0,'{\"subject\":\"\",\"body\":\"Hi THIERRY PARIAN,\\n                    \\nThe details for your Acupuncture Esth\\u00e9tique Nouveau Client appointment at Thoard has been changed. The appointment is now set for 16\\/06\\/2023 at 13:00.\\n                    \\nThank you,\\nInstitut Ph\\u00e9nix Energ\\u00e9tique\",\"icsFiles\":[],\"historyId\":\"79\"}'),(230,1,20,40,NULL,NULL,'2023-06-07 19:14:40',1,'{\"subject\":\"1\\u00e8re S\\u00e9ance \\u00e0 vis\\u00e9e th\\u00e9rapeutique : Rendez-vous approuv\\u00e9\",\"body\":\",Cher(e) <strong>Margot<\\/strong>,<br><br>Votre rendez-vous pour la prestation <strong>1\\u00e8re S\\u00e9ance \\u00e0 vis\\u00e9e th\\u00e9rapeutique<\\/strong> avec <strong>THIERRY PARIAN<\\/strong> a \\u00e9t\\u00e9 valid\\u00e9. Nous vous attendons \\u00e0 <strong>Sorgues, <\\/strong>au <strong> 296 Avenue du Griffon, Sorgues<\\/strong> le <strong>08\\/06\\/2023<\\/strong> \\u00e0 <strong>09:00<\\/strong>.<br><br>Merci pour votre demande de r\\u00e9servation,<br><strong><em>THIERRY PARIAN<\\/em><\\/strong>\",\"icsFiles\":[]}'),(231,9,1,40,NULL,NULL,'2023-06-07 19:14:41',1,'{\"subject\":\"1\\u00e8re S\\u00e9ance \\u00e0 vis\\u00e9e th\\u00e9rapeutique : Rendez-vous approuv\\u00e9\",\"body\":\"Bonjour <strong>THIERRY<\\/strong>,<br><br>Vous avez un rendez-vous de confirm\\u00e9 pour la prestation <strong>1\\u00e8re S\\u00e9ance \\u00e0 vis\\u00e9e th\\u00e9rapeutique<\\/strong>, \\u00e0 <strong>Sorgues<\\/strong> le <strong>08\\/06\\/2023<\\/strong> \\u00e0 <strong>09:00<\\/strong>.<br><br><strong><em><u>R\\u00e9capitulatif de la demande de RDV <\\/u><\\/em><\\/strong><em>:<\\/em><br><em>Client <\\/em>: Margot Daridan<br><em>Email<\\/em> : dess.margot@gmail.com<br><em>T\\u00e9l\\u00e9phone<\\/em> : +33785350475<br><em>Prestation<\\/em> : 1\\u00e8re S\\u00e9ance \\u00e0 vis\\u00e9e th\\u00e9rapeutique<br><em>Date et heure<\\/em> : 08\\/06\\/2023 \\u00e0 09:00<br><em>Lieu<\\/em> :  296 Avenue du Griffon, Sorgues\",\"icsFiles\":[]}'),(232,15,20,40,NULL,NULL,'2023-06-07 19:14:41',0,'{\"subject\":\"\",\"body\":\"Dear Margot Daridan,\\n\\nYou have successfully scheduled 1\\u00e8re S\\u00e9ance \\u00e0 vis\\u00e9e th\\u00e9rapeutique appointment with THIERRY PARIAN. We are waiting for you at  296 Avenue du Griffon, Sorgues on 08\\/06\\/2023 09:00.\\n\\nThank you for choosing our company,\\nInstitut Ph\\u00e9nix Energ\\u00e9tique\",\"icsFiles\":[],\"historyId\":\"80\"}'),(233,23,1,40,NULL,NULL,'2023-06-07 19:14:42',0,'{\"subject\":\"\",\"body\":\"Hi THIERRY PARIAN,\\n                    \\nYou have one confirmed 1\\u00e8re S\\u00e9ance \\u00e0 vis\\u00e9e th\\u00e9rapeutique appointment at Sorgues on 08\\/06\\/2023 at 09:00. The appointment is added to your schedule.\\n                    \\nThank you,\\nInstitut Ph\\u00e9nix Energ\\u00e9tique\",\"icsFiles\":[],\"historyId\":\"81\"}'),(234,6,20,40,NULL,NULL,'2023-06-07 19:15:04',1,'{\"subject\":\"1\\u00e8re S\\u00e9ance \\u00e0 vis\\u00e9e th\\u00e9rapeutique : Rappel de rendez-vous\",\"body\":\"Cher(e)<strong> Margot<\\/strong>,<br><br>Nous vous rappelons que vous avez rendez-vous pour la prestation <strong>1\\u00e8re S\\u00e9ance \\u00e0 vis\\u00e9e th\\u00e9rapeutique<\\/strong> demain \\u00e0 <strong>09:00<\\/strong>. Nous vous attendons \\u00e0 <strong>Sorgues <\\/strong>au<strong>  296 Avenue du Griffon, Sorgues<\\/strong>.<br><br>Cordialement,<br><em>THIERRY PARIAN<\\/em>\",\"icsFiles\":[]}'),(235,20,20,40,NULL,NULL,'2023-06-07 19:15:04',0,'{\"subject\":\"\",\"body\":\"Dear Margot Daridan,\\n                    \\nWe would like to remind you that you have 1\\u00e8re S\\u00e9ance \\u00e0 vis\\u00e9e th\\u00e9rapeutique appointment tomorrow at 09:00. We are waiting for you at Sorgues.\\n                    \\nThank you for choosing our company,\\nInstitut Ph\\u00e9nix Energ\\u00e9tique\",\"icsFiles\":[],\"historyId\":\"82\"}'),(236,28,1,40,NULL,NULL,'2023-06-07 19:15:05',0,'{\"subject\":\"\",\"body\":\"Dear THIERRY PARIAN, \\n                    \\nWe would like to remind you that you have 1\\u00e8re S\\u00e9ance \\u00e0 vis\\u00e9e th\\u00e9rapeutique appointment tomorrow at 09:00 at Sorgues.\\n                    \\nThank you, \\nInstitut Ph\\u00e9nix Energ\\u00e9tique\",\"icsFiles\":[],\"historyId\":\"83\"}'),(237,20,20,40,NULL,NULL,'2023-06-07 19:30:06',0,'{\"subject\":\"\",\"body\":\"Dear Margot Daridan,\\n                    \\nWe would like to remind you that you have 1\\u00e8re S\\u00e9ance \\u00e0 vis\\u00e9e th\\u00e9rapeutique appointment tomorrow at 09:00. We are waiting for you at Sorgues.\\n                    \\nThank you for choosing our company,\\nInstitut Ph\\u00e9nix Energ\\u00e9tique\",\"icsFiles\":[],\"historyId\":\"84\"}'),(238,28,1,40,NULL,NULL,'2023-06-07 19:30:06',0,'{\"subject\":\"\",\"body\":\"Dear THIERRY PARIAN, \\n                    \\nWe would like to remind you that you have 1\\u00e8re S\\u00e9ance \\u00e0 vis\\u00e9e th\\u00e9rapeutique appointment tomorrow at 09:00 at Sorgues.\\n                    \\nThank you, \\nInstitut Ph\\u00e9nix Energ\\u00e9tique\",\"icsFiles\":[],\"historyId\":\"85\"}'),(239,20,20,40,NULL,NULL,'2023-06-07 19:45:05',0,'{\"subject\":\"\",\"body\":\"Dear Margot Daridan,\\n                    \\nWe would like to remind you that you have 1\\u00e8re S\\u00e9ance \\u00e0 vis\\u00e9e th\\u00e9rapeutique appointment tomorrow at 09:00. We are waiting for you at Sorgues.\\n                    \\nThank you for choosing our company,\\nInstitut Ph\\u00e9nix Energ\\u00e9tique\",\"icsFiles\":[],\"historyId\":\"86\"}'),(240,28,1,40,NULL,NULL,'2023-06-07 19:45:05',0,'{\"subject\":\"\",\"body\":\"Dear THIERRY PARIAN, \\n                    \\nWe would like to remind you that you have 1\\u00e8re S\\u00e9ance \\u00e0 vis\\u00e9e th\\u00e9rapeutique appointment tomorrow at 09:00 at Sorgues.\\n                    \\nThank you, \\nInstitut Ph\\u00e9nix Energ\\u00e9tique\",\"icsFiles\":[],\"historyId\":\"87\"}'),(241,20,20,40,NULL,NULL,'2023-06-07 20:00:05',0,'{\"subject\":\"\",\"body\":\"Dear Margot Daridan,\\n                    \\nWe would like to remind you that you have 1\\u00e8re S\\u00e9ance \\u00e0 vis\\u00e9e th\\u00e9rapeutique appointment tomorrow at 09:00. We are waiting for you at Sorgues.\\n                    \\nThank you for choosing our company,\\nInstitut Ph\\u00e9nix Energ\\u00e9tique\",\"icsFiles\":[],\"historyId\":\"88\"}'),(242,28,1,40,NULL,NULL,'2023-06-07 20:00:06',0,'{\"subject\":\"\",\"body\":\"Dear THIERRY PARIAN, \\n                    \\nWe would like to remind you that you have 1\\u00e8re S\\u00e9ance \\u00e0 vis\\u00e9e th\\u00e9rapeutique appointment tomorrow at 09:00 at Sorgues.\\n                    \\nThank you, \\nInstitut Ph\\u00e9nix Energ\\u00e9tique\",\"icsFiles\":[],\"historyId\":\"89\"}'),(243,20,20,40,NULL,NULL,'2023-06-07 20:15:05',0,'{\"subject\":\"\",\"body\":\"Dear Margot Daridan,\\n                    \\nWe would like to remind you that you have 1\\u00e8re S\\u00e9ance \\u00e0 vis\\u00e9e th\\u00e9rapeutique appointment tomorrow at 09:00. We are waiting for you at Sorgues.\\n                    \\nThank you for choosing our company,\\nInstitut Ph\\u00e9nix Energ\\u00e9tique\",\"icsFiles\":[],\"historyId\":\"90\"}'),(244,28,1,40,NULL,NULL,'2023-06-07 20:15:06',0,'{\"subject\":\"\",\"body\":\"Dear THIERRY PARIAN, \\n                    \\nWe would like to remind you that you have 1\\u00e8re S\\u00e9ance \\u00e0 vis\\u00e9e th\\u00e9rapeutique appointment tomorrow at 09:00 at Sorgues.\\n                    \\nThank you, \\nInstitut Ph\\u00e9nix Energ\\u00e9tique\",\"icsFiles\":[],\"historyId\":\"91\"}'),(245,20,20,40,NULL,NULL,'2023-06-07 20:30:06',0,'{\"subject\":\"\",\"body\":\"Dear Margot Daridan,\\n                    \\nWe would like to remind you that you have 1\\u00e8re S\\u00e9ance \\u00e0 vis\\u00e9e th\\u00e9rapeutique appointment tomorrow at 09:00. We are waiting for you at Sorgues.\\n                    \\nThank you for choosing our company,\\nInstitut Ph\\u00e9nix Energ\\u00e9tique\",\"icsFiles\":[],\"historyId\":\"92\"}'),(246,28,1,40,NULL,NULL,'2023-06-07 20:30:07',0,'{\"subject\":\"\",\"body\":\"Dear THIERRY PARIAN, \\n                    \\nWe would like to remind you that you have 1\\u00e8re S\\u00e9ance \\u00e0 vis\\u00e9e th\\u00e9rapeutique appointment tomorrow at 09:00 at Sorgues.\\n                    \\nThank you, \\nInstitut Ph\\u00e9nix Energ\\u00e9tique\",\"icsFiles\":[],\"historyId\":\"93\"}'),(247,20,20,40,NULL,NULL,'2023-06-07 20:45:05',0,'{\"subject\":\"\",\"body\":\"Dear Margot Daridan,\\n                    \\nWe would like to remind you that you have 1\\u00e8re S\\u00e9ance \\u00e0 vis\\u00e9e th\\u00e9rapeutique appointment tomorrow at 09:00. We are waiting for you at Sorgues.\\n                    \\nThank you for choosing our company,\\nInstitut Ph\\u00e9nix Energ\\u00e9tique\",\"icsFiles\":[],\"historyId\":\"94\"}'),(248,28,1,40,NULL,NULL,'2023-06-07 20:45:06',0,'{\"subject\":\"\",\"body\":\"Dear THIERRY PARIAN, \\n                    \\nWe would like to remind you that you have 1\\u00e8re S\\u00e9ance \\u00e0 vis\\u00e9e th\\u00e9rapeutique appointment tomorrow at 09:00 at Sorgues.\\n                    \\nThank you, \\nInstitut Ph\\u00e9nix Energ\\u00e9tique\",\"icsFiles\":[],\"historyId\":\"95\"}'),(249,20,20,40,NULL,NULL,'2023-06-07 21:00:05',0,'{\"subject\":\"\",\"body\":\"Dear Margot Daridan,\\n                    \\nWe would like to remind you that you have 1\\u00e8re S\\u00e9ance \\u00e0 vis\\u00e9e th\\u00e9rapeutique appointment tomorrow at 09:00. We are waiting for you at Sorgues.\\n                    \\nThank you for choosing our company,\\nInstitut Ph\\u00e9nix Energ\\u00e9tique\",\"icsFiles\":[],\"historyId\":\"96\"}'),(250,28,1,40,NULL,NULL,'2023-06-07 21:00:06',0,'{\"subject\":\"\",\"body\":\"Dear THIERRY PARIAN, \\n                    \\nWe would like to remind you that you have 1\\u00e8re S\\u00e9ance \\u00e0 vis\\u00e9e th\\u00e9rapeutique appointment tomorrow at 09:00 at Sorgues.\\n                    \\nThank you, \\nInstitut Ph\\u00e9nix Energ\\u00e9tique\",\"icsFiles\":[],\"historyId\":\"97\"}'),(251,20,20,40,NULL,NULL,'2023-06-07 21:15:05',0,'{\"subject\":\"\",\"body\":\"Dear Margot Daridan,\\n                    \\nWe would like to remind you that you have 1\\u00e8re S\\u00e9ance \\u00e0 vis\\u00e9e th\\u00e9rapeutique appointment tomorrow at 09:00. We are waiting for you at Sorgues.\\n                    \\nThank you for choosing our company,\\nInstitut Ph\\u00e9nix Energ\\u00e9tique\",\"icsFiles\":[],\"historyId\":\"98\"}'),(252,28,1,40,NULL,NULL,'2023-06-07 21:15:06',0,'{\"subject\":\"\",\"body\":\"Dear THIERRY PARIAN, \\n                    \\nWe would like to remind you that you have 1\\u00e8re S\\u00e9ance \\u00e0 vis\\u00e9e th\\u00e9rapeutique appointment tomorrow at 09:00 at Sorgues.\\n                    \\nThank you, \\nInstitut Ph\\u00e9nix Energ\\u00e9tique\",\"icsFiles\":[],\"historyId\":\"99\"}'),(253,20,20,40,NULL,NULL,'2023-06-07 21:30:05',0,'{\"subject\":\"\",\"body\":\"Dear Margot Daridan,\\n                    \\nWe would like to remind you that you have 1\\u00e8re S\\u00e9ance \\u00e0 vis\\u00e9e th\\u00e9rapeutique appointment tomorrow at 09:00. We are waiting for you at Sorgues.\\n                    \\nThank you for choosing our company,\\nInstitut Ph\\u00e9nix Energ\\u00e9tique\",\"icsFiles\":[],\"historyId\":\"100\"}'),(254,28,1,40,NULL,NULL,'2023-06-07 21:30:06',0,'{\"subject\":\"\",\"body\":\"Dear THIERRY PARIAN, \\n                    \\nWe would like to remind you that you have 1\\u00e8re S\\u00e9ance \\u00e0 vis\\u00e9e th\\u00e9rapeutique appointment tomorrow at 09:00 at Sorgues.\\n                    \\nThank you, \\nInstitut Ph\\u00e9nix Energ\\u00e9tique\",\"icsFiles\":[],\"historyId\":\"101\"}'),(255,20,20,40,NULL,NULL,'2023-06-07 21:45:05',0,'{\"subject\":\"\",\"body\":\"Dear Margot Daridan,\\n                    \\nWe would like to remind you that you have 1\\u00e8re S\\u00e9ance \\u00e0 vis\\u00e9e th\\u00e9rapeutique appointment tomorrow at 09:00. We are waiting for you at Sorgues.\\n                    \\nThank you for choosing our company,\\nInstitut Ph\\u00e9nix Energ\\u00e9tique\",\"icsFiles\":[],\"historyId\":\"102\"}'),(256,28,1,40,NULL,NULL,'2023-06-07 21:45:06',0,'{\"subject\":\"\",\"body\":\"Dear THIERRY PARIAN, \\n                    \\nWe would like to remind you that you have 1\\u00e8re S\\u00e9ance \\u00e0 vis\\u00e9e th\\u00e9rapeutique appointment tomorrow at 09:00 at Sorgues.\\n                    \\nThank you, \\nInstitut Ph\\u00e9nix Energ\\u00e9tique\",\"icsFiles\":[],\"historyId\":\"103\"}'),(257,21,20,40,NULL,NULL,'2023-06-08 08:30:06',0,'{\"subject\":\"\",\"body\":\"Dear Margot Daridan,\\n                    \\nThank you once again for choosing our company. We hope you were satisfied with your Soin \\u00e0 vis\\u00e9e th\\u00e9rapeutique.\\n                     \\nWe look forward to seeing you again soon,\\nInstitut Ph\\u00e9nix Energ\\u00e9tique\",\"icsFiles\":[],\"historyId\":\"104\"}'),(258,21,20,40,NULL,NULL,'2023-06-08 08:45:06',0,'{\"subject\":\"\",\"body\":\"Dear Margot Daridan,\\n                    \\nThank you once again for choosing our company. We hope you were satisfied with your Soin \\u00e0 vis\\u00e9e th\\u00e9rapeutique.\\n                     \\nWe look forward to seeing you again soon,\\nInstitut Ph\\u00e9nix Energ\\u00e9tique\",\"icsFiles\":[],\"historyId\":\"105\"}'),(259,21,20,40,NULL,NULL,'2023-06-08 09:00:06',0,'{\"subject\":\"\",\"body\":\"Dear Margot Daridan,\\n                    \\nThank you once again for choosing our company. We hope you were satisfied with your Soin \\u00e0 vis\\u00e9e th\\u00e9rapeutique.\\n                     \\nWe look forward to seeing you again soon,\\nInstitut Ph\\u00e9nix Energ\\u00e9tique\",\"icsFiles\":[],\"historyId\":\"106\"}'),(260,21,20,40,NULL,NULL,'2023-06-08 09:15:06',0,'{\"subject\":\"\",\"body\":\"Dear Margot Daridan,\\n                    \\nThank you once again for choosing our company. We hope you were satisfied with your Soin \\u00e0 vis\\u00e9e th\\u00e9rapeutique.\\n                     \\nWe look forward to seeing you again soon,\\nInstitut Ph\\u00e9nix Energ\\u00e9tique\",\"icsFiles\":[],\"historyId\":\"107\"}'),(261,21,20,40,NULL,NULL,'2023-06-08 09:30:06',0,'{\"subject\":\"\",\"body\":\"Dear Margot Daridan,\\n                    \\nThank you once again for choosing our company. We hope you were satisfied with your Soin \\u00e0 vis\\u00e9e th\\u00e9rapeutique.\\n                     \\nWe look forward to seeing you again soon,\\nInstitut Ph\\u00e9nix Energ\\u00e9tique\",\"icsFiles\":[],\"historyId\":\"108\"}'),(262,21,20,40,NULL,NULL,'2023-06-08 09:45:05',0,'{\"subject\":\"\",\"body\":\"Dear Margot Daridan,\\n                    \\nThank you once again for choosing our company. We hope you were satisfied with your Soin \\u00e0 vis\\u00e9e th\\u00e9rapeutique.\\n                     \\nWe look forward to seeing you again soon,\\nInstitut Ph\\u00e9nix Energ\\u00e9tique\",\"icsFiles\":[],\"historyId\":\"109\"}'),(263,21,20,40,NULL,NULL,'2023-06-08 10:00:07',0,'{\"subject\":\"\",\"body\":\"Dear Margot Daridan,\\n                    \\nThank you once again for choosing our company. We hope you were satisfied with your Soin \\u00e0 vis\\u00e9e th\\u00e9rapeutique.\\n                     \\nWe look forward to seeing you again soon,\\nInstitut Ph\\u00e9nix Energ\\u00e9tique\",\"icsFiles\":[],\"historyId\":\"110\"}'),(264,21,20,40,NULL,NULL,'2023-06-08 10:15:08',0,'{\"subject\":\"\",\"body\":\"Dear Margot Daridan,\\n                    \\nThank you once again for choosing our company. We hope you were satisfied with your Soin \\u00e0 vis\\u00e9e th\\u00e9rapeutique.\\n                     \\nWe look forward to seeing you again soon,\\nInstitut Ph\\u00e9nix Energ\\u00e9tique\",\"icsFiles\":[],\"historyId\":\"111\"}'),(265,21,20,40,NULL,NULL,'2023-06-08 10:30:06',0,'{\"subject\":\"\",\"body\":\"Dear Margot Daridan,\\n                    \\nThank you once again for choosing our company. We hope you were satisfied with your Soin \\u00e0 vis\\u00e9e th\\u00e9rapeutique.\\n                     \\nWe look forward to seeing you again soon,\\nInstitut Ph\\u00e9nix Energ\\u00e9tique\",\"icsFiles\":[],\"historyId\":\"112\"}'),(266,21,20,40,NULL,NULL,'2023-06-08 10:45:06',0,'{\"subject\":\"\",\"body\":\"Dear Margot Daridan,\\n                    \\nThank you once again for choosing our company. We hope you were satisfied with your Soin \\u00e0 vis\\u00e9e th\\u00e9rapeutique.\\n                     \\nWe look forward to seeing you again soon,\\nInstitut Ph\\u00e9nix Energ\\u00e9tique\",\"icsFiles\":[],\"historyId\":\"113\"}'),(267,21,20,40,NULL,NULL,'2023-06-08 11:00:07',0,'{\"subject\":\"\",\"body\":\"Dear Margot Daridan,\\n                    \\nThank you once again for choosing our company. We hope you were satisfied with your Soin \\u00e0 vis\\u00e9e th\\u00e9rapeutique.\\n                     \\nWe look forward to seeing you again soon,\\nInstitut Ph\\u00e9nix Energ\\u00e9tique\",\"icsFiles\":[],\"historyId\":\"114\"}'),(268,21,20,40,NULL,NULL,'2023-06-08 11:15:06',0,'{\"subject\":\"\",\"body\":\"Dear Margot Daridan,\\n                    \\nThank you once again for choosing our company. We hope you were satisfied with your Soin \\u00e0 vis\\u00e9e th\\u00e9rapeutique.\\n                     \\nWe look forward to seeing you again soon,\\nInstitut Ph\\u00e9nix Energ\\u00e9tique\",\"icsFiles\":[],\"historyId\":\"115\"}'),(269,21,20,40,NULL,NULL,'2023-06-08 11:30:06',0,'{\"subject\":\"\",\"body\":\"Dear Margot Daridan,\\n                    \\nThank you once again for choosing our company. We hope you were satisfied with your Soin \\u00e0 vis\\u00e9e th\\u00e9rapeutique.\\n                     \\nWe look forward to seeing you again soon,\\nInstitut Ph\\u00e9nix Energ\\u00e9tique\",\"icsFiles\":[],\"historyId\":\"116\"}'),(270,21,20,40,NULL,NULL,'2023-06-08 11:45:06',0,'{\"subject\":\"\",\"body\":\"Dear Margot Daridan,\\n                    \\nThank you once again for choosing our company. We hope you were satisfied with your Soin \\u00e0 vis\\u00e9e th\\u00e9rapeutique.\\n                     \\nWe look forward to seeing you again soon,\\nInstitut Ph\\u00e9nix Energ\\u00e9tique\",\"icsFiles\":[],\"historyId\":\"117\"}'),(271,6,37,37,NULL,NULL,'2023-06-08 12:00:06',1,'{\"subject\":\"1\\u00e8re S\\u00e9ance \\u00e0 vis\\u00e9e th\\u00e9rapeutique : Rappel de rendez-vous\",\"body\":\"Cher(e)<strong> arnaud<\\/strong>,<br><br>Nous vous rappelons que vous avez rendez-vous pour la prestation <strong>1\\u00e8re S\\u00e9ance \\u00e0 vis\\u00e9e th\\u00e9rapeutique<\\/strong> demain \\u00e0 <strong>18:00<\\/strong>. Nous vous attendons \\u00e0 <strong>Sorgues <\\/strong>au<strong>  296 Avenue du Griffon, Sorgues<\\/strong>.<br><br>Cordialement,<br><em>THIERRY PARIAN<\\/em>\",\"icsFiles\":[]}'),(272,21,20,40,NULL,NULL,'2023-06-08 12:00:08',0,'{\"subject\":\"\",\"body\":\"Dear Margot Daridan,\\n                    \\nThank you once again for choosing our company. We hope you were satisfied with your Soin \\u00e0 vis\\u00e9e th\\u00e9rapeutique.\\n                     \\nWe look forward to seeing you again soon,\\nInstitut Ph\\u00e9nix Energ\\u00e9tique\",\"icsFiles\":[],\"historyId\":\"118\"}'),(273,21,20,40,NULL,NULL,'2023-06-08 12:15:06',0,'{\"subject\":\"\",\"body\":\"Dear Margot Daridan,\\n                    \\nThank you once again for choosing our company. We hope you were satisfied with your Soin \\u00e0 vis\\u00e9e th\\u00e9rapeutique.\\n                     \\nWe look forward to seeing you again soon,\\nInstitut Ph\\u00e9nix Energ\\u00e9tique\",\"icsFiles\":[],\"historyId\":\"119\"}'),(274,21,20,40,NULL,NULL,'2023-06-08 12:30:06',0,'{\"subject\":\"\",\"body\":\"Dear Margot Daridan,\\n                    \\nThank you once again for choosing our company. We hope you were satisfied with your Soin \\u00e0 vis\\u00e9e th\\u00e9rapeutique.\\n                     \\nWe look forward to seeing you again soon,\\nInstitut Ph\\u00e9nix Energ\\u00e9tique\",\"icsFiles\":[],\"historyId\":\"120\"}'),(275,21,20,40,NULL,NULL,'2023-06-08 12:45:06',0,'{\"subject\":\"\",\"body\":\"Dear Margot Daridan,\\n                    \\nThank you once again for choosing our company. We hope you were satisfied with your Soin \\u00e0 vis\\u00e9e th\\u00e9rapeutique.\\n                     \\nWe look forward to seeing you again soon,\\nInstitut Ph\\u00e9nix Energ\\u00e9tique\",\"icsFiles\":[],\"historyId\":\"121\"}'),(276,21,20,40,NULL,NULL,'2023-06-08 13:00:06',0,'{\"subject\":\"\",\"body\":\"Dear Margot Daridan,\\n                    \\nThank you once again for choosing our company. We hope you were satisfied with your Soin \\u00e0 vis\\u00e9e th\\u00e9rapeutique.\\n                     \\nWe look forward to seeing you again soon,\\nInstitut Ph\\u00e9nix Energ\\u00e9tique\",\"icsFiles\":[],\"historyId\":\"122\"}'),(277,21,20,40,NULL,NULL,'2023-06-08 13:15:06',0,'{\"subject\":\"\",\"body\":\"Dear Margot Daridan,\\n                    \\nThank you once again for choosing our company. We hope you were satisfied with your Soin \\u00e0 vis\\u00e9e th\\u00e9rapeutique.\\n                     \\nWe look forward to seeing you again soon,\\nInstitut Ph\\u00e9nix Energ\\u00e9tique\",\"icsFiles\":[],\"historyId\":\"123\"}'),(278,9,1,41,NULL,NULL,'2023-06-08 13:23:37',1,'{\"subject\":\"1\\u00e8re S\\u00e9ance \\u00e0 vis\\u00e9e th\\u00e9rapeutique : Rendez-vous approuv\\u00e9\",\"body\":\"Bonjour <strong>THIERRY<\\/strong>,<br><br>Vous avez un rendez-vous de confirm\\u00e9 pour la prestation <strong>1\\u00e8re S\\u00e9ance \\u00e0 vis\\u00e9e th\\u00e9rapeutique<\\/strong>, \\u00e0 <strong>Sorgues<\\/strong> le <strong>15\\/06\\/2023<\\/strong> \\u00e0 <strong>18:00<\\/strong>.<br><br><strong><em><u>R\\u00e9capitulatif de la demande de RDV <\\/u><\\/em><\\/strong><em>:<\\/em><br><em>Client <\\/em>: Audrey Gonzalez<br><em>Email<\\/em> : audreyjc.gonzalez@laposte.net<br><em>T\\u00e9l\\u00e9phone<\\/em> : +33617386638<br><em>Prestation<\\/em> : 1\\u00e8re S\\u00e9ance \\u00e0 vis\\u00e9e th\\u00e9rapeutique<br><em>Date et heure<\\/em> : 15\\/06\\/2023 \\u00e0 18:00<br><em>Lieu<\\/em> :  296 Avenue du Griffon, Sorgues\",\"icsFiles\":[]}'),(279,1,35,41,NULL,NULL,'2023-06-08 13:23:37',1,'{\"subject\":\"1\\u00e8re S\\u00e9ance \\u00e0 vis\\u00e9e th\\u00e9rapeutique : Rendez-vous approuv\\u00e9\",\"body\":\",Cher(e) <strong>Audrey<\\/strong>,<br><br>Votre rendez-vous pour la prestation <strong>1\\u00e8re S\\u00e9ance \\u00e0 vis\\u00e9e th\\u00e9rapeutique<\\/strong> avec <strong>THIERRY PARIAN<\\/strong> a \\u00e9t\\u00e9 valid\\u00e9. Nous vous attendons \\u00e0 <strong>Sorgues, <\\/strong>au <strong> 296 Avenue du Griffon, Sorgues<\\/strong> le <strong>15\\/06\\/2023<\\/strong> \\u00e0 <strong>18:00<\\/strong>.<br><br>Merci pour votre demande de r\\u00e9servation,<br><strong><em>THIERRY PARIAN<\\/em><\\/strong>\",\"icsFiles\":[]}'),(280,23,1,41,NULL,NULL,'2023-06-08 13:23:38',0,'{\"subject\":\"\",\"body\":\"Hi THIERRY PARIAN,\\n                    \\nYou have one confirmed 1\\u00e8re S\\u00e9ance \\u00e0 vis\\u00e9e th\\u00e9rapeutique appointment at Sorgues on 15\\/06\\/2023 at 18:00. The appointment is added to your schedule.\\n                    \\nThank you,\\nInstitut Ph\\u00e9nix Energ\\u00e9tique\",\"icsFiles\":[],\"historyId\":\"124\"}'),(281,15,35,41,NULL,NULL,'2023-06-08 13:23:38',0,'{\"subject\":\"\",\"body\":\"Dear Audrey Gonzalez,\\n\\nYou have successfully scheduled 1\\u00e8re S\\u00e9ance \\u00e0 vis\\u00e9e th\\u00e9rapeutique appointment with THIERRY PARIAN. We are waiting for you at  296 Avenue du Griffon, Sorgues on 15\\/06\\/2023 18:00.\\n\\nThank you for choosing our company,\\nInstitut Ph\\u00e9nix Energ\\u00e9tique\",\"icsFiles\":[],\"historyId\":\"125\"}'),(282,21,20,40,NULL,NULL,'2023-06-08 13:30:04',0,'{\"subject\":\"\",\"body\":\"Dear Margot Daridan,\\n                    \\nThank you once again for choosing our company. We hope you were satisfied with your Soin \\u00e0 vis\\u00e9e th\\u00e9rapeutique.\\n                     \\nWe look forward to seeing you again soon,\\nInstitut Ph\\u00e9nix Energ\\u00e9tique\",\"icsFiles\":[],\"historyId\":\"126\"}'),(283,21,20,40,NULL,NULL,'2023-06-08 13:45:05',0,'{\"subject\":\"\",\"body\":\"Dear Margot Daridan,\\n                    \\nThank you once again for choosing our company. We hope you were satisfied with your Soin \\u00e0 vis\\u00e9e th\\u00e9rapeutique.\\n                     \\nWe look forward to seeing you again soon,\\nInstitut Ph\\u00e9nix Energ\\u00e9tique\",\"icsFiles\":[],\"historyId\":\"127\"}'),(284,21,20,40,NULL,NULL,'2023-06-08 14:00:05',0,'{\"subject\":\"\",\"body\":\"Dear Margot Daridan,\\n                    \\nThank you once again for choosing our company. We hope you were satisfied with your Soin \\u00e0 vis\\u00e9e th\\u00e9rapeutique.\\n                     \\nWe look forward to seeing you again soon,\\nInstitut Ph\\u00e9nix Energ\\u00e9tique\",\"icsFiles\":[],\"historyId\":\"128\"}'),(285,21,20,40,NULL,NULL,'2023-06-08 14:15:05',0,'{\"subject\":\"\",\"body\":\"Dear Margot Daridan,\\n                    \\nThank you once again for choosing our company. We hope you were satisfied with your Soin \\u00e0 vis\\u00e9e th\\u00e9rapeutique.\\n                     \\nWe look forward to seeing you again soon,\\nInstitut Ph\\u00e9nix Energ\\u00e9tique\",\"icsFiles\":[],\"historyId\":\"129\"}'),(286,21,20,40,NULL,NULL,'2023-06-08 14:30:05',0,'{\"subject\":\"\",\"body\":\"Dear Margot Daridan,\\n                    \\nThank you once again for choosing our company. We hope you were satisfied with your Soin \\u00e0 vis\\u00e9e th\\u00e9rapeutique.\\n                     \\nWe look forward to seeing you again soon,\\nInstitut Ph\\u00e9nix Energ\\u00e9tique\",\"icsFiles\":[],\"historyId\":\"130\"}'),(287,21,20,40,NULL,NULL,'2023-06-08 14:45:05',0,'{\"subject\":\"\",\"body\":\"Dear Margot Daridan,\\n                    \\nThank you once again for choosing our company. We hope you were satisfied with your Soin \\u00e0 vis\\u00e9e th\\u00e9rapeutique.\\n                     \\nWe look forward to seeing you again soon,\\nInstitut Ph\\u00e9nix Energ\\u00e9tique\",\"icsFiles\":[],\"historyId\":\"131\"}'),(288,20,37,37,NULL,NULL,'2023-06-08 15:00:06',0,'{\"subject\":\"\",\"body\":\"Dear arnaud mirande,\\n                    \\nWe would like to remind you that you have 1\\u00e8re S\\u00e9ance \\u00e0 vis\\u00e9e th\\u00e9rapeutique appointment tomorrow at 18:00. We are waiting for you at Sorgues.\\n                    \\nThank you for choosing our company,\\nInstitut Ph\\u00e9nix Energ\\u00e9tique\",\"icsFiles\":[],\"historyId\":\"132\"}'),(289,28,1,37,NULL,NULL,'2023-06-08 15:00:06',0,'{\"subject\":\"\",\"body\":\"Dear THIERRY PARIAN, \\n                    \\nWe would like to remind you that you have 1\\u00e8re S\\u00e9ance \\u00e0 vis\\u00e9e th\\u00e9rapeutique appointment tomorrow at 18:00 at Sorgues.\\n                    \\nThank you, \\nInstitut Ph\\u00e9nix Energ\\u00e9tique\",\"icsFiles\":[],\"historyId\":\"133\"}'),(290,21,20,40,NULL,NULL,'2023-06-08 15:00:06',0,'{\"subject\":\"\",\"body\":\"Dear Margot Daridan,\\n                    \\nThank you once again for choosing our company. We hope you were satisfied with your Soin \\u00e0 vis\\u00e9e th\\u00e9rapeutique.\\n                     \\nWe look forward to seeing you again soon,\\nInstitut Ph\\u00e9nix Energ\\u00e9tique\",\"icsFiles\":[],\"historyId\":\"134\"}'),(291,20,37,37,NULL,NULL,'2023-06-08 15:15:05',0,'{\"subject\":\"\",\"body\":\"Dear arnaud mirande,\\n                    \\nWe would like to remind you that you have 1\\u00e8re S\\u00e9ance \\u00e0 vis\\u00e9e th\\u00e9rapeutique appointment tomorrow at 18:00. We are waiting for you at Sorgues.\\n                    \\nThank you for choosing our company,\\nInstitut Ph\\u00e9nix Energ\\u00e9tique\",\"icsFiles\":[],\"historyId\":\"135\"}'),(292,28,1,37,NULL,NULL,'2023-06-08 15:15:05',0,'{\"subject\":\"\",\"body\":\"Dear THIERRY PARIAN, \\n                    \\nWe would like to remind you that you have 1\\u00e8re S\\u00e9ance \\u00e0 vis\\u00e9e th\\u00e9rapeutique appointment tomorrow at 18:00 at Sorgues.\\n                    \\nThank you, \\nInstitut Ph\\u00e9nix Energ\\u00e9tique\",\"icsFiles\":[],\"historyId\":\"136\"}'),(293,21,20,40,NULL,NULL,'2023-06-08 15:15:05',0,'{\"subject\":\"\",\"body\":\"Dear Margot Daridan,\\n                    \\nThank you once again for choosing our company. We hope you were satisfied with your Soin \\u00e0 vis\\u00e9e th\\u00e9rapeutique.\\n                     \\nWe look forward to seeing you again soon,\\nInstitut Ph\\u00e9nix Energ\\u00e9tique\",\"icsFiles\":[],\"historyId\":\"137\"}'),(294,9,1,42,NULL,NULL,'2023-06-08 15:20:47',1,'{\"subject\":\"Soin \\u00e0 vis\\u00e9e th\\u00e9rapeutique : Rendez-vous approuv\\u00e9\",\"body\":\"Bonjour <strong>THIERRY<\\/strong>,<br><br>Vous avez un rendez-vous de confirm\\u00e9 pour la prestation <strong>Soin \\u00e0 vis\\u00e9e th\\u00e9rapeutique<\\/strong>, \\u00e0 <strong>Sorgues<\\/strong> le <strong>12\\/06\\/2023<\\/strong> \\u00e0 <strong>17:00<\\/strong>.<br><br><strong><em><u>R\\u00e9capitulatif de la demande de RDV <\\/u><\\/em><\\/strong><em>:<\\/em><br><em>Client <\\/em>: Margot Daridan<br><em>Email<\\/em> : dess.margot@gmail.com<br><em>T\\u00e9l\\u00e9phone<\\/em> : +33785350475<br><em>Prestation<\\/em> : Soin \\u00e0 vis\\u00e9e th\\u00e9rapeutique<br><em>Date et heure<\\/em> : 12\\/06\\/2023 \\u00e0 17:00<br><em>Lieu<\\/em> :  296 Avenue du Griffon, Sorgues\",\"icsFiles\":[]}'),(295,1,20,42,NULL,NULL,'2023-06-08 15:20:47',1,'{\"subject\":\"Soin \\u00e0 vis\\u00e9e th\\u00e9rapeutique : Rendez-vous approuv\\u00e9\",\"body\":\",Cher(e) <strong>Margot<\\/strong>,<br><br>Votre rendez-vous pour la prestation <strong>Soin \\u00e0 vis\\u00e9e th\\u00e9rapeutique<\\/strong> avec <strong>THIERRY PARIAN<\\/strong> a \\u00e9t\\u00e9 valid\\u00e9. Nous vous attendons \\u00e0 <strong>Sorgues, <\\/strong>au <strong> 296 Avenue du Griffon, Sorgues<\\/strong> le <strong>12\\/06\\/2023<\\/strong> \\u00e0 <strong>17:00<\\/strong>.<br><br>Merci pour votre demande de r\\u00e9servation,<br><strong><em>THIERRY PARIAN<\\/em><\\/strong>\",\"icsFiles\":[]}'),(296,23,1,42,NULL,NULL,'2023-06-08 15:20:48',0,'{\"subject\":\"\",\"body\":\"Hi THIERRY PARIAN,\\n                    \\nYou have one confirmed Soin \\u00e0 vis\\u00e9e th\\u00e9rapeutique appointment at Sorgues on 12\\/06\\/2023 at 17:00. The appointment is added to your schedule.\\n                    \\nThank you,\\nInstitut Ph\\u00e9nix Energ\\u00e9tique\",\"icsFiles\":[],\"historyId\":\"138\"}'),(297,15,20,42,NULL,NULL,'2023-06-08 15:20:48',0,'{\"subject\":\"\",\"body\":\"Dear Margot Daridan,\\n\\nYou have successfully scheduled Soin \\u00e0 vis\\u00e9e th\\u00e9rapeutique appointment with THIERRY PARIAN. We are waiting for you at  296 Avenue du Griffon, Sorgues on 12\\/06\\/2023 17:00.\\n\\nThank you for choosing our company,\\nInstitut Ph\\u00e9nix Energ\\u00e9tique\",\"icsFiles\":[],\"historyId\":\"139\"}'),(298,20,37,37,NULL,NULL,'2023-06-08 15:30:06',0,'{\"subject\":\"\",\"body\":\"Dear arnaud mirande,\\n                    \\nWe would like to remind you that you have 1\\u00e8re S\\u00e9ance \\u00e0 vis\\u00e9e th\\u00e9rapeutique appointment tomorrow at 18:00. We are waiting for you at Sorgues.\\n                    \\nThank you for choosing our company,\\nInstitut Ph\\u00e9nix Energ\\u00e9tique\",\"icsFiles\":[],\"historyId\":\"140\"}'),(299,28,1,37,NULL,NULL,'2023-06-08 15:30:07',0,'{\"subject\":\"\",\"body\":\"Dear THIERRY PARIAN, \\n                    \\nWe would like to remind you that you have 1\\u00e8re S\\u00e9ance \\u00e0 vis\\u00e9e th\\u00e9rapeutique appointment tomorrow at 18:00 at Sorgues.\\n                    \\nThank you, \\nInstitut Ph\\u00e9nix Energ\\u00e9tique\",\"icsFiles\":[],\"historyId\":\"141\"}'),(300,21,20,40,NULL,NULL,'2023-06-08 15:30:07',0,'{\"subject\":\"\",\"body\":\"Dear Margot Daridan,\\n                    \\nThank you once again for choosing our company. We hope you were satisfied with your Soin \\u00e0 vis\\u00e9e th\\u00e9rapeutique.\\n                     \\nWe look forward to seeing you again soon,\\nInstitut Ph\\u00e9nix Energ\\u00e9tique\",\"icsFiles\":[],\"historyId\":\"142\"}'),(301,20,37,37,NULL,NULL,'2023-06-08 15:45:05',0,'{\"subject\":\"\",\"body\":\"Dear arnaud mirande,\\n                    \\nWe would like to remind you that you have 1\\u00e8re S\\u00e9ance \\u00e0 vis\\u00e9e th\\u00e9rapeutique appointment tomorrow at 18:00. We are waiting for you at Sorgues.\\n                    \\nThank you for choosing our company,\\nInstitut Ph\\u00e9nix Energ\\u00e9tique\",\"icsFiles\":[],\"historyId\":\"143\"}'),(302,28,1,37,NULL,NULL,'2023-06-08 15:45:05',0,'{\"subject\":\"\",\"body\":\"Dear THIERRY PARIAN, \\n                    \\nWe would like to remind you that you have 1\\u00e8re S\\u00e9ance \\u00e0 vis\\u00e9e th\\u00e9rapeutique appointment tomorrow at 18:00 at Sorgues.\\n                    \\nThank you, \\nInstitut Ph\\u00e9nix Energ\\u00e9tique\",\"icsFiles\":[],\"historyId\":\"144\"}'),(303,21,20,40,NULL,NULL,'2023-06-08 15:45:06',0,'{\"subject\":\"\",\"body\":\"Dear Margot Daridan,\\n                    \\nThank you once again for choosing our company. We hope you were satisfied with your Soin \\u00e0 vis\\u00e9e th\\u00e9rapeutique.\\n                     \\nWe look forward to seeing you again soon,\\nInstitut Ph\\u00e9nix Energ\\u00e9tique\",\"icsFiles\":[],\"historyId\":\"145\"}'),(304,20,37,37,NULL,NULL,'2023-06-08 16:00:05',0,'{\"subject\":\"\",\"body\":\"Dear arnaud mirande,\\n                    \\nWe would like to remind you that you have 1\\u00e8re S\\u00e9ance \\u00e0 vis\\u00e9e th\\u00e9rapeutique appointment tomorrow at 18:00. We are waiting for you at Sorgues.\\n                    \\nThank you for choosing our company,\\nInstitut Ph\\u00e9nix Energ\\u00e9tique\",\"icsFiles\":[],\"historyId\":\"146\"}'),(305,28,1,37,NULL,NULL,'2023-06-08 16:00:06',0,'{\"subject\":\"\",\"body\":\"Dear THIERRY PARIAN, \\n                    \\nWe would like to remind you that you have 1\\u00e8re S\\u00e9ance \\u00e0 vis\\u00e9e th\\u00e9rapeutique appointment tomorrow at 18:00 at Sorgues.\\n                    \\nThank you, \\nInstitut Ph\\u00e9nix Energ\\u00e9tique\",\"icsFiles\":[],\"historyId\":\"147\"}'),(306,21,20,40,NULL,NULL,'2023-06-08 16:00:06',0,'{\"subject\":\"\",\"body\":\"Dear Margot Daridan,\\n                    \\nThank you once again for choosing our company. We hope you were satisfied with your Soin \\u00e0 vis\\u00e9e th\\u00e9rapeutique.\\n                     \\nWe look forward to seeing you again soon,\\nInstitut Ph\\u00e9nix Energ\\u00e9tique\",\"icsFiles\":[],\"historyId\":\"148\"}'),(307,20,37,37,NULL,NULL,'2023-06-08 16:15:05',0,'{\"subject\":\"\",\"body\":\"Dear arnaud mirande,\\n                    \\nWe would like to remind you that you have 1\\u00e8re S\\u00e9ance \\u00e0 vis\\u00e9e th\\u00e9rapeutique appointment tomorrow at 18:00. We are waiting for you at Sorgues.\\n                    \\nThank you for choosing our company,\\nInstitut Ph\\u00e9nix Energ\\u00e9tique\",\"icsFiles\":[],\"historyId\":\"149\"}'),(308,28,1,37,NULL,NULL,'2023-06-08 16:15:06',0,'{\"subject\":\"\",\"body\":\"Dear THIERRY PARIAN, \\n                    \\nWe would like to remind you that you have 1\\u00e8re S\\u00e9ance \\u00e0 vis\\u00e9e th\\u00e9rapeutique appointment tomorrow at 18:00 at Sorgues.\\n                    \\nThank you, \\nInstitut Ph\\u00e9nix Energ\\u00e9tique\",\"icsFiles\":[],\"historyId\":\"150\"}'),(309,21,20,40,NULL,NULL,'2023-06-08 16:15:06',0,'{\"subject\":\"\",\"body\":\"Dear Margot Daridan,\\n                    \\nThank you once again for choosing our company. We hope you were satisfied with your Soin \\u00e0 vis\\u00e9e th\\u00e9rapeutique.\\n                     \\nWe look forward to seeing you again soon,\\nInstitut Ph\\u00e9nix Energ\\u00e9tique\",\"icsFiles\":[],\"historyId\":\"151\"}'),(310,20,37,37,NULL,NULL,'2023-06-08 16:30:05',0,'{\"subject\":\"\",\"body\":\"Dear arnaud mirande,\\n                    \\nWe would like to remind you that you have 1\\u00e8re S\\u00e9ance \\u00e0 vis\\u00e9e th\\u00e9rapeutique appointment tomorrow at 18:00. We are waiting for you at Sorgues.\\n                    \\nThank you for choosing our company,\\nInstitut Ph\\u00e9nix Energ\\u00e9tique\",\"icsFiles\":[],\"historyId\":\"152\"}'),(311,28,1,37,NULL,NULL,'2023-06-08 16:30:05',0,'{\"subject\":\"\",\"body\":\"Dear THIERRY PARIAN, \\n                    \\nWe would like to remind you that you have 1\\u00e8re S\\u00e9ance \\u00e0 vis\\u00e9e th\\u00e9rapeutique appointment tomorrow at 18:00 at Sorgues.\\n                    \\nThank you, \\nInstitut Ph\\u00e9nix Energ\\u00e9tique\",\"icsFiles\":[],\"historyId\":\"153\"}'),(312,21,20,40,NULL,NULL,'2023-06-08 16:30:06',0,'{\"subject\":\"\",\"body\":\"Dear Margot Daridan,\\n                    \\nThank you once again for choosing our company. We hope you were satisfied with your Soin \\u00e0 vis\\u00e9e th\\u00e9rapeutique.\\n                     \\nWe look forward to seeing you again soon,\\nInstitut Ph\\u00e9nix Energ\\u00e9tique\",\"icsFiles\":[],\"historyId\":\"154\"}'),(313,20,37,37,NULL,NULL,'2023-06-08 16:45:04',0,'{\"subject\":\"\",\"body\":\"Dear arnaud mirande,\\n                    \\nWe would like to remind you that you have 1\\u00e8re S\\u00e9ance \\u00e0 vis\\u00e9e th\\u00e9rapeutique appointment tomorrow at 18:00. We are waiting for you at Sorgues.\\n                    \\nThank you for choosing our company,\\nInstitut Ph\\u00e9nix Energ\\u00e9tique\",\"icsFiles\":[],\"historyId\":\"155\"}'),(314,28,1,37,NULL,NULL,'2023-06-08 16:45:04',0,'{\"subject\":\"\",\"body\":\"Dear THIERRY PARIAN, \\n                    \\nWe would like to remind you that you have 1\\u00e8re S\\u00e9ance \\u00e0 vis\\u00e9e th\\u00e9rapeutique appointment tomorrow at 18:00 at Sorgues.\\n                    \\nThank you, \\nInstitut Ph\\u00e9nix Energ\\u00e9tique\",\"icsFiles\":[],\"historyId\":\"156\"}'),(315,21,20,40,NULL,NULL,'2023-06-08 16:45:05',0,'{\"subject\":\"\",\"body\":\"Dear Margot Daridan,\\n                    \\nThank you once again for choosing our company. We hope you were satisfied with your Soin \\u00e0 vis\\u00e9e th\\u00e9rapeutique.\\n                     \\nWe look forward to seeing you again soon,\\nInstitut Ph\\u00e9nix Energ\\u00e9tique\",\"icsFiles\":[],\"historyId\":\"157\"}'),(316,20,37,37,NULL,NULL,'2023-06-08 17:00:05',0,'{\"subject\":\"\",\"body\":\"Dear arnaud mirande,\\n                    \\nWe would like to remind you that you have 1\\u00e8re S\\u00e9ance \\u00e0 vis\\u00e9e th\\u00e9rapeutique appointment tomorrow at 18:00. We are waiting for you at Sorgues.\\n                    \\nThank you for choosing our company,\\nInstitut Ph\\u00e9nix Energ\\u00e9tique\",\"icsFiles\":[],\"historyId\":\"158\"}'),(317,28,1,37,NULL,NULL,'2023-06-08 17:00:05',0,'{\"subject\":\"\",\"body\":\"Dear THIERRY PARIAN, \\n                    \\nWe would like to remind you that you have 1\\u00e8re S\\u00e9ance \\u00e0 vis\\u00e9e th\\u00e9rapeutique appointment tomorrow at 18:00 at Sorgues.\\n                    \\nThank you, \\nInstitut Ph\\u00e9nix Energ\\u00e9tique\",\"icsFiles\":[],\"historyId\":\"159\"}'),(318,21,20,40,NULL,NULL,'2023-06-08 17:00:06',0,'{\"subject\":\"\",\"body\":\"Dear Margot Daridan,\\n                    \\nThank you once again for choosing our company. We hope you were satisfied with your Soin \\u00e0 vis\\u00e9e th\\u00e9rapeutique.\\n                     \\nWe look forward to seeing you again soon,\\nInstitut Ph\\u00e9nix Energ\\u00e9tique\",\"icsFiles\":[],\"historyId\":\"160\"}'),(319,20,37,37,NULL,NULL,'2023-06-08 17:15:05',0,'{\"subject\":\"\",\"body\":\"Dear arnaud mirande,\\n                    \\nWe would like to remind you that you have 1\\u00e8re S\\u00e9ance \\u00e0 vis\\u00e9e th\\u00e9rapeutique appointment tomorrow at 18:00. We are waiting for you at Sorgues.\\n                    \\nThank you for choosing our company,\\nInstitut Ph\\u00e9nix Energ\\u00e9tique\",\"icsFiles\":[],\"historyId\":\"161\"}'),(320,28,1,37,NULL,NULL,'2023-06-08 17:15:05',0,'{\"subject\":\"\",\"body\":\"Dear THIERRY PARIAN, \\n                    \\nWe would like to remind you that you have 1\\u00e8re S\\u00e9ance \\u00e0 vis\\u00e9e th\\u00e9rapeutique appointment tomorrow at 18:00 at Sorgues.\\n                    \\nThank you, \\nInstitut Ph\\u00e9nix Energ\\u00e9tique\",\"icsFiles\":[],\"historyId\":\"162\"}'),(321,21,20,40,NULL,NULL,'2023-06-08 17:15:06',0,'{\"subject\":\"\",\"body\":\"Dear Margot Daridan,\\n                    \\nThank you once again for choosing our company. We hope you were satisfied with your Soin \\u00e0 vis\\u00e9e th\\u00e9rapeutique.\\n                     \\nWe look forward to seeing you again soon,\\nInstitut Ph\\u00e9nix Energ\\u00e9tique\",\"icsFiles\":[],\"historyId\":\"163\"}'),(322,20,37,37,NULL,NULL,'2023-06-08 17:30:05',0,'{\"subject\":\"\",\"body\":\"Dear arnaud mirande,\\n                    \\nWe would like to remind you that you have 1\\u00e8re S\\u00e9ance \\u00e0 vis\\u00e9e th\\u00e9rapeutique appointment tomorrow at 18:00. We are waiting for you at Sorgues.\\n                    \\nThank you for choosing our company,\\nInstitut Ph\\u00e9nix Energ\\u00e9tique\",\"icsFiles\":[],\"historyId\":\"164\"}'),(323,28,1,37,NULL,NULL,'2023-06-08 17:30:05',0,'{\"subject\":\"\",\"body\":\"Dear THIERRY PARIAN, \\n                    \\nWe would like to remind you that you have 1\\u00e8re S\\u00e9ance \\u00e0 vis\\u00e9e th\\u00e9rapeutique appointment tomorrow at 18:00 at Sorgues.\\n                    \\nThank you, \\nInstitut Ph\\u00e9nix Energ\\u00e9tique\",\"icsFiles\":[],\"historyId\":\"165\"}'),(324,21,20,40,NULL,NULL,'2023-06-08 17:30:06',0,'{\"subject\":\"\",\"body\":\"Dear Margot Daridan,\\n                    \\nThank you once again for choosing our company. We hope you were satisfied with your Soin \\u00e0 vis\\u00e9e th\\u00e9rapeutique.\\n                     \\nWe look forward to seeing you again soon,\\nInstitut Ph\\u00e9nix Energ\\u00e9tique\",\"icsFiles\":[],\"historyId\":\"166\"}'),(325,20,37,37,NULL,NULL,'2023-06-08 17:45:05',0,'{\"subject\":\"\",\"body\":\"Dear arnaud mirande,\\n                    \\nWe would like to remind you that you have 1\\u00e8re S\\u00e9ance \\u00e0 vis\\u00e9e th\\u00e9rapeutique appointment tomorrow at 18:00. We are waiting for you at Sorgues.\\n                    \\nThank you for choosing our company,\\nInstitut Ph\\u00e9nix Energ\\u00e9tique\",\"icsFiles\":[],\"historyId\":\"167\"}'),(326,28,1,37,NULL,NULL,'2023-06-08 17:45:05',0,'{\"subject\":\"\",\"body\":\"Dear THIERRY PARIAN, \\n                    \\nWe would like to remind you that you have 1\\u00e8re S\\u00e9ance \\u00e0 vis\\u00e9e th\\u00e9rapeutique appointment tomorrow at 18:00 at Sorgues.\\n                    \\nThank you, \\nInstitut Ph\\u00e9nix Energ\\u00e9tique\",\"icsFiles\":[],\"historyId\":\"168\"}'),(327,21,20,40,NULL,NULL,'2023-06-08 17:45:05',0,'{\"subject\":\"\",\"body\":\"Dear Margot Daridan,\\n                    \\nThank you once again for choosing our company. We hope you were satisfied with your Soin \\u00e0 vis\\u00e9e th\\u00e9rapeutique.\\n                     \\nWe look forward to seeing you again soon,\\nInstitut Ph\\u00e9nix Energ\\u00e9tique\",\"icsFiles\":[],\"historyId\":\"169\"}'),(328,20,37,37,NULL,NULL,'2023-06-08 18:00:05',0,'{\"subject\":\"\",\"body\":\"Dear arnaud mirande,\\n                    \\nWe would like to remind you that you have 1\\u00e8re S\\u00e9ance \\u00e0 vis\\u00e9e th\\u00e9rapeutique appointment tomorrow at 18:00. We are waiting for you at Sorgues.\\n                    \\nThank you for choosing our company,\\nInstitut Ph\\u00e9nix Energ\\u00e9tique\",\"icsFiles\":[],\"historyId\":\"170\"}'),(329,28,1,37,NULL,NULL,'2023-06-08 18:00:05',0,'{\"subject\":\"\",\"body\":\"Dear THIERRY PARIAN, \\n                    \\nWe would like to remind you that you have 1\\u00e8re S\\u00e9ance \\u00e0 vis\\u00e9e th\\u00e9rapeutique appointment tomorrow at 18:00 at Sorgues.\\n                    \\nThank you, \\nInstitut Ph\\u00e9nix Energ\\u00e9tique\",\"icsFiles\":[],\"historyId\":\"171\"}'),(330,21,20,40,NULL,NULL,'2023-06-08 18:00:06',0,'{\"subject\":\"\",\"body\":\"Dear Margot Daridan,\\n                    \\nThank you once again for choosing our company. We hope you were satisfied with your Soin \\u00e0 vis\\u00e9e th\\u00e9rapeutique.\\n                     \\nWe look forward to seeing you again soon,\\nInstitut Ph\\u00e9nix Energ\\u00e9tique\",\"icsFiles\":[],\"historyId\":\"172\"}'),(331,20,37,37,NULL,NULL,'2023-06-08 18:15:04',0,'{\"subject\":\"\",\"body\":\"Dear arnaud mirande,\\n                    \\nWe would like to remind you that you have 1\\u00e8re S\\u00e9ance \\u00e0 vis\\u00e9e th\\u00e9rapeutique appointment tomorrow at 18:00. We are waiting for you at Sorgues.\\n                    \\nThank you for choosing our company,\\nInstitut Ph\\u00e9nix Energ\\u00e9tique\",\"icsFiles\":[],\"historyId\":\"173\"}'),(332,28,1,37,NULL,NULL,'2023-06-08 18:15:05',0,'{\"subject\":\"\",\"body\":\"Dear THIERRY PARIAN, \\n                    \\nWe would like to remind you that you have 1\\u00e8re S\\u00e9ance \\u00e0 vis\\u00e9e th\\u00e9rapeutique appointment tomorrow at 18:00 at Sorgues.\\n                    \\nThank you, \\nInstitut Ph\\u00e9nix Energ\\u00e9tique\",\"icsFiles\":[],\"historyId\":\"174\"}'),(333,21,20,40,NULL,NULL,'2023-06-08 18:15:05',0,'{\"subject\":\"\",\"body\":\"Dear Margot Daridan,\\n                    \\nThank you once again for choosing our company. We hope you were satisfied with your Soin \\u00e0 vis\\u00e9e th\\u00e9rapeutique.\\n                     \\nWe look forward to seeing you again soon,\\nInstitut Ph\\u00e9nix Energ\\u00e9tique\",\"icsFiles\":[],\"historyId\":\"175\"}'),(334,20,37,37,NULL,NULL,'2023-06-08 18:30:05',0,'{\"subject\":\"\",\"body\":\"Dear arnaud mirande,\\n                    \\nWe would like to remind you that you have 1\\u00e8re S\\u00e9ance \\u00e0 vis\\u00e9e th\\u00e9rapeutique appointment tomorrow at 18:00. We are waiting for you at Sorgues.\\n                    \\nThank you for choosing our company,\\nInstitut Ph\\u00e9nix Energ\\u00e9tique\",\"icsFiles\":[],\"historyId\":\"176\"}'),(335,28,1,37,NULL,NULL,'2023-06-08 18:30:05',0,'{\"subject\":\"\",\"body\":\"Dear THIERRY PARIAN, \\n                    \\nWe would like to remind you that you have 1\\u00e8re S\\u00e9ance \\u00e0 vis\\u00e9e th\\u00e9rapeutique appointment tomorrow at 18:00 at Sorgues.\\n                    \\nThank you, \\nInstitut Ph\\u00e9nix Energ\\u00e9tique\",\"icsFiles\":[],\"historyId\":\"177\"}'),(336,21,20,40,NULL,NULL,'2023-06-08 18:30:06',0,'{\"subject\":\"\",\"body\":\"Dear Margot Daridan,\\n                    \\nThank you once again for choosing our company. We hope you were satisfied with your Soin \\u00e0 vis\\u00e9e th\\u00e9rapeutique.\\n                     \\nWe look forward to seeing you again soon,\\nInstitut Ph\\u00e9nix Energ\\u00e9tique\",\"icsFiles\":[],\"historyId\":\"178\"}'),(337,20,37,37,NULL,NULL,'2023-06-08 18:45:05',0,'{\"subject\":\"\",\"body\":\"Dear arnaud mirande,\\n                    \\nWe would like to remind you that you have 1\\u00e8re S\\u00e9ance \\u00e0 vis\\u00e9e th\\u00e9rapeutique appointment tomorrow at 18:00. We are waiting for you at Sorgues.\\n                    \\nThank you for choosing our company,\\nInstitut Ph\\u00e9nix Energ\\u00e9tique\",\"icsFiles\":[],\"historyId\":\"179\"}'),(338,28,1,37,NULL,NULL,'2023-06-08 18:45:05',0,'{\"subject\":\"\",\"body\":\"Dear THIERRY PARIAN, \\n                    \\nWe would like to remind you that you have 1\\u00e8re S\\u00e9ance \\u00e0 vis\\u00e9e th\\u00e9rapeutique appointment tomorrow at 18:00 at Sorgues.\\n                    \\nThank you, \\nInstitut Ph\\u00e9nix Energ\\u00e9tique\",\"icsFiles\":[],\"historyId\":\"180\"}'),(339,21,20,40,NULL,NULL,'2023-06-08 18:45:05',0,'{\"subject\":\"\",\"body\":\"Dear Margot Daridan,\\n                    \\nThank you once again for choosing our company. We hope you were satisfied with your Soin \\u00e0 vis\\u00e9e th\\u00e9rapeutique.\\n                     \\nWe look forward to seeing you again soon,\\nInstitut Ph\\u00e9nix Energ\\u00e9tique\",\"icsFiles\":[],\"historyId\":\"181\"}'),(340,20,37,37,NULL,NULL,'2023-06-08 19:00:05',0,'{\"subject\":\"\",\"body\":\"Dear arnaud mirande,\\n                    \\nWe would like to remind you that you have 1\\u00e8re S\\u00e9ance \\u00e0 vis\\u00e9e th\\u00e9rapeutique appointment tomorrow at 18:00. We are waiting for you at Sorgues.\\n                    \\nThank you for choosing our company,\\nInstitut Ph\\u00e9nix Energ\\u00e9tique\",\"icsFiles\":[],\"historyId\":\"182\"}'),(341,28,1,37,NULL,NULL,'2023-06-08 19:00:05',0,'{\"subject\":\"\",\"body\":\"Dear THIERRY PARIAN, \\n                    \\nWe would like to remind you that you have 1\\u00e8re S\\u00e9ance \\u00e0 vis\\u00e9e th\\u00e9rapeutique appointment tomorrow at 18:00 at Sorgues.\\n                    \\nThank you, \\nInstitut Ph\\u00e9nix Energ\\u00e9tique\",\"icsFiles\":[],\"historyId\":\"183\"}'),(342,21,20,40,NULL,NULL,'2023-06-08 19:00:05',0,'{\"subject\":\"\",\"body\":\"Dear Margot Daridan,\\n                    \\nThank you once again for choosing our company. We hope you were satisfied with your Soin \\u00e0 vis\\u00e9e th\\u00e9rapeutique.\\n                     \\nWe look forward to seeing you again soon,\\nInstitut Ph\\u00e9nix Energ\\u00e9tique\",\"icsFiles\":[],\"historyId\":\"184\"}'),(343,20,37,37,NULL,NULL,'2023-06-08 19:15:04',0,'{\"subject\":\"\",\"body\":\"Dear arnaud mirande,\\n                    \\nWe would like to remind you that you have 1\\u00e8re S\\u00e9ance \\u00e0 vis\\u00e9e th\\u00e9rapeutique appointment tomorrow at 18:00. We are waiting for you at Sorgues.\\n                    \\nThank you for choosing our company,\\nInstitut Ph\\u00e9nix Energ\\u00e9tique\",\"icsFiles\":[],\"historyId\":\"185\"}'),(344,28,1,37,NULL,NULL,'2023-06-08 19:15:05',0,'{\"subject\":\"\",\"body\":\"Dear THIERRY PARIAN, \\n                    \\nWe would like to remind you that you have 1\\u00e8re S\\u00e9ance \\u00e0 vis\\u00e9e th\\u00e9rapeutique appointment tomorrow at 18:00 at Sorgues.\\n                    \\nThank you, \\nInstitut Ph\\u00e9nix Energ\\u00e9tique\",\"icsFiles\":[],\"historyId\":\"186\"}'),(345,21,20,40,NULL,NULL,'2023-06-08 19:15:05',0,'{\"subject\":\"\",\"body\":\"Dear Margot Daridan,\\n                    \\nThank you once again for choosing our company. We hope you were satisfied with your Soin \\u00e0 vis\\u00e9e th\\u00e9rapeutique.\\n                     \\nWe look forward to seeing you again soon,\\nInstitut Ph\\u00e9nix Energ\\u00e9tique\",\"icsFiles\":[],\"historyId\":\"187\"}'),(346,20,37,37,NULL,NULL,'2023-06-08 19:30:05',0,'{\"subject\":\"\",\"body\":\"Dear arnaud mirande,\\n                    \\nWe would like to remind you that you have 1\\u00e8re S\\u00e9ance \\u00e0 vis\\u00e9e th\\u00e9rapeutique appointment tomorrow at 18:00. We are waiting for you at Sorgues.\\n                    \\nThank you for choosing our company,\\nInstitut Ph\\u00e9nix Energ\\u00e9tique\",\"icsFiles\":[],\"historyId\":\"188\"}'),(347,28,1,37,NULL,NULL,'2023-06-08 19:30:05',0,'{\"subject\":\"\",\"body\":\"Dear THIERRY PARIAN, \\n                    \\nWe would like to remind you that you have 1\\u00e8re S\\u00e9ance \\u00e0 vis\\u00e9e th\\u00e9rapeutique appointment tomorrow at 18:00 at Sorgues.\\n                    \\nThank you, \\nInstitut Ph\\u00e9nix Energ\\u00e9tique\",\"icsFiles\":[],\"historyId\":\"189\"}'),(348,21,20,40,NULL,NULL,'2023-06-08 19:30:05',0,'{\"subject\":\"\",\"body\":\"Dear Margot Daridan,\\n                    \\nThank you once again for choosing our company. We hope you were satisfied with your Soin \\u00e0 vis\\u00e9e th\\u00e9rapeutique.\\n                     \\nWe look forward to seeing you again soon,\\nInstitut Ph\\u00e9nix Energ\\u00e9tique\",\"icsFiles\":[],\"historyId\":\"190\"}'),(349,20,37,37,NULL,NULL,'2023-06-08 19:45:05',0,'{\"subject\":\"\",\"body\":\"Dear arnaud mirande,\\n                    \\nWe would like to remind you that you have 1\\u00e8re S\\u00e9ance \\u00e0 vis\\u00e9e th\\u00e9rapeutique appointment tomorrow at 18:00. We are waiting for you at Sorgues.\\n                    \\nThank you for choosing our company,\\nInstitut Ph\\u00e9nix Energ\\u00e9tique\",\"icsFiles\":[],\"historyId\":\"191\"}'),(350,28,1,37,NULL,NULL,'2023-06-08 19:45:05',0,'{\"subject\":\"\",\"body\":\"Dear THIERRY PARIAN, \\n                    \\nWe would like to remind you that you have 1\\u00e8re S\\u00e9ance \\u00e0 vis\\u00e9e th\\u00e9rapeutique appointment tomorrow at 18:00 at Sorgues.\\n                    \\nThank you, \\nInstitut Ph\\u00e9nix Energ\\u00e9tique\",\"icsFiles\":[],\"historyId\":\"192\"}'),(351,21,20,40,NULL,NULL,'2023-06-08 19:45:06',0,'{\"subject\":\"\",\"body\":\"Dear Margot Daridan,\\n                    \\nThank you once again for choosing our company. We hope you were satisfied with your Soin \\u00e0 vis\\u00e9e th\\u00e9rapeutique.\\n                     \\nWe look forward to seeing you again soon,\\nInstitut Ph\\u00e9nix Energ\\u00e9tique\",\"icsFiles\":[],\"historyId\":\"193\"}'),(352,20,37,37,NULL,NULL,'2023-06-08 20:00:04',0,'{\"subject\":\"\",\"body\":\"Dear arnaud mirande,\\n                    \\nWe would like to remind you that you have 1\\u00e8re S\\u00e9ance \\u00e0 vis\\u00e9e th\\u00e9rapeutique appointment tomorrow at 18:00. We are waiting for you at Sorgues.\\n                    \\nThank you for choosing our company,\\nInstitut Ph\\u00e9nix Energ\\u00e9tique\",\"icsFiles\":[],\"historyId\":\"194\"}'),(353,28,1,37,NULL,NULL,'2023-06-08 20:00:05',0,'{\"subject\":\"\",\"body\":\"Dear THIERRY PARIAN, \\n                    \\nWe would like to remind you that you have 1\\u00e8re S\\u00e9ance \\u00e0 vis\\u00e9e th\\u00e9rapeutique appointment tomorrow at 18:00 at Sorgues.\\n                    \\nThank you, \\nInstitut Ph\\u00e9nix Energ\\u00e9tique\",\"icsFiles\":[],\"historyId\":\"195\"}'),(354,21,20,40,NULL,NULL,'2023-06-08 20:00:05',0,'{\"subject\":\"\",\"body\":\"Dear Margot Daridan,\\n                    \\nThank you once again for choosing our company. We hope you were satisfied with your Soin \\u00e0 vis\\u00e9e th\\u00e9rapeutique.\\n                     \\nWe look forward to seeing you again soon,\\nInstitut Ph\\u00e9nix Energ\\u00e9tique\",\"icsFiles\":[],\"historyId\":\"196\"}'),(355,20,37,37,NULL,NULL,'2023-06-08 20:15:04',0,'{\"subject\":\"\",\"body\":\"Dear arnaud mirande,\\n                    \\nWe would like to remind you that you have 1\\u00e8re S\\u00e9ance \\u00e0 vis\\u00e9e th\\u00e9rapeutique appointment tomorrow at 18:00. We are waiting for you at Sorgues.\\n                    \\nThank you for choosing our company,\\nInstitut Ph\\u00e9nix Energ\\u00e9tique\",\"icsFiles\":[],\"historyId\":\"197\"}'),(356,28,1,37,NULL,NULL,'2023-06-08 20:15:05',0,'{\"subject\":\"\",\"body\":\"Dear THIERRY PARIAN, \\n                    \\nWe would like to remind you that you have 1\\u00e8re S\\u00e9ance \\u00e0 vis\\u00e9e th\\u00e9rapeutique appointment tomorrow at 18:00 at Sorgues.\\n                    \\nThank you, \\nInstitut Ph\\u00e9nix Energ\\u00e9tique\",\"icsFiles\":[],\"historyId\":\"198\"}'),(357,21,20,40,NULL,NULL,'2023-06-08 20:15:05',0,'{\"subject\":\"\",\"body\":\"Dear Margot Daridan,\\n                    \\nThank you once again for choosing our company. We hope you were satisfied with your Soin \\u00e0 vis\\u00e9e th\\u00e9rapeutique.\\n                     \\nWe look forward to seeing you again soon,\\nInstitut Ph\\u00e9nix Energ\\u00e9tique\",\"icsFiles\":[],\"historyId\":\"199\"}'),(358,20,37,37,NULL,NULL,'2023-06-08 20:30:05',0,'{\"subject\":\"\",\"body\":\"Dear arnaud mirande,\\n                    \\nWe would like to remind you that you have 1\\u00e8re S\\u00e9ance \\u00e0 vis\\u00e9e th\\u00e9rapeutique appointment tomorrow at 18:00. We are waiting for you at Sorgues.\\n                    \\nThank you for choosing our company,\\nInstitut Ph\\u00e9nix Energ\\u00e9tique\",\"icsFiles\":[],\"historyId\":\"200\"}'),(359,28,1,37,NULL,NULL,'2023-06-08 20:30:05',0,'{\"subject\":\"\",\"body\":\"Dear THIERRY PARIAN, \\n                    \\nWe would like to remind you that you have 1\\u00e8re S\\u00e9ance \\u00e0 vis\\u00e9e th\\u00e9rapeutique appointment tomorrow at 18:00 at Sorgues.\\n                    \\nThank you, \\nInstitut Ph\\u00e9nix Energ\\u00e9tique\",\"icsFiles\":[],\"historyId\":\"201\"}'),(360,21,20,40,NULL,NULL,'2023-06-08 20:30:05',0,'{\"subject\":\"\",\"body\":\"Dear Margot Daridan,\\n                    \\nThank you once again for choosing our company. We hope you were satisfied with your Soin \\u00e0 vis\\u00e9e th\\u00e9rapeutique.\\n                     \\nWe look forward to seeing you again soon,\\nInstitut Ph\\u00e9nix Energ\\u00e9tique\",\"icsFiles\":[],\"historyId\":\"202\"}'),(361,20,37,37,NULL,NULL,'2023-06-08 20:45:05',0,'{\"subject\":\"\",\"body\":\"Dear arnaud mirande,\\n                    \\nWe would like to remind you that you have 1\\u00e8re S\\u00e9ance \\u00e0 vis\\u00e9e th\\u00e9rapeutique appointment tomorrow at 18:00. We are waiting for you at Sorgues.\\n                    \\nThank you for choosing our company,\\nInstitut Ph\\u00e9nix Energ\\u00e9tique\",\"icsFiles\":[],\"historyId\":\"203\"}'),(362,28,1,37,NULL,NULL,'2023-06-08 20:45:05',0,'{\"subject\":\"\",\"body\":\"Dear THIERRY PARIAN, \\n                    \\nWe would like to remind you that you have 1\\u00e8re S\\u00e9ance \\u00e0 vis\\u00e9e th\\u00e9rapeutique appointment tomorrow at 18:00 at Sorgues.\\n                    \\nThank you, \\nInstitut Ph\\u00e9nix Energ\\u00e9tique\",\"icsFiles\":[],\"historyId\":\"204\"}'),(363,21,20,40,NULL,NULL,'2023-06-08 20:45:06',0,'{\"subject\":\"\",\"body\":\"Dear Margot Daridan,\\n                    \\nThank you once again for choosing our company. We hope you were satisfied with your Soin \\u00e0 vis\\u00e9e th\\u00e9rapeutique.\\n                     \\nWe look forward to seeing you again soon,\\nInstitut Ph\\u00e9nix Energ\\u00e9tique\",\"icsFiles\":[],\"historyId\":\"205\"}'),(364,20,37,37,NULL,NULL,'2023-06-08 21:00:05',0,'{\"subject\":\"\",\"body\":\"Dear arnaud mirande,\\n                    \\nWe would like to remind you that you have 1\\u00e8re S\\u00e9ance \\u00e0 vis\\u00e9e th\\u00e9rapeutique appointment tomorrow at 18:00. We are waiting for you at Sorgues.\\n                    \\nThank you for choosing our company,\\nInstitut Ph\\u00e9nix Energ\\u00e9tique\",\"icsFiles\":[],\"historyId\":\"206\"}'),(365,28,1,37,NULL,NULL,'2023-06-08 21:00:05',0,'{\"subject\":\"\",\"body\":\"Dear THIERRY PARIAN, \\n                    \\nWe would like to remind you that you have 1\\u00e8re S\\u00e9ance \\u00e0 vis\\u00e9e th\\u00e9rapeutique appointment tomorrow at 18:00 at Sorgues.\\n                    \\nThank you, \\nInstitut Ph\\u00e9nix Energ\\u00e9tique\",\"icsFiles\":[],\"historyId\":\"207\"}'),(366,21,20,40,NULL,NULL,'2023-06-08 21:00:05',0,'{\"subject\":\"\",\"body\":\"Dear Margot Daridan,\\n                    \\nThank you once again for choosing our company. We hope you were satisfied with your Soin \\u00e0 vis\\u00e9e th\\u00e9rapeutique.\\n                     \\nWe look forward to seeing you again soon,\\nInstitut Ph\\u00e9nix Energ\\u00e9tique\",\"icsFiles\":[],\"historyId\":\"208\"}'),(367,20,37,37,NULL,NULL,'2023-06-08 21:15:04',0,'{\"subject\":\"\",\"body\":\"Dear arnaud mirande,\\n                    \\nWe would like to remind you that you have 1\\u00e8re S\\u00e9ance \\u00e0 vis\\u00e9e th\\u00e9rapeutique appointment tomorrow at 18:00. We are waiting for you at Sorgues.\\n                    \\nThank you for choosing our company,\\nInstitut Ph\\u00e9nix Energ\\u00e9tique\",\"icsFiles\":[],\"historyId\":\"209\"}'),(368,28,1,37,NULL,NULL,'2023-06-08 21:15:04',0,'{\"subject\":\"\",\"body\":\"Dear THIERRY PARIAN, \\n                    \\nWe would like to remind you that you have 1\\u00e8re S\\u00e9ance \\u00e0 vis\\u00e9e th\\u00e9rapeutique appointment tomorrow at 18:00 at Sorgues.\\n                    \\nThank you, \\nInstitut Ph\\u00e9nix Energ\\u00e9tique\",\"icsFiles\":[],\"historyId\":\"210\"}'),(369,21,20,40,NULL,NULL,'2023-06-08 21:15:05',0,'{\"subject\":\"\",\"body\":\"Dear Margot Daridan,\\n                    \\nThank you once again for choosing our company. We hope you were satisfied with your Soin \\u00e0 vis\\u00e9e th\\u00e9rapeutique.\\n                     \\nWe look forward to seeing you again soon,\\nInstitut Ph\\u00e9nix Energ\\u00e9tique\",\"icsFiles\":[],\"historyId\":\"211\"}'),(370,20,37,37,NULL,NULL,'2023-06-08 21:30:05',0,'{\"subject\":\"\",\"body\":\"Dear arnaud mirande,\\n                    \\nWe would like to remind you that you have 1\\u00e8re S\\u00e9ance \\u00e0 vis\\u00e9e th\\u00e9rapeutique appointment tomorrow at 18:00. We are waiting for you at Sorgues.\\n                    \\nThank you for choosing our company,\\nInstitut Ph\\u00e9nix Energ\\u00e9tique\",\"icsFiles\":[],\"historyId\":\"212\"}'),(371,28,1,37,NULL,NULL,'2023-06-08 21:30:05',0,'{\"subject\":\"\",\"body\":\"Dear THIERRY PARIAN, \\n                    \\nWe would like to remind you that you have 1\\u00e8re S\\u00e9ance \\u00e0 vis\\u00e9e th\\u00e9rapeutique appointment tomorrow at 18:00 at Sorgues.\\n                    \\nThank you, \\nInstitut Ph\\u00e9nix Energ\\u00e9tique\",\"icsFiles\":[],\"historyId\":\"213\"}'),(372,21,20,40,NULL,NULL,'2023-06-08 21:30:05',0,'{\"subject\":\"\",\"body\":\"Dear Margot Daridan,\\n                    \\nThank you once again for choosing our company. We hope you were satisfied with your Soin \\u00e0 vis\\u00e9e th\\u00e9rapeutique.\\n                     \\nWe look forward to seeing you again soon,\\nInstitut Ph\\u00e9nix Energ\\u00e9tique\",\"icsFiles\":[],\"historyId\":\"214\"}'),(373,20,37,37,NULL,NULL,'2023-06-08 21:45:05',0,'{\"subject\":\"\",\"body\":\"Dear arnaud mirande,\\n                    \\nWe would like to remind you that you have 1\\u00e8re S\\u00e9ance \\u00e0 vis\\u00e9e th\\u00e9rapeutique appointment tomorrow at 18:00. We are waiting for you at Sorgues.\\n                    \\nThank you for choosing our company,\\nInstitut Ph\\u00e9nix Energ\\u00e9tique\",\"icsFiles\":[],\"historyId\":\"215\"}'),(374,28,1,37,NULL,NULL,'2023-06-08 21:45:05',0,'{\"subject\":\"\",\"body\":\"Dear THIERRY PARIAN, \\n                    \\nWe would like to remind you that you have 1\\u00e8re S\\u00e9ance \\u00e0 vis\\u00e9e th\\u00e9rapeutique appointment tomorrow at 18:00 at Sorgues.\\n                    \\nThank you, \\nInstitut Ph\\u00e9nix Energ\\u00e9tique\",\"icsFiles\":[],\"historyId\":\"216\"}'),(375,21,20,40,NULL,NULL,'2023-06-08 21:45:06',0,'{\"subject\":\"\",\"body\":\"Dear Margot Daridan,\\n                    \\nThank you once again for choosing our company. We hope you were satisfied with your Soin \\u00e0 vis\\u00e9e th\\u00e9rapeutique.\\n                     \\nWe look forward to seeing you again soon,\\nInstitut Ph\\u00e9nix Energ\\u00e9tique\",\"icsFiles\":[],\"historyId\":\"217\"}'),(376,21,20,40,NULL,NULL,'2023-06-08 22:00:04',0,'{\"subject\":\"\",\"body\":\"Dear Margot Daridan,\\n                    \\nThank you once again for choosing our company. We hope you were satisfied with your Soin \\u00e0 vis\\u00e9e th\\u00e9rapeutique.\\n                     \\nWe look forward to seeing you again soon,\\nInstitut Ph\\u00e9nix Energ\\u00e9tique\",\"icsFiles\":[],\"historyId\":\"218\"}'),(377,21,20,40,NULL,NULL,'2023-06-08 22:15:05',0,'{\"subject\":\"\",\"body\":\"Dear Margot Daridan,\\n                    \\nThank you once again for choosing our company. We hope you were satisfied with your Soin \\u00e0 vis\\u00e9e th\\u00e9rapeutique.\\n                     \\nWe look forward to seeing you again soon,\\nInstitut Ph\\u00e9nix Energ\\u00e9tique\",\"icsFiles\":[],\"historyId\":\"219\"}'),(378,21,20,40,NULL,NULL,'2023-06-08 22:30:04',0,'{\"subject\":\"\",\"body\":\"Dear Margot Daridan,\\n                    \\nThank you once again for choosing our company. We hope you were satisfied with your Soin \\u00e0 vis\\u00e9e th\\u00e9rapeutique.\\n                     \\nWe look forward to seeing you again soon,\\nInstitut Ph\\u00e9nix Energ\\u00e9tique\",\"icsFiles\":[],\"historyId\":\"220\"}'),(379,21,20,40,NULL,NULL,'2023-06-08 22:45:04',0,'{\"subject\":\"\",\"body\":\"Dear Margot Daridan,\\n                    \\nThank you once again for choosing our company. We hope you were satisfied with your Soin \\u00e0 vis\\u00e9e th\\u00e9rapeutique.\\n                     \\nWe look forward to seeing you again soon,\\nInstitut Ph\\u00e9nix Energ\\u00e9tique\",\"icsFiles\":[],\"historyId\":\"221\"}'),(380,21,20,40,NULL,NULL,'2023-06-08 23:00:05',0,'{\"subject\":\"\",\"body\":\"Dear Margot Daridan,\\n                    \\nThank you once again for choosing our company. We hope you were satisfied with your Soin \\u00e0 vis\\u00e9e th\\u00e9rapeutique.\\n                     \\nWe look forward to seeing you again soon,\\nInstitut Ph\\u00e9nix Energ\\u00e9tique\",\"icsFiles\":[],\"historyId\":\"222\"}'),(381,21,20,40,NULL,NULL,'2023-06-08 23:15:05',0,'{\"subject\":\"\",\"body\":\"Dear Margot Daridan,\\n                    \\nThank you once again for choosing our company. We hope you were satisfied with your Soin \\u00e0 vis\\u00e9e th\\u00e9rapeutique.\\n                     \\nWe look forward to seeing you again soon,\\nInstitut Ph\\u00e9nix Energ\\u00e9tique\",\"icsFiles\":[],\"historyId\":\"223\"}'),(382,21,20,40,NULL,NULL,'2023-06-08 23:30:04',0,'{\"subject\":\"\",\"body\":\"Dear Margot Daridan,\\n                    \\nThank you once again for choosing our company. We hope you were satisfied with your Soin \\u00e0 vis\\u00e9e th\\u00e9rapeutique.\\n                     \\nWe look forward to seeing you again soon,\\nInstitut Ph\\u00e9nix Energ\\u00e9tique\",\"icsFiles\":[],\"historyId\":\"224\"}'),(383,21,20,40,NULL,NULL,'2023-06-08 23:45:05',0,'{\"subject\":\"\",\"body\":\"Dear Margot Daridan,\\n                    \\nThank you once again for choosing our company. We hope you were satisfied with your Soin \\u00e0 vis\\u00e9e th\\u00e9rapeutique.\\n                     \\nWe look forward to seeing you again soon,\\nInstitut Ph\\u00e9nix Energ\\u00e9tique\",\"icsFiles\":[],\"historyId\":\"225\"}'),(384,21,20,40,NULL,NULL,'2023-06-09 00:00:05',0,'{\"subject\":\"\",\"body\":\"Dear Margot Daridan,\\n                    \\nThank you once again for choosing our company. We hope you were satisfied with your Soin \\u00e0 vis\\u00e9e th\\u00e9rapeutique.\\n                     \\nWe look forward to seeing you again soon,\\nInstitut Ph\\u00e9nix Energ\\u00e9tique\",\"icsFiles\":[],\"historyId\":\"226\"}'),(385,21,20,40,NULL,NULL,'2023-06-09 00:15:05',0,'{\"subject\":\"\",\"body\":\"Dear Margot Daridan,\\n                    \\nThank you once again for choosing our company. We hope you were satisfied with your Soin \\u00e0 vis\\u00e9e th\\u00e9rapeutique.\\n                     \\nWe look forward to seeing you again soon,\\nInstitut Ph\\u00e9nix Energ\\u00e9tique\",\"icsFiles\":[],\"historyId\":\"227\"}'),(386,21,20,40,NULL,NULL,'2023-06-09 00:30:04',0,'{\"subject\":\"\",\"body\":\"Dear Margot Daridan,\\n                    \\nThank you once again for choosing our company. We hope you were satisfied with your Soin \\u00e0 vis\\u00e9e th\\u00e9rapeutique.\\n                     \\nWe look forward to seeing you again soon,\\nInstitut Ph\\u00e9nix Energ\\u00e9tique\",\"icsFiles\":[],\"historyId\":\"228\"}'),(387,21,20,40,NULL,NULL,'2023-06-09 00:45:05',0,'{\"subject\":\"\",\"body\":\"Dear Margot Daridan,\\n                    \\nThank you once again for choosing our company. We hope you were satisfied with your Soin \\u00e0 vis\\u00e9e th\\u00e9rapeutique.\\n                     \\nWe look forward to seeing you again soon,\\nInstitut Ph\\u00e9nix Energ\\u00e9tique\",\"icsFiles\":[],\"historyId\":\"229\"}'),(388,21,20,40,NULL,NULL,'2023-06-09 01:00:04',0,'{\"subject\":\"\",\"body\":\"Dear Margot Daridan,\\n                    \\nThank you once again for choosing our company. We hope you were satisfied with your Soin \\u00e0 vis\\u00e9e th\\u00e9rapeutique.\\n                     \\nWe look forward to seeing you again soon,\\nInstitut Ph\\u00e9nix Energ\\u00e9tique\",\"icsFiles\":[],\"historyId\":\"230\"}'),(389,21,20,40,NULL,NULL,'2023-06-09 01:15:04',0,'{\"subject\":\"\",\"body\":\"Dear Margot Daridan,\\n                    \\nThank you once again for choosing our company. We hope you were satisfied with your Soin \\u00e0 vis\\u00e9e th\\u00e9rapeutique.\\n                     \\nWe look forward to seeing you again soon,\\nInstitut Ph\\u00e9nix Energ\\u00e9tique\",\"icsFiles\":[],\"historyId\":\"231\"}'),(390,21,20,40,NULL,NULL,'2023-06-09 01:30:04',0,'{\"subject\":\"\",\"body\":\"Dear Margot Daridan,\\n                    \\nThank you once again for choosing our company. We hope you were satisfied with your Soin \\u00e0 vis\\u00e9e th\\u00e9rapeutique.\\n                     \\nWe look forward to seeing you again soon,\\nInstitut Ph\\u00e9nix Energ\\u00e9tique\",\"icsFiles\":[],\"historyId\":\"232\"}'),(391,21,20,40,NULL,NULL,'2023-06-09 01:45:05',0,'{\"subject\":\"\",\"body\":\"Dear Margot Daridan,\\n                    \\nThank you once again for choosing our company. We hope you were satisfied with your Soin \\u00e0 vis\\u00e9e th\\u00e9rapeutique.\\n                     \\nWe look forward to seeing you again soon,\\nInstitut Ph\\u00e9nix Energ\\u00e9tique\",\"icsFiles\":[],\"historyId\":\"233\"}'),(392,21,20,40,NULL,NULL,'2023-06-09 02:00:06',0,'{\"subject\":\"\",\"body\":\"Dear Margot Daridan,\\n                    \\nThank you once again for choosing our company. We hope you were satisfied with your Soin \\u00e0 vis\\u00e9e th\\u00e9rapeutique.\\n                     \\nWe look forward to seeing you again soon,\\nInstitut Ph\\u00e9nix Energ\\u00e9tique\",\"icsFiles\":[],\"historyId\":\"234\"}'),(393,21,20,40,NULL,NULL,'2023-06-09 02:15:05',0,'{\"subject\":\"\",\"body\":\"Dear Margot Daridan,\\n                    \\nThank you once again for choosing our company. We hope you were satisfied with your Soin \\u00e0 vis\\u00e9e th\\u00e9rapeutique.\\n                     \\nWe look forward to seeing you again soon,\\nInstitut Ph\\u00e9nix Energ\\u00e9tique\",\"icsFiles\":[],\"historyId\":\"235\"}'),(394,21,20,40,NULL,NULL,'2023-06-09 02:30:04',0,'{\"subject\":\"\",\"body\":\"Dear Margot Daridan,\\n                    \\nThank you once again for choosing our company. We hope you were satisfied with your Soin \\u00e0 vis\\u00e9e th\\u00e9rapeutique.\\n                     \\nWe look forward to seeing you again soon,\\nInstitut Ph\\u00e9nix Energ\\u00e9tique\",\"icsFiles\":[],\"historyId\":\"236\"}'),(395,21,20,40,NULL,NULL,'2023-06-09 02:45:05',0,'{\"subject\":\"\",\"body\":\"Dear Margot Daridan,\\n                    \\nThank you once again for choosing our company. We hope you were satisfied with your Soin \\u00e0 vis\\u00e9e th\\u00e9rapeutique.\\n                     \\nWe look forward to seeing you again soon,\\nInstitut Ph\\u00e9nix Energ\\u00e9tique\",\"icsFiles\":[],\"historyId\":\"237\"}'),(396,21,20,40,NULL,NULL,'2023-06-09 03:00:04',0,'{\"subject\":\"\",\"body\":\"Dear Margot Daridan,\\n                    \\nThank you once again for choosing our company. We hope you were satisfied with your Soin \\u00e0 vis\\u00e9e th\\u00e9rapeutique.\\n                     \\nWe look forward to seeing you again soon,\\nInstitut Ph\\u00e9nix Energ\\u00e9tique\",\"icsFiles\":[],\"historyId\":\"238\"}'),(397,21,20,40,NULL,NULL,'2023-06-09 03:15:04',0,'{\"subject\":\"\",\"body\":\"Dear Margot Daridan,\\n                    \\nThank you once again for choosing our company. We hope you were satisfied with your Soin \\u00e0 vis\\u00e9e th\\u00e9rapeutique.\\n                     \\nWe look forward to seeing you again soon,\\nInstitut Ph\\u00e9nix Energ\\u00e9tique\",\"icsFiles\":[],\"historyId\":\"239\"}'),(398,21,20,40,NULL,NULL,'2023-06-09 03:30:05',0,'{\"subject\":\"\",\"body\":\"Dear Margot Daridan,\\n                    \\nThank you once again for choosing our company. We hope you were satisfied with your Soin \\u00e0 vis\\u00e9e th\\u00e9rapeutique.\\n                     \\nWe look forward to seeing you again soon,\\nInstitut Ph\\u00e9nix Energ\\u00e9tique\",\"icsFiles\":[],\"historyId\":\"240\"}'),(399,21,20,40,NULL,NULL,'2023-06-09 03:45:05',0,'{\"subject\":\"\",\"body\":\"Dear Margot Daridan,\\n                    \\nThank you once again for choosing our company. We hope you were satisfied with your Soin \\u00e0 vis\\u00e9e th\\u00e9rapeutique.\\n                     \\nWe look forward to seeing you again soon,\\nInstitut Ph\\u00e9nix Energ\\u00e9tique\",\"icsFiles\":[],\"historyId\":\"241\"}'),(400,21,20,40,NULL,NULL,'2023-06-09 04:00:05',0,'{\"subject\":\"\",\"body\":\"Dear Margot Daridan,\\n                    \\nThank you once again for choosing our company. We hope you were satisfied with your Soin \\u00e0 vis\\u00e9e th\\u00e9rapeutique.\\n                     \\nWe look forward to seeing you again soon,\\nInstitut Ph\\u00e9nix Energ\\u00e9tique\",\"icsFiles\":[],\"historyId\":\"242\"}'),(401,21,20,40,NULL,NULL,'2023-06-09 04:15:04',0,'{\"subject\":\"\",\"body\":\"Dear Margot Daridan,\\n                    \\nThank you once again for choosing our company. We hope you were satisfied with your Soin \\u00e0 vis\\u00e9e th\\u00e9rapeutique.\\n                     \\nWe look forward to seeing you again soon,\\nInstitut Ph\\u00e9nix Energ\\u00e9tique\",\"icsFiles\":[],\"historyId\":\"243\"}'),(402,21,20,40,NULL,NULL,'2023-06-09 04:30:05',0,'{\"subject\":\"\",\"body\":\"Dear Margot Daridan,\\n                    \\nThank you once again for choosing our company. We hope you were satisfied with your Soin \\u00e0 vis\\u00e9e th\\u00e9rapeutique.\\n                     \\nWe look forward to seeing you again soon,\\nInstitut Ph\\u00e9nix Energ\\u00e9tique\",\"icsFiles\":[],\"historyId\":\"244\"}'),(403,21,20,40,NULL,NULL,'2023-06-09 04:45:05',0,'{\"subject\":\"\",\"body\":\"Dear Margot Daridan,\\n                    \\nThank you once again for choosing our company. We hope you were satisfied with your Soin \\u00e0 vis\\u00e9e th\\u00e9rapeutique.\\n                     \\nWe look forward to seeing you again soon,\\nInstitut Ph\\u00e9nix Energ\\u00e9tique\",\"icsFiles\":[],\"historyId\":\"245\"}'),(404,21,20,40,NULL,NULL,'2023-06-09 05:00:04',0,'{\"subject\":\"\",\"body\":\"Dear Margot Daridan,\\n                    \\nThank you once again for choosing our company. We hope you were satisfied with your Soin \\u00e0 vis\\u00e9e th\\u00e9rapeutique.\\n                     \\nWe look forward to seeing you again soon,\\nInstitut Ph\\u00e9nix Energ\\u00e9tique\",\"icsFiles\":[],\"historyId\":\"246\"}'),(405,21,20,40,NULL,NULL,'2023-06-09 05:15:04',0,'{\"subject\":\"\",\"body\":\"Dear Margot Daridan,\\n                    \\nThank you once again for choosing our company. We hope you were satisfied with your Soin \\u00e0 vis\\u00e9e th\\u00e9rapeutique.\\n                     \\nWe look forward to seeing you again soon,\\nInstitut Ph\\u00e9nix Energ\\u00e9tique\",\"icsFiles\":[],\"historyId\":\"247\"}'),(406,21,20,40,NULL,NULL,'2023-06-09 05:30:04',0,'{\"subject\":\"\",\"body\":\"Dear Margot Daridan,\\n                    \\nThank you once again for choosing our company. We hope you were satisfied with your Soin \\u00e0 vis\\u00e9e th\\u00e9rapeutique.\\n                     \\nWe look forward to seeing you again soon,\\nInstitut Ph\\u00e9nix Energ\\u00e9tique\",\"icsFiles\":[],\"historyId\":\"248\"}'),(407,21,20,40,NULL,NULL,'2023-06-09 05:45:05',0,'{\"subject\":\"\",\"body\":\"Dear Margot Daridan,\\n                    \\nThank you once again for choosing our company. We hope you were satisfied with your Soin \\u00e0 vis\\u00e9e th\\u00e9rapeutique.\\n                     \\nWe look forward to seeing you again soon,\\nInstitut Ph\\u00e9nix Energ\\u00e9tique\",\"icsFiles\":[],\"historyId\":\"249\"}'),(408,21,20,40,NULL,NULL,'2023-06-09 06:00:07',0,'{\"subject\":\"\",\"body\":\"Dear Margot Daridan,\\n                    \\nThank you once again for choosing our company. We hope you were satisfied with your Soin \\u00e0 vis\\u00e9e th\\u00e9rapeutique.\\n                     \\nWe look forward to seeing you again soon,\\nInstitut Ph\\u00e9nix Energ\\u00e9tique\",\"icsFiles\":[],\"historyId\":\"250\"}'),(409,21,20,40,NULL,NULL,'2023-06-09 06:15:04',0,'{\"subject\":\"\",\"body\":\"Dear Margot Daridan,\\n                    \\nThank you once again for choosing our company. We hope you were satisfied with your Soin \\u00e0 vis\\u00e9e th\\u00e9rapeutique.\\n                     \\nWe look forward to seeing you again soon,\\nInstitut Ph\\u00e9nix Energ\\u00e9tique\",\"icsFiles\":[],\"historyId\":\"251\"}'),(410,21,20,40,NULL,NULL,'2023-06-09 06:30:04',0,'{\"subject\":\"\",\"body\":\"Dear Margot Daridan,\\n                    \\nThank you once again for choosing our company. We hope you were satisfied with your Soin \\u00e0 vis\\u00e9e th\\u00e9rapeutique.\\n                     \\nWe look forward to seeing you again soon,\\nInstitut Ph\\u00e9nix Energ\\u00e9tique\",\"icsFiles\":[],\"historyId\":\"252\"}'),(411,21,20,40,NULL,NULL,'2023-06-09 06:45:05',0,'{\"subject\":\"\",\"body\":\"Dear Margot Daridan,\\n                    \\nThank you once again for choosing our company. We hope you were satisfied with your Soin \\u00e0 vis\\u00e9e th\\u00e9rapeutique.\\n                     \\nWe look forward to seeing you again soon,\\nInstitut Ph\\u00e9nix Energ\\u00e9tique\",\"icsFiles\":[],\"historyId\":\"253\"}'),(412,21,20,40,NULL,NULL,'2023-06-09 07:00:04',0,'{\"subject\":\"\",\"body\":\"Dear Margot Daridan,\\n                    \\nThank you once again for choosing our company. We hope you were satisfied with your Soin \\u00e0 vis\\u00e9e th\\u00e9rapeutique.\\n                     \\nWe look forward to seeing you again soon,\\nInstitut Ph\\u00e9nix Energ\\u00e9tique\",\"icsFiles\":[],\"historyId\":\"254\"}'),(413,21,20,40,NULL,NULL,'2023-06-09 07:15:05',0,'{\"subject\":\"\",\"body\":\"Dear Margot Daridan,\\n                    \\nThank you once again for choosing our company. We hope you were satisfied with your Soin \\u00e0 vis\\u00e9e th\\u00e9rapeutique.\\n                     \\nWe look forward to seeing you again soon,\\nInstitut Ph\\u00e9nix Energ\\u00e9tique\",\"icsFiles\":[],\"historyId\":\"255\"}'),(414,21,20,40,NULL,NULL,'2023-06-09 07:30:05',0,'{\"subject\":\"\",\"body\":\"Dear Margot Daridan,\\n                    \\nThank you once again for choosing our company. We hope you were satisfied with your Soin \\u00e0 vis\\u00e9e th\\u00e9rapeutique.\\n                     \\nWe look forward to seeing you again soon,\\nInstitut Ph\\u00e9nix Energ\\u00e9tique\",\"icsFiles\":[],\"historyId\":\"256\"}'),(415,21,20,40,NULL,NULL,'2023-06-09 07:45:04',0,'{\"subject\":\"\",\"body\":\"Dear Margot Daridan,\\n                    \\nThank you once again for choosing our company. We hope you were satisfied with your Soin \\u00e0 vis\\u00e9e th\\u00e9rapeutique.\\n                     \\nWe look forward to seeing you again soon,\\nInstitut Ph\\u00e9nix Energ\\u00e9tique\",\"icsFiles\":[],\"historyId\":\"257\"}'),(416,7,20,40,NULL,NULL,'2023-06-09 08:00:04',1,'{\"subject\":\"Votre avis nous est pr\\u00e9cieux\",\"body\":\"Cher(e) <strong>Margot<\\/strong>,<br><br>Vous avez consult\\u00e9 \\u00e0 l\'Institut Ph\\u00e9nix Energ\\u00e9tique le 08\\/06\\/2023 \\u00e0 09:00<br><br>Nous esp\\u00e9rons que les r\\u00e9sultats de cette consultation ont \\u00e9t\\u00e9 satisfaisant.<br><br>Votre avis nous est pr\\u00e9cieux, n\'h\\u00e9sitez pas \\u00e0 le partager sur <a href=\\\"https:\\/\\/g.page\\/r\\/Cc-71QSq6mGDEB0\\/review\\\" target=\\\"_blank\\\">Google<\\/a> ou <a href=\\\"https:\\/\\/www.facebook.com\\/Phenix.Energetique\\/reviews\\\" target=\\\"_blank\\\">Facebook<\\/a>.<br><br>Cordialement,<br><em>THIERRY PARIAN<\\/em>\",\"icsFiles\":[]}'),(417,21,20,40,NULL,NULL,'2023-06-09 08:00:09',0,'{\"subject\":\"\",\"body\":\"Dear Margot Daridan,\\n                    \\nThank you once again for choosing our company. We hope you were satisfied with your Soin \\u00e0 vis\\u00e9e th\\u00e9rapeutique.\\n                     \\nWe look forward to seeing you again soon,\\nInstitut Ph\\u00e9nix Energ\\u00e9tique\",\"icsFiles\":[],\"historyId\":\"258\"}'),(418,21,20,40,NULL,NULL,'2023-06-09 08:15:04',0,'{\"subject\":\"\",\"body\":\"Dear Margot Daridan,\\n                    \\nThank you once again for choosing our company. We hope you were satisfied with your Soin \\u00e0 vis\\u00e9e th\\u00e9rapeutique.\\n                     \\nWe look forward to seeing you again soon,\\nInstitut Ph\\u00e9nix Energ\\u00e9tique\",\"icsFiles\":[],\"historyId\":\"259\"}'),(419,21,20,40,NULL,NULL,'2023-06-09 08:30:05',0,'{\"subject\":\"\",\"body\":\"Dear Margot Daridan,\\n                    \\nThank you once again for choosing our company. We hope you were satisfied with your Soin \\u00e0 vis\\u00e9e th\\u00e9rapeutique.\\n                     \\nWe look forward to seeing you again soon,\\nInstitut Ph\\u00e9nix Energ\\u00e9tique\",\"icsFiles\":[],\"historyId\":\"260\"}'),(420,21,20,40,NULL,NULL,'2023-06-09 08:45:06',0,'{\"subject\":\"\",\"body\":\"Dear Margot Daridan,\\n                    \\nThank you once again for choosing our company. We hope you were satisfied with your Soin \\u00e0 vis\\u00e9e th\\u00e9rapeutique.\\n                     \\nWe look forward to seeing you again soon,\\nInstitut Ph\\u00e9nix Energ\\u00e9tique\",\"icsFiles\":[],\"historyId\":\"261\"}'),(421,21,20,40,NULL,NULL,'2023-06-09 09:00:05',0,'{\"subject\":\"\",\"body\":\"Dear Margot Daridan,\\n                    \\nThank you once again for choosing our company. We hope you were satisfied with your Soin \\u00e0 vis\\u00e9e th\\u00e9rapeutique.\\n                     \\nWe look forward to seeing you again soon,\\nInstitut Ph\\u00e9nix Energ\\u00e9tique\",\"icsFiles\":[],\"historyId\":\"262\"}'),(422,21,20,40,NULL,NULL,'2023-06-09 09:15:05',0,'{\"subject\":\"\",\"body\":\"Dear Margot Daridan,\\n                    \\nThank you once again for choosing our company. We hope you were satisfied with your Soin \\u00e0 vis\\u00e9e th\\u00e9rapeutique.\\n                     \\nWe look forward to seeing you again soon,\\nInstitut Ph\\u00e9nix Energ\\u00e9tique\",\"icsFiles\":[],\"historyId\":\"263\"}'),(423,21,20,40,NULL,NULL,'2023-06-09 09:30:04',0,'{\"subject\":\"\",\"body\":\"Dear Margot Daridan,\\n                    \\nThank you once again for choosing our company. We hope you were satisfied with your Soin \\u00e0 vis\\u00e9e th\\u00e9rapeutique.\\n                     \\nWe look forward to seeing you again soon,\\nInstitut Ph\\u00e9nix Energ\\u00e9tique\",\"icsFiles\":[],\"historyId\":\"264\"}'),(424,21,20,40,NULL,NULL,'2023-06-09 09:45:06',0,'{\"subject\":\"\",\"body\":\"Dear Margot Daridan,\\n                    \\nThank you once again for choosing our company. We hope you were satisfied with your Soin \\u00e0 vis\\u00e9e th\\u00e9rapeutique.\\n                     \\nWe look forward to seeing you again soon,\\nInstitut Ph\\u00e9nix Energ\\u00e9tique\",\"icsFiles\":[],\"historyId\":\"265\"}'),(425,21,20,40,NULL,NULL,'2023-06-09 10:00:06',0,'{\"subject\":\"\",\"body\":\"Dear Margot Daridan,\\n                    \\nThank you once again for choosing our company. We hope you were satisfied with your Soin \\u00e0 vis\\u00e9e th\\u00e9rapeutique.\\n                     \\nWe look forward to seeing you again soon,\\nInstitut Ph\\u00e9nix Energ\\u00e9tique\",\"icsFiles\":[],\"historyId\":\"266\"}'),(426,21,20,40,NULL,NULL,'2023-06-09 10:15:05',0,'{\"subject\":\"\",\"body\":\"Dear Margot Daridan,\\n                    \\nThank you once again for choosing our company. We hope you were satisfied with your Soin \\u00e0 vis\\u00e9e th\\u00e9rapeutique.\\n                     \\nWe look forward to seeing you again soon,\\nInstitut Ph\\u00e9nix Energ\\u00e9tique\",\"icsFiles\":[],\"historyId\":\"267\"}'),(427,21,20,40,NULL,NULL,'2023-06-09 10:30:05',0,'{\"subject\":\"\",\"body\":\"Dear Margot Daridan,\\n                    \\nThank you once again for choosing our company. We hope you were satisfied with your Soin \\u00e0 vis\\u00e9e th\\u00e9rapeutique.\\n                     \\nWe look forward to seeing you again soon,\\nInstitut Ph\\u00e9nix Energ\\u00e9tique\",\"icsFiles\":[],\"historyId\":\"268\"}'),(428,21,20,40,NULL,NULL,'2023-06-09 10:45:05',0,'{\"subject\":\"\",\"body\":\"Dear Margot Daridan,\\n                    \\nThank you once again for choosing our company. We hope you were satisfied with your Soin \\u00e0 vis\\u00e9e th\\u00e9rapeutique.\\n                     \\nWe look forward to seeing you again soon,\\nInstitut Ph\\u00e9nix Energ\\u00e9tique\",\"icsFiles\":[],\"historyId\":\"269\"}'),(429,21,20,40,NULL,NULL,'2023-06-09 11:00:05',0,'{\"subject\":\"\",\"body\":\"Dear Margot Daridan,\\n                    \\nThank you once again for choosing our company. We hope you were satisfied with your Soin \\u00e0 vis\\u00e9e th\\u00e9rapeutique.\\n                     \\nWe look forward to seeing you again soon,\\nInstitut Ph\\u00e9nix Energ\\u00e9tique\",\"icsFiles\":[],\"historyId\":\"270\"}'),(430,21,20,40,NULL,NULL,'2023-06-09 11:15:05',0,'{\"subject\":\"\",\"body\":\"Dear Margot Daridan,\\n                    \\nThank you once again for choosing our company. We hope you were satisfied with your Soin \\u00e0 vis\\u00e9e th\\u00e9rapeutique.\\n                     \\nWe look forward to seeing you again soon,\\nInstitut Ph\\u00e9nix Energ\\u00e9tique\",\"icsFiles\":[],\"historyId\":\"271\"}'),(431,12,1,42,NULL,NULL,'2023-06-09 11:16:51',1,'{\"subject\":\"Soin \\u00e0 vis\\u00e9e th\\u00e9rapeutique : Rendez-vous annul\\u00e9\",\"body\":\"Bonjour <strong>THIERRY<\\/strong>,<br><br>Votre rendez-vous pour la prestation <strong>Soin \\u00e0 vis\\u00e9e th\\u00e9rapeutique<\\/strong>, pr\\u00e9vu le <strong>12\\/06\\/2023<\\/strong>, \\u00e0 <strong>Sorgues<\\/strong> a \\u00e9t\\u00e9 annul\\u00e9.<br><br><strong><em><u>R\\u00e9capitulatif de la demande de RDV<\\/u><\\/em><\\/strong><em> :<\\/em><br><em>Client <\\/em>: Margot Daridan<br><em>Email<\\/em> : dess.margot@gmail.com<br><em>T\\u00e9l\\u00e9phone<\\/em> : +33785350475<br><em>Prestation<\\/em> : Soin \\u00e0 vis\\u00e9e th\\u00e9rapeutique<br><em>Date et heure<\\/em> : 12\\/06\\/2023 \\u00e0 17:00<br><em>Lieu<\\/em> :  296 Avenue du Griffon, Sorgues\",\"icsFiles\":[]}'),(432,26,1,42,NULL,NULL,'2023-06-09 11:16:52',0,'{\"subject\":\"\",\"body\":\"Hi THIERRY PARIAN,\\n                    \\nYour Soin \\u00e0 vis\\u00e9e th\\u00e9rapeutique appointment, scheduled on 12\\/06\\/2023, at Sorgues has been canceled.\\n                    \\nThank you,\\nInstitut Ph\\u00e9nix Energ\\u00e9tique\",\"icsFiles\":[],\"historyId\":\"272\"}'),(433,4,20,42,NULL,NULL,'2023-06-09 11:16:52',1,'{\"subject\":\"Soin \\u00e0 vis\\u00e9e th\\u00e9rapeutique : Rendez-vous annul\\u00e9\",\"body\":\"Cher(e) <strong>Margot<span class=\\\"ql-cursor\\\">\\ufeff\\ufeff<\\/span><\\/strong>,<br><br>Votre rendez-vous pour la prestation <strong>Soin \\u00e0 vis\\u00e9e th\\u00e9rapeutique<\\/strong> avec <strong>THIERRY PARIAN<\\/strong> le <strong>12\\/06\\/2023<\\/strong> \\u00e0 <strong>17:00 <\\/strong>est annul\\u00e9. Nous nous excusons pour ce contre temps.<br><br>Cordialement,<br><strong><em>THIERRY PARIAN<\\/em><\\/strong>\",\"icsFiles\":[]}'),(434,18,20,42,NULL,NULL,'2023-06-09 11:16:52',0,'{\"subject\":\"\",\"body\":\"Dear Margot Daridan,\\n                    \\nYour Soin \\u00e0 vis\\u00e9e th\\u00e9rapeutique appointment, scheduled on 12\\/06\\/2023 17:00 at  296 Avenue du Griffon, Sorgues has been canceled. \\n                    \\nThank you for choosing our company,\\nInstitut Ph\\u00e9nix Energ\\u00e9tique\",\"icsFiles\":[],\"historyId\":\"273\"}'),(435,21,20,40,NULL,NULL,'2023-06-09 11:30:04',0,'{\"subject\":\"\",\"body\":\"Dear Margot Daridan,\\n                    \\nThank you once again for choosing our company. We hope you were satisfied with your Soin \\u00e0 vis\\u00e9e th\\u00e9rapeutique.\\n                     \\nWe look forward to seeing you again soon,\\nInstitut Ph\\u00e9nix Energ\\u00e9tique\",\"icsFiles\":[],\"historyId\":\"274\"}'),(436,21,20,40,NULL,NULL,'2023-06-09 11:45:04',0,'{\"subject\":\"\",\"body\":\"Dear Margot Daridan,\\n                    \\nThank you once again for choosing our company. We hope you were satisfied with your Soin \\u00e0 vis\\u00e9e th\\u00e9rapeutique.\\n                     \\nWe look forward to seeing you again soon,\\nInstitut Ph\\u00e9nix Energ\\u00e9tique\",\"icsFiles\":[],\"historyId\":\"275\"}'),(437,21,20,40,NULL,NULL,'2023-06-09 12:00:05',0,'{\"subject\":\"\",\"body\":\"Dear Margot Daridan,\\n                    \\nThank you once again for choosing our company. We hope you were satisfied with your Soin \\u00e0 vis\\u00e9e th\\u00e9rapeutique.\\n                     \\nWe look forward to seeing you again soon,\\nInstitut Ph\\u00e9nix Energ\\u00e9tique\",\"icsFiles\":[],\"historyId\":\"276\"}'),(438,21,20,40,NULL,NULL,'2023-06-09 12:15:05',0,'{\"subject\":\"\",\"body\":\"Dear Margot Daridan,\\n                    \\nThank you once again for choosing our company. We hope you were satisfied with your Soin \\u00e0 vis\\u00e9e th\\u00e9rapeutique.\\n                     \\nWe look forward to seeing you again soon,\\nInstitut Ph\\u00e9nix Energ\\u00e9tique\",\"icsFiles\":[],\"historyId\":\"277\"}'),(439,21,20,40,NULL,NULL,'2023-06-09 12:30:04',0,'{\"subject\":\"\",\"body\":\"Dear Margot Daridan,\\n                    \\nThank you once again for choosing our company. We hope you were satisfied with your Soin \\u00e0 vis\\u00e9e th\\u00e9rapeutique.\\n                     \\nWe look forward to seeing you again soon,\\nInstitut Ph\\u00e9nix Energ\\u00e9tique\",\"icsFiles\":[],\"historyId\":\"278\"}'),(440,21,20,40,NULL,NULL,'2023-06-09 12:45:04',0,'{\"subject\":\"\",\"body\":\"Dear Margot Daridan,\\n                    \\nThank you once again for choosing our company. We hope you were satisfied with your Soin \\u00e0 vis\\u00e9e th\\u00e9rapeutique.\\n                     \\nWe look forward to seeing you again soon,\\nInstitut Ph\\u00e9nix Energ\\u00e9tique\",\"icsFiles\":[],\"historyId\":\"279\"}'),(441,21,20,40,NULL,NULL,'2023-06-09 13:00:05',0,'{\"subject\":\"\",\"body\":\"Dear Margot Daridan,\\n                    \\nThank you once again for choosing our company. We hope you were satisfied with your Soin \\u00e0 vis\\u00e9e th\\u00e9rapeutique.\\n                     \\nWe look forward to seeing you again soon,\\nInstitut Ph\\u00e9nix Energ\\u00e9tique\",\"icsFiles\":[],\"historyId\":\"280\"}'),(442,21,20,40,NULL,NULL,'2023-06-09 13:15:05',0,'{\"subject\":\"\",\"body\":\"Dear Margot Daridan,\\n                    \\nThank you once again for choosing our company. We hope you were satisfied with your Soin \\u00e0 vis\\u00e9e th\\u00e9rapeutique.\\n                     \\nWe look forward to seeing you again soon,\\nInstitut Ph\\u00e9nix Energ\\u00e9tique\",\"icsFiles\":[],\"historyId\":\"281\"}'),(443,21,20,40,NULL,NULL,'2023-06-09 13:30:05',0,'{\"subject\":\"\",\"body\":\"Dear Margot Daridan,\\n                    \\nThank you once again for choosing our company. We hope you were satisfied with your Soin \\u00e0 vis\\u00e9e th\\u00e9rapeutique.\\n                     \\nWe look forward to seeing you again soon,\\nInstitut Ph\\u00e9nix Energ\\u00e9tique\",\"icsFiles\":[],\"historyId\":\"282\"}'),(444,21,20,40,NULL,NULL,'2023-06-09 13:45:05',0,'{\"subject\":\"\",\"body\":\"Dear Margot Daridan,\\n                    \\nThank you once again for choosing our company. We hope you were satisfied with your Soin \\u00e0 vis\\u00e9e th\\u00e9rapeutique.\\n                     \\nWe look forward to seeing you again soon,\\nInstitut Ph\\u00e9nix Energ\\u00e9tique\",\"icsFiles\":[],\"historyId\":\"283\"}'),(445,21,20,40,NULL,NULL,'2023-06-09 14:00:05',0,'{\"subject\":\"\",\"body\":\"Dear Margot Daridan,\\n                    \\nThank you once again for choosing our company. We hope you were satisfied with your Soin \\u00e0 vis\\u00e9e th\\u00e9rapeutique.\\n                     \\nWe look forward to seeing you again soon,\\nInstitut Ph\\u00e9nix Energ\\u00e9tique\",\"icsFiles\":[],\"historyId\":\"284\"}'),(446,21,20,40,NULL,NULL,'2023-06-09 14:15:05',0,'{\"subject\":\"\",\"body\":\"Dear Margot Daridan,\\n                    \\nThank you once again for choosing our company. We hope you were satisfied with your Soin \\u00e0 vis\\u00e9e th\\u00e9rapeutique.\\n                     \\nWe look forward to seeing you again soon,\\nInstitut Ph\\u00e9nix Energ\\u00e9tique\",\"icsFiles\":[],\"historyId\":\"285\"}'),(447,21,20,40,NULL,NULL,'2023-06-09 14:30:04',0,'{\"subject\":\"\",\"body\":\"Dear Margot Daridan,\\n                    \\nThank you once again for choosing our company. We hope you were satisfied with your Soin \\u00e0 vis\\u00e9e th\\u00e9rapeutique.\\n                     \\nWe look forward to seeing you again soon,\\nInstitut Ph\\u00e9nix Energ\\u00e9tique\",\"icsFiles\":[],\"historyId\":\"286\"}'),(448,21,20,40,NULL,NULL,'2023-06-09 14:45:05',0,'{\"subject\":\"\",\"body\":\"Dear Margot Daridan,\\n                    \\nThank you once again for choosing our company. We hope you were satisfied with your Soin \\u00e0 vis\\u00e9e th\\u00e9rapeutique.\\n                     \\nWe look forward to seeing you again soon,\\nInstitut Ph\\u00e9nix Energ\\u00e9tique\",\"icsFiles\":[],\"historyId\":\"287\"}'),(449,21,20,40,NULL,NULL,'2023-06-09 15:00:04',0,'{\"subject\":\"\",\"body\":\"Dear Margot Daridan,\\n                    \\nThank you once again for choosing our company. We hope you were satisfied with your Soin \\u00e0 vis\\u00e9e th\\u00e9rapeutique.\\n                     \\nWe look forward to seeing you again soon,\\nInstitut Ph\\u00e9nix Energ\\u00e9tique\",\"icsFiles\":[],\"historyId\":\"288\"}'),(450,21,20,40,NULL,NULL,'2023-06-09 15:15:05',0,'{\"subject\":\"\",\"body\":\"Dear Margot Daridan,\\n                    \\nThank you once again for choosing our company. We hope you were satisfied with your Soin \\u00e0 vis\\u00e9e th\\u00e9rapeutique.\\n                     \\nWe look forward to seeing you again soon,\\nInstitut Ph\\u00e9nix Energ\\u00e9tique\",\"icsFiles\":[],\"historyId\":\"289\"}'),(451,21,20,40,NULL,NULL,'2023-06-09 15:30:05',0,'{\"subject\":\"\",\"body\":\"Dear Margot Daridan,\\n                    \\nThank you once again for choosing our company. We hope you were satisfied with your Soin \\u00e0 vis\\u00e9e th\\u00e9rapeutique.\\n                     \\nWe look forward to seeing you again soon,\\nInstitut Ph\\u00e9nix Energ\\u00e9tique\",\"icsFiles\":[],\"historyId\":\"290\"}'),(452,21,20,40,NULL,NULL,'2023-06-09 15:45:05',0,'{\"subject\":\"\",\"body\":\"Dear Margot Daridan,\\n                    \\nThank you once again for choosing our company. We hope you were satisfied with your Soin \\u00e0 vis\\u00e9e th\\u00e9rapeutique.\\n                     \\nWe look forward to seeing you again soon,\\nInstitut Ph\\u00e9nix Energ\\u00e9tique\",\"icsFiles\":[],\"historyId\":\"291\"}'),(453,21,20,40,NULL,NULL,'2023-06-09 16:00:05',0,'{\"subject\":\"\",\"body\":\"Dear Margot Daridan,\\n                    \\nThank you once again for choosing our company. We hope you were satisfied with your Soin \\u00e0 vis\\u00e9e th\\u00e9rapeutique.\\n                     \\nWe look forward to seeing you again soon,\\nInstitut Ph\\u00e9nix Energ\\u00e9tique\",\"icsFiles\":[],\"historyId\":\"292\"}'),(454,21,20,40,NULL,NULL,'2023-06-09 16:15:05',0,'{\"subject\":\"\",\"body\":\"Dear Margot Daridan,\\n                    \\nThank you once again for choosing our company. We hope you were satisfied with your Soin \\u00e0 vis\\u00e9e th\\u00e9rapeutique.\\n                     \\nWe look forward to seeing you again soon,\\nInstitut Ph\\u00e9nix Energ\\u00e9tique\",\"icsFiles\":[],\"historyId\":\"293\"}'),(455,21,20,40,NULL,NULL,'2023-06-09 16:30:05',0,'{\"subject\":\"\",\"body\":\"Dear Margot Daridan,\\n                    \\nThank you once again for choosing our company. We hope you were satisfied with your Soin \\u00e0 vis\\u00e9e th\\u00e9rapeutique.\\n                     \\nWe look forward to seeing you again soon,\\nInstitut Ph\\u00e9nix Energ\\u00e9tique\",\"icsFiles\":[],\"historyId\":\"294\"}'),(456,21,20,40,NULL,NULL,'2023-06-09 16:45:04',0,'{\"subject\":\"\",\"body\":\"Dear Margot Daridan,\\n                    \\nThank you once again for choosing our company. We hope you were satisfied with your Soin \\u00e0 vis\\u00e9e th\\u00e9rapeutique.\\n                     \\nWe look forward to seeing you again soon,\\nInstitut Ph\\u00e9nix Energ\\u00e9tique\",\"icsFiles\":[],\"historyId\":\"295\"}'),(457,21,20,40,NULL,NULL,'2023-06-09 17:00:05',0,'{\"subject\":\"\",\"body\":\"Dear Margot Daridan,\\n                    \\nThank you once again for choosing our company. We hope you were satisfied with your Soin \\u00e0 vis\\u00e9e th\\u00e9rapeutique.\\n                     \\nWe look forward to seeing you again soon,\\nInstitut Ph\\u00e9nix Energ\\u00e9tique\",\"icsFiles\":[],\"historyId\":\"296\"}'),(458,21,20,40,NULL,NULL,'2023-06-09 17:15:04',0,'{\"subject\":\"\",\"body\":\"Dear Margot Daridan,\\n                    \\nThank you once again for choosing our company. We hope you were satisfied with your Soin \\u00e0 vis\\u00e9e th\\u00e9rapeutique.\\n                     \\nWe look forward to seeing you again soon,\\nInstitut Ph\\u00e9nix Energ\\u00e9tique\",\"icsFiles\":[],\"historyId\":\"297\"}'),(459,21,20,40,NULL,NULL,'2023-06-09 17:30:06',0,'{\"subject\":\"\",\"body\":\"Dear Margot Daridan,\\n                    \\nThank you once again for choosing our company. We hope you were satisfied with your Soin \\u00e0 vis\\u00e9e th\\u00e9rapeutique.\\n                     \\nWe look forward to seeing you again soon,\\nInstitut Ph\\u00e9nix Energ\\u00e9tique\",\"icsFiles\":[],\"historyId\":\"298\"}'),(460,21,20,40,NULL,NULL,'2023-06-09 17:45:05',0,'{\"subject\":\"\",\"body\":\"Dear Margot Daridan,\\n                    \\nThank you once again for choosing our company. We hope you were satisfied with your Soin \\u00e0 vis\\u00e9e th\\u00e9rapeutique.\\n                     \\nWe look forward to seeing you again soon,\\nInstitut Ph\\u00e9nix Energ\\u00e9tique\",\"icsFiles\":[],\"historyId\":\"299\"}'),(461,21,37,37,NULL,NULL,'2023-06-09 18:00:06',0,'{\"subject\":\"\",\"body\":\"Dear arnaud mirande,\\n                    \\nThank you once again for choosing our company. We hope you were satisfied with your 1\\u00e8re S\\u00e9ance \\u00e0 vis\\u00e9e th\\u00e9rapeutique.\\n                     \\nWe look forward to seeing you again soon,\\nInstitut Ph\\u00e9nix Energ\\u00e9tique\",\"icsFiles\":[],\"historyId\":\"300\"}'),(462,21,20,40,NULL,NULL,'2023-06-09 18:00:06',0,'{\"subject\":\"\",\"body\":\"Dear Margot Daridan,\\n                    \\nThank you once again for choosing our company. We hope you were satisfied with your Soin \\u00e0 vis\\u00e9e th\\u00e9rapeutique.\\n                     \\nWe look forward to seeing you again soon,\\nInstitut Ph\\u00e9nix Energ\\u00e9tique\",\"icsFiles\":[],\"historyId\":\"301\"}'),(463,21,37,37,NULL,NULL,'2023-06-09 18:15:05',0,'{\"subject\":\"\",\"body\":\"Dear arnaud mirande,\\n                    \\nThank you once again for choosing our company. We hope you were satisfied with your 1\\u00e8re S\\u00e9ance \\u00e0 vis\\u00e9e th\\u00e9rapeutique.\\n                     \\nWe look forward to seeing you again soon,\\nInstitut Ph\\u00e9nix Energ\\u00e9tique\",\"icsFiles\":[],\"historyId\":\"302\"}'),(464,21,20,40,NULL,NULL,'2023-06-09 18:15:06',0,'{\"subject\":\"\",\"body\":\"Dear Margot Daridan,\\n                    \\nThank you once again for choosing our company. We hope you were satisfied with your Soin \\u00e0 vis\\u00e9e th\\u00e9rapeutique.\\n                     \\nWe look forward to seeing you again soon,\\nInstitut Ph\\u00e9nix Energ\\u00e9tique\",\"icsFiles\":[],\"historyId\":\"303\"}'),(465,21,37,37,NULL,NULL,'2023-06-09 18:30:05',0,'{\"subject\":\"\",\"body\":\"Dear arnaud mirande,\\n                    \\nThank you once again for choosing our company. We hope you were satisfied with your 1\\u00e8re S\\u00e9ance \\u00e0 vis\\u00e9e th\\u00e9rapeutique.\\n                     \\nWe look forward to seeing you again soon,\\nInstitut Ph\\u00e9nix Energ\\u00e9tique\",\"icsFiles\":[],\"historyId\":\"304\"}'),(466,21,20,40,NULL,NULL,'2023-06-09 18:30:06',0,'{\"subject\":\"\",\"body\":\"Dear Margot Daridan,\\n                    \\nThank you once again for choosing our company. We hope you were satisfied with your Soin \\u00e0 vis\\u00e9e th\\u00e9rapeutique.\\n                     \\nWe look forward to seeing you again soon,\\nInstitut Ph\\u00e9nix Energ\\u00e9tique\",\"icsFiles\":[],\"historyId\":\"305\"}'),(467,21,37,37,NULL,NULL,'2023-06-09 18:45:05',0,'{\"subject\":\"\",\"body\":\"Dear arnaud mirande,\\n                    \\nThank you once again for choosing our company. We hope you were satisfied with your 1\\u00e8re S\\u00e9ance \\u00e0 vis\\u00e9e th\\u00e9rapeutique.\\n                     \\nWe look forward to seeing you again soon,\\nInstitut Ph\\u00e9nix Energ\\u00e9tique\",\"icsFiles\":[],\"historyId\":\"306\"}'),(468,21,20,40,NULL,NULL,'2023-06-09 18:45:06',0,'{\"subject\":\"\",\"body\":\"Dear Margot Daridan,\\n                    \\nThank you once again for choosing our company. We hope you were satisfied with your Soin \\u00e0 vis\\u00e9e th\\u00e9rapeutique.\\n                     \\nWe look forward to seeing you again soon,\\nInstitut Ph\\u00e9nix Energ\\u00e9tique\",\"icsFiles\":[],\"historyId\":\"307\"}'),(469,21,37,37,NULL,NULL,'2023-06-09 19:00:05',0,'{\"subject\":\"\",\"body\":\"Dear arnaud mirande,\\n                    \\nThank you once again for choosing our company. We hope you were satisfied with your 1\\u00e8re S\\u00e9ance \\u00e0 vis\\u00e9e th\\u00e9rapeutique.\\n                     \\nWe look forward to seeing you again soon,\\nInstitut Ph\\u00e9nix Energ\\u00e9tique\",\"icsFiles\":[],\"historyId\":\"308\"}'),(470,21,20,40,NULL,NULL,'2023-06-09 19:00:05',0,'{\"subject\":\"\",\"body\":\"Dear Margot Daridan,\\n                    \\nThank you once again for choosing our company. We hope you were satisfied with your Soin \\u00e0 vis\\u00e9e th\\u00e9rapeutique.\\n                     \\nWe look forward to seeing you again soon,\\nInstitut Ph\\u00e9nix Energ\\u00e9tique\",\"icsFiles\":[],\"historyId\":\"309\"}'),(471,21,37,37,NULL,NULL,'2023-06-09 19:15:06',0,'{\"subject\":\"\",\"body\":\"Dear arnaud mirande,\\n                    \\nThank you once again for choosing our company. We hope you were satisfied with your 1\\u00e8re S\\u00e9ance \\u00e0 vis\\u00e9e th\\u00e9rapeutique.\\n                     \\nWe look forward to seeing you again soon,\\nInstitut Ph\\u00e9nix Energ\\u00e9tique\",\"icsFiles\":[],\"historyId\":\"310\"}'),(472,21,20,40,NULL,NULL,'2023-06-09 19:15:06',0,'{\"subject\":\"\",\"body\":\"Dear Margot Daridan,\\n                    \\nThank you once again for choosing our company. We hope you were satisfied with your Soin \\u00e0 vis\\u00e9e th\\u00e9rapeutique.\\n                     \\nWe look forward to seeing you again soon,\\nInstitut Ph\\u00e9nix Energ\\u00e9tique\",\"icsFiles\":[],\"historyId\":\"311\"}'),(473,21,37,37,NULL,NULL,'2023-06-09 19:30:05',0,'{\"subject\":\"\",\"body\":\"Dear arnaud mirande,\\n                    \\nThank you once again for choosing our company. We hope you were satisfied with your 1\\u00e8re S\\u00e9ance \\u00e0 vis\\u00e9e th\\u00e9rapeutique.\\n                     \\nWe look forward to seeing you again soon,\\nInstitut Ph\\u00e9nix Energ\\u00e9tique\",\"icsFiles\":[],\"historyId\":\"312\"}'),(474,21,20,40,NULL,NULL,'2023-06-09 19:30:06',0,'{\"subject\":\"\",\"body\":\"Dear Margot Daridan,\\n                    \\nThank you once again for choosing our company. We hope you were satisfied with your Soin \\u00e0 vis\\u00e9e th\\u00e9rapeutique.\\n                     \\nWe look forward to seeing you again soon,\\nInstitut Ph\\u00e9nix Energ\\u00e9tique\",\"icsFiles\":[],\"historyId\":\"313\"}'),(475,21,37,37,NULL,NULL,'2023-06-09 19:45:07',0,'{\"subject\":\"\",\"body\":\"Dear arnaud mirande,\\n                    \\nThank you once again for choosing our company. We hope you were satisfied with your 1\\u00e8re S\\u00e9ance \\u00e0 vis\\u00e9e th\\u00e9rapeutique.\\n                     \\nWe look forward to seeing you again soon,\\nInstitut Ph\\u00e9nix Energ\\u00e9tique\",\"icsFiles\":[],\"historyId\":\"314\"}'),(476,21,20,40,NULL,NULL,'2023-06-09 19:45:07',0,'{\"subject\":\"\",\"body\":\"Dear Margot Daridan,\\n                    \\nThank you once again for choosing our company. We hope you were satisfied with your Soin \\u00e0 vis\\u00e9e th\\u00e9rapeutique.\\n                     \\nWe look forward to seeing you again soon,\\nInstitut Ph\\u00e9nix Energ\\u00e9tique\",\"icsFiles\":[],\"historyId\":\"315\"}'),(477,21,37,37,NULL,NULL,'2023-06-09 20:00:06',0,'{\"subject\":\"\",\"body\":\"Dear arnaud mirande,\\n                    \\nThank you once again for choosing our company. We hope you were satisfied with your 1\\u00e8re S\\u00e9ance \\u00e0 vis\\u00e9e th\\u00e9rapeutique.\\n                     \\nWe look forward to seeing you again soon,\\nInstitut Ph\\u00e9nix Energ\\u00e9tique\",\"icsFiles\":[],\"historyId\":\"316\"}'),(478,21,20,40,NULL,NULL,'2023-06-09 20:00:06',0,'{\"subject\":\"\",\"body\":\"Dear Margot Daridan,\\n                    \\nThank you once again for choosing our company. We hope you were satisfied with your Soin \\u00e0 vis\\u00e9e th\\u00e9rapeutique.\\n                     \\nWe look forward to seeing you again soon,\\nInstitut Ph\\u00e9nix Energ\\u00e9tique\",\"icsFiles\":[],\"historyId\":\"317\"}'),(479,21,37,37,NULL,NULL,'2023-06-09 20:15:05',0,'{\"subject\":\"\",\"body\":\"Dear arnaud mirande,\\n                    \\nThank you once again for choosing our company. We hope you were satisfied with your 1\\u00e8re S\\u00e9ance \\u00e0 vis\\u00e9e th\\u00e9rapeutique.\\n                     \\nWe look forward to seeing you again soon,\\nInstitut Ph\\u00e9nix Energ\\u00e9tique\",\"icsFiles\":[],\"historyId\":\"318\"}'),(480,21,20,40,NULL,NULL,'2023-06-09 20:15:06',0,'{\"subject\":\"\",\"body\":\"Dear Margot Daridan,\\n                    \\nThank you once again for choosing our company. We hope you were satisfied with your Soin \\u00e0 vis\\u00e9e th\\u00e9rapeutique.\\n                     \\nWe look forward to seeing you again soon,\\nInstitut Ph\\u00e9nix Energ\\u00e9tique\",\"icsFiles\":[],\"historyId\":\"319\"}'),(481,21,37,37,NULL,NULL,'2023-06-09 20:30:06',0,'{\"subject\":\"\",\"body\":\"Dear arnaud mirande,\\n                    \\nThank you once again for choosing our company. We hope you were satisfied with your 1\\u00e8re S\\u00e9ance \\u00e0 vis\\u00e9e th\\u00e9rapeutique.\\n                     \\nWe look forward to seeing you again soon,\\nInstitut Ph\\u00e9nix Energ\\u00e9tique\",\"icsFiles\":[],\"historyId\":\"320\"}'),(482,21,20,40,NULL,NULL,'2023-06-09 20:30:06',0,'{\"subject\":\"\",\"body\":\"Dear Margot Daridan,\\n                    \\nThank you once again for choosing our company. We hope you were satisfied with your Soin \\u00e0 vis\\u00e9e th\\u00e9rapeutique.\\n                     \\nWe look forward to seeing you again soon,\\nInstitut Ph\\u00e9nix Energ\\u00e9tique\",\"icsFiles\":[],\"historyId\":\"321\"}'),(483,21,37,37,NULL,NULL,'2023-06-09 20:45:05',0,'{\"subject\":\"\",\"body\":\"Dear arnaud mirande,\\n                    \\nThank you once again for choosing our company. We hope you were satisfied with your 1\\u00e8re S\\u00e9ance \\u00e0 vis\\u00e9e th\\u00e9rapeutique.\\n                     \\nWe look forward to seeing you again soon,\\nInstitut Ph\\u00e9nix Energ\\u00e9tique\",\"icsFiles\":[],\"historyId\":\"322\"}'),(484,21,20,40,NULL,NULL,'2023-06-09 20:45:05',0,'{\"subject\":\"\",\"body\":\"Dear Margot Daridan,\\n                    \\nThank you once again for choosing our company. We hope you were satisfied with your Soin \\u00e0 vis\\u00e9e th\\u00e9rapeutique.\\n                     \\nWe look forward to seeing you again soon,\\nInstitut Ph\\u00e9nix Energ\\u00e9tique\",\"icsFiles\":[],\"historyId\":\"323\"}'),(485,21,37,37,NULL,NULL,'2023-06-09 21:00:05',0,'{\"subject\":\"\",\"body\":\"Dear arnaud mirande,\\n                    \\nThank you once again for choosing our company. We hope you were satisfied with your 1\\u00e8re S\\u00e9ance \\u00e0 vis\\u00e9e th\\u00e9rapeutique.\\n                     \\nWe look forward to seeing you again soon,\\nInstitut Ph\\u00e9nix Energ\\u00e9tique\",\"icsFiles\":[],\"historyId\":\"324\"}'),(486,21,20,40,NULL,NULL,'2023-06-09 21:00:06',0,'{\"subject\":\"\",\"body\":\"Dear Margot Daridan,\\n                    \\nThank you once again for choosing our company. We hope you were satisfied with your Soin \\u00e0 vis\\u00e9e th\\u00e9rapeutique.\\n                     \\nWe look forward to seeing you again soon,\\nInstitut Ph\\u00e9nix Energ\\u00e9tique\",\"icsFiles\":[],\"historyId\":\"325\"}'),(487,21,37,37,NULL,NULL,'2023-06-09 21:15:06',0,'{\"subject\":\"\",\"body\":\"Dear arnaud mirande,\\n                    \\nThank you once again for choosing our company. We hope you were satisfied with your 1\\u00e8re S\\u00e9ance \\u00e0 vis\\u00e9e th\\u00e9rapeutique.\\n                     \\nWe look forward to seeing you again soon,\\nInstitut Ph\\u00e9nix Energ\\u00e9tique\",\"icsFiles\":[],\"historyId\":\"326\"}'),(488,21,20,40,NULL,NULL,'2023-06-09 21:15:06',0,'{\"subject\":\"\",\"body\":\"Dear Margot Daridan,\\n                    \\nThank you once again for choosing our company. We hope you were satisfied with your Soin \\u00e0 vis\\u00e9e th\\u00e9rapeutique.\\n                     \\nWe look forward to seeing you again soon,\\nInstitut Ph\\u00e9nix Energ\\u00e9tique\",\"icsFiles\":[],\"historyId\":\"327\"}'),(489,21,37,37,NULL,NULL,'2023-06-09 21:30:05',0,'{\"subject\":\"\",\"body\":\"Dear arnaud mirande,\\n                    \\nThank you once again for choosing our company. We hope you were satisfied with your 1\\u00e8re S\\u00e9ance \\u00e0 vis\\u00e9e th\\u00e9rapeutique.\\n                     \\nWe look forward to seeing you again soon,\\nInstitut Ph\\u00e9nix Energ\\u00e9tique\",\"icsFiles\":[],\"historyId\":\"328\"}'),(490,21,20,40,NULL,NULL,'2023-06-09 21:30:06',0,'{\"subject\":\"\",\"body\":\"Dear Margot Daridan,\\n                    \\nThank you once again for choosing our company. We hope you were satisfied with your Soin \\u00e0 vis\\u00e9e th\\u00e9rapeutique.\\n                     \\nWe look forward to seeing you again soon,\\nInstitut Ph\\u00e9nix Energ\\u00e9tique\",\"icsFiles\":[],\"historyId\":\"329\"}'),(491,21,37,37,NULL,NULL,'2023-06-09 21:45:05',0,'{\"subject\":\"\",\"body\":\"Dear arnaud mirande,\\n                    \\nThank you once again for choosing our company. We hope you were satisfied with your 1\\u00e8re S\\u00e9ance \\u00e0 vis\\u00e9e th\\u00e9rapeutique.\\n                     \\nWe look forward to seeing you again soon,\\nInstitut Ph\\u00e9nix Energ\\u00e9tique\",\"icsFiles\":[],\"historyId\":\"330\"}'),(492,21,20,40,NULL,NULL,'2023-06-09 21:45:06',0,'{\"subject\":\"\",\"body\":\"Dear Margot Daridan,\\n                    \\nThank you once again for choosing our company. We hope you were satisfied with your Soin \\u00e0 vis\\u00e9e th\\u00e9rapeutique.\\n                     \\nWe look forward to seeing you again soon,\\nInstitut Ph\\u00e9nix Energ\\u00e9tique\",\"icsFiles\":[],\"historyId\":\"331\"}'),(493,21,37,37,NULL,NULL,'2023-06-09 22:00:06',0,'{\"subject\":\"\",\"body\":\"Dear arnaud mirande,\\n                    \\nThank you once again for choosing our company. We hope you were satisfied with your 1\\u00e8re S\\u00e9ance \\u00e0 vis\\u00e9e th\\u00e9rapeutique.\\n                     \\nWe look forward to seeing you again soon,\\nInstitut Ph\\u00e9nix Energ\\u00e9tique\",\"icsFiles\":[],\"historyId\":\"332\"}'),(494,21,20,40,NULL,NULL,'2023-06-09 22:00:06',0,'{\"subject\":\"\",\"body\":\"Dear Margot Daridan,\\n                    \\nThank you once again for choosing our company. We hope you were satisfied with your Soin \\u00e0 vis\\u00e9e th\\u00e9rapeutique.\\n                     \\nWe look forward to seeing you again soon,\\nInstitut Ph\\u00e9nix Energ\\u00e9tique\",\"icsFiles\":[],\"historyId\":\"333\"}'),(495,21,37,37,NULL,NULL,'2023-06-09 22:15:05',0,'{\"subject\":\"\",\"body\":\"Dear arnaud mirande,\\n                    \\nThank you once again for choosing our company. We hope you were satisfied with your 1\\u00e8re S\\u00e9ance \\u00e0 vis\\u00e9e th\\u00e9rapeutique.\\n                     \\nWe look forward to seeing you again soon,\\nInstitut Ph\\u00e9nix Energ\\u00e9tique\",\"icsFiles\":[],\"historyId\":\"334\"}'),(496,21,20,40,NULL,NULL,'2023-06-09 22:15:06',0,'{\"subject\":\"\",\"body\":\"Dear Margot Daridan,\\n                    \\nThank you once again for choosing our company. We hope you were satisfied with your Soin \\u00e0 vis\\u00e9e th\\u00e9rapeutique.\\n                     \\nWe look forward to seeing you again soon,\\nInstitut Ph\\u00e9nix Energ\\u00e9tique\",\"icsFiles\":[],\"historyId\":\"335\"}'),(497,21,37,37,NULL,NULL,'2023-06-09 22:30:05',0,'{\"subject\":\"\",\"body\":\"Dear arnaud mirande,\\n                    \\nThank you once again for choosing our company. We hope you were satisfied with your 1\\u00e8re S\\u00e9ance \\u00e0 vis\\u00e9e th\\u00e9rapeutique.\\n                     \\nWe look forward to seeing you again soon,\\nInstitut Ph\\u00e9nix Energ\\u00e9tique\",\"icsFiles\":[],\"historyId\":\"336\"}'),(498,21,20,40,NULL,NULL,'2023-06-09 22:30:05',0,'{\"subject\":\"\",\"body\":\"Dear Margot Daridan,\\n                    \\nThank you once again for choosing our company. We hope you were satisfied with your Soin \\u00e0 vis\\u00e9e th\\u00e9rapeutique.\\n                     \\nWe look forward to seeing you again soon,\\nInstitut Ph\\u00e9nix Energ\\u00e9tique\",\"icsFiles\":[],\"historyId\":\"337\"}'),(499,21,37,37,NULL,NULL,'2023-06-09 22:45:05',0,'{\"subject\":\"\",\"body\":\"Dear arnaud mirande,\\n                    \\nThank you once again for choosing our company. We hope you were satisfied with your 1\\u00e8re S\\u00e9ance \\u00e0 vis\\u00e9e th\\u00e9rapeutique.\\n                     \\nWe look forward to seeing you again soon,\\nInstitut Ph\\u00e9nix Energ\\u00e9tique\",\"icsFiles\":[],\"historyId\":\"338\"}'),(500,21,20,40,NULL,NULL,'2023-06-09 22:45:05',0,'{\"subject\":\"\",\"body\":\"Dear Margot Daridan,\\n                    \\nThank you once again for choosing our company. We hope you were satisfied with your Soin \\u00e0 vis\\u00e9e th\\u00e9rapeutique.\\n                     \\nWe look forward to seeing you again soon,\\nInstitut Ph\\u00e9nix Energ\\u00e9tique\",\"icsFiles\":[],\"historyId\":\"339\"}'),(501,21,37,37,NULL,NULL,'2023-06-09 23:00:05',0,'{\"subject\":\"\",\"body\":\"Dear arnaud mirande,\\n                    \\nThank you once again for choosing our company. We hope you were satisfied with your 1\\u00e8re S\\u00e9ance \\u00e0 vis\\u00e9e th\\u00e9rapeutique.\\n                     \\nWe look forward to seeing you again soon,\\nInstitut Ph\\u00e9nix Energ\\u00e9tique\",\"icsFiles\":[],\"historyId\":\"340\"}'),(502,21,20,40,NULL,NULL,'2023-06-09 23:00:05',0,'{\"subject\":\"\",\"body\":\"Dear Margot Daridan,\\n                    \\nThank you once again for choosing our company. We hope you were satisfied with your Soin \\u00e0 vis\\u00e9e th\\u00e9rapeutique.\\n                     \\nWe look forward to seeing you again soon,\\nInstitut Ph\\u00e9nix Energ\\u00e9tique\",\"icsFiles\":[],\"historyId\":\"341\"}'),(503,21,37,37,NULL,NULL,'2023-06-09 23:15:05',0,'{\"subject\":\"\",\"body\":\"Dear arnaud mirande,\\n                    \\nThank you once again for choosing our company. We hope you were satisfied with your 1\\u00e8re S\\u00e9ance \\u00e0 vis\\u00e9e th\\u00e9rapeutique.\\n                     \\nWe look forward to seeing you again soon,\\nInstitut Ph\\u00e9nix Energ\\u00e9tique\",\"icsFiles\":[],\"historyId\":\"342\"}'),(504,21,20,40,NULL,NULL,'2023-06-09 23:15:05',0,'{\"subject\":\"\",\"body\":\"Dear Margot Daridan,\\n                    \\nThank you once again for choosing our company. We hope you were satisfied with your Soin \\u00e0 vis\\u00e9e th\\u00e9rapeutique.\\n                     \\nWe look forward to seeing you again soon,\\nInstitut Ph\\u00e9nix Energ\\u00e9tique\",\"icsFiles\":[],\"historyId\":\"343\"}'),(505,21,37,37,NULL,NULL,'2023-06-09 23:30:05',0,'{\"subject\":\"\",\"body\":\"Dear arnaud mirande,\\n                    \\nThank you once again for choosing our company. We hope you were satisfied with your 1\\u00e8re S\\u00e9ance \\u00e0 vis\\u00e9e th\\u00e9rapeutique.\\n                     \\nWe look forward to seeing you again soon,\\nInstitut Ph\\u00e9nix Energ\\u00e9tique\",\"icsFiles\":[],\"historyId\":\"344\"}'),(506,21,20,40,NULL,NULL,'2023-06-09 23:30:05',0,'{\"subject\":\"\",\"body\":\"Dear Margot Daridan,\\n                    \\nThank you once again for choosing our company. We hope you were satisfied with your Soin \\u00e0 vis\\u00e9e th\\u00e9rapeutique.\\n                     \\nWe look forward to seeing you again soon,\\nInstitut Ph\\u00e9nix Energ\\u00e9tique\",\"icsFiles\":[],\"historyId\":\"345\"}'),(507,21,37,37,NULL,NULL,'2023-06-09 23:45:07',0,'{\"subject\":\"\",\"body\":\"Dear arnaud mirande,\\n                    \\nThank you once again for choosing our company. We hope you were satisfied with your 1\\u00e8re S\\u00e9ance \\u00e0 vis\\u00e9e th\\u00e9rapeutique.\\n                     \\nWe look forward to seeing you again soon,\\nInstitut Ph\\u00e9nix Energ\\u00e9tique\",\"icsFiles\":[],\"historyId\":\"346\"}'),(508,21,20,40,NULL,NULL,'2023-06-09 23:45:07',0,'{\"subject\":\"\",\"body\":\"Dear Margot Daridan,\\n                    \\nThank you once again for choosing our company. We hope you were satisfied with your Soin \\u00e0 vis\\u00e9e th\\u00e9rapeutique.\\n                     \\nWe look forward to seeing you again soon,\\nInstitut Ph\\u00e9nix Energ\\u00e9tique\",\"icsFiles\":[],\"historyId\":\"347\"}'),(509,21,37,37,NULL,NULL,'2023-06-10 00:00:06',0,'{\"subject\":\"\",\"body\":\"Dear arnaud mirande,\\n                    \\nThank you once again for choosing our company. We hope you were satisfied with your 1\\u00e8re S\\u00e9ance \\u00e0 vis\\u00e9e th\\u00e9rapeutique.\\n                     \\nWe look forward to seeing you again soon,\\nInstitut Ph\\u00e9nix Energ\\u00e9tique\",\"icsFiles\":[],\"historyId\":\"348\"}'),(510,21,20,40,NULL,NULL,'2023-06-10 00:00:06',0,'{\"subject\":\"\",\"body\":\"Dear Margot Daridan,\\n                    \\nThank you once again for choosing our company. We hope you were satisfied with your Soin \\u00e0 vis\\u00e9e th\\u00e9rapeutique.\\n                     \\nWe look forward to seeing you again soon,\\nInstitut Ph\\u00e9nix Energ\\u00e9tique\",\"icsFiles\":[],\"historyId\":\"349\"}'),(511,21,37,37,NULL,NULL,'2023-06-10 00:15:05',0,'{\"subject\":\"\",\"body\":\"Dear arnaud mirande,\\n                    \\nThank you once again for choosing our company. We hope you were satisfied with your 1\\u00e8re S\\u00e9ance \\u00e0 vis\\u00e9e th\\u00e9rapeutique.\\n                     \\nWe look forward to seeing you again soon,\\nInstitut Ph\\u00e9nix Energ\\u00e9tique\",\"icsFiles\":[],\"historyId\":\"350\"}'),(512,21,20,40,NULL,NULL,'2023-06-10 00:15:06',0,'{\"subject\":\"\",\"body\":\"Dear Margot Daridan,\\n                    \\nThank you once again for choosing our company. We hope you were satisfied with your Soin \\u00e0 vis\\u00e9e th\\u00e9rapeutique.\\n                     \\nWe look forward to seeing you again soon,\\nInstitut Ph\\u00e9nix Energ\\u00e9tique\",\"icsFiles\":[],\"historyId\":\"351\"}'),(513,21,37,37,NULL,NULL,'2023-06-10 00:30:06',0,'{\"subject\":\"\",\"body\":\"Dear arnaud mirande,\\n                    \\nThank you once again for choosing our company. We hope you were satisfied with your 1\\u00e8re S\\u00e9ance \\u00e0 vis\\u00e9e th\\u00e9rapeutique.\\n                     \\nWe look forward to seeing you again soon,\\nInstitut Ph\\u00e9nix Energ\\u00e9tique\",\"icsFiles\":[],\"historyId\":\"352\"}'),(514,21,20,40,NULL,NULL,'2023-06-10 00:30:06',0,'{\"subject\":\"\",\"body\":\"Dear Margot Daridan,\\n                    \\nThank you once again for choosing our company. We hope you were satisfied with your Soin \\u00e0 vis\\u00e9e th\\u00e9rapeutique.\\n                     \\nWe look forward to seeing you again soon,\\nInstitut Ph\\u00e9nix Energ\\u00e9tique\",\"icsFiles\":[],\"historyId\":\"353\"}'),(515,21,37,37,NULL,NULL,'2023-06-10 00:45:06',0,'{\"subject\":\"\",\"body\":\"Dear arnaud mirande,\\n                    \\nThank you once again for choosing our company. We hope you were satisfied with your 1\\u00e8re S\\u00e9ance \\u00e0 vis\\u00e9e th\\u00e9rapeutique.\\n                     \\nWe look forward to seeing you again soon,\\nInstitut Ph\\u00e9nix Energ\\u00e9tique\",\"icsFiles\":[],\"historyId\":\"354\"}'),(516,21,20,40,NULL,NULL,'2023-06-10 00:45:06',0,'{\"subject\":\"\",\"body\":\"Dear Margot Daridan,\\n                    \\nThank you once again for choosing our company. We hope you were satisfied with your Soin \\u00e0 vis\\u00e9e th\\u00e9rapeutique.\\n                     \\nWe look forward to seeing you again soon,\\nInstitut Ph\\u00e9nix Energ\\u00e9tique\",\"icsFiles\":[],\"historyId\":\"355\"}'),(517,21,37,37,NULL,NULL,'2023-06-10 01:00:05',0,'{\"subject\":\"\",\"body\":\"Dear arnaud mirande,\\n                    \\nThank you once again for choosing our company. We hope you were satisfied with your 1\\u00e8re S\\u00e9ance \\u00e0 vis\\u00e9e th\\u00e9rapeutique.\\n                     \\nWe look forward to seeing you again soon,\\nInstitut Ph\\u00e9nix Energ\\u00e9tique\",\"icsFiles\":[],\"historyId\":\"356\"}'),(518,21,20,40,NULL,NULL,'2023-06-10 01:00:06',0,'{\"subject\":\"\",\"body\":\"Dear Margot Daridan,\\n                    \\nThank you once again for choosing our company. We hope you were satisfied with your Soin \\u00e0 vis\\u00e9e th\\u00e9rapeutique.\\n                     \\nWe look forward to seeing you again soon,\\nInstitut Ph\\u00e9nix Energ\\u00e9tique\",\"icsFiles\":[],\"historyId\":\"357\"}'),(519,21,37,37,NULL,NULL,'2023-06-10 01:15:05',0,'{\"subject\":\"\",\"body\":\"Dear arnaud mirande,\\n                    \\nThank you once again for choosing our company. We hope you were satisfied with your 1\\u00e8re S\\u00e9ance \\u00e0 vis\\u00e9e th\\u00e9rapeutique.\\n                     \\nWe look forward to seeing you again soon,\\nInstitut Ph\\u00e9nix Energ\\u00e9tique\",\"icsFiles\":[],\"historyId\":\"358\"}'),(520,21,20,40,NULL,NULL,'2023-06-10 01:15:05',0,'{\"subject\":\"\",\"body\":\"Dear Margot Daridan,\\n                    \\nThank you once again for choosing our company. We hope you were satisfied with your Soin \\u00e0 vis\\u00e9e th\\u00e9rapeutique.\\n                     \\nWe look forward to seeing you again soon,\\nInstitut Ph\\u00e9nix Energ\\u00e9tique\",\"icsFiles\":[],\"historyId\":\"359\"}'),(521,21,37,37,NULL,NULL,'2023-06-10 01:30:06',0,'{\"subject\":\"\",\"body\":\"Dear arnaud mirande,\\n                    \\nThank you once again for choosing our company. We hope you were satisfied with your 1\\u00e8re S\\u00e9ance \\u00e0 vis\\u00e9e th\\u00e9rapeutique.\\n                     \\nWe look forward to seeing you again soon,\\nInstitut Ph\\u00e9nix Energ\\u00e9tique\",\"icsFiles\":[],\"historyId\":\"360\"}'),(522,21,20,40,NULL,NULL,'2023-06-10 01:30:06',0,'{\"subject\":\"\",\"body\":\"Dear Margot Daridan,\\n                    \\nThank you once again for choosing our company. We hope you were satisfied with your Soin \\u00e0 vis\\u00e9e th\\u00e9rapeutique.\\n                     \\nWe look forward to seeing you again soon,\\nInstitut Ph\\u00e9nix Energ\\u00e9tique\",\"icsFiles\":[],\"historyId\":\"361\"}'),(523,21,37,37,NULL,NULL,'2023-06-10 01:45:06',0,'{\"subject\":\"\",\"body\":\"Dear arnaud mirande,\\n                    \\nThank you once again for choosing our company. We hope you were satisfied with your 1\\u00e8re S\\u00e9ance \\u00e0 vis\\u00e9e th\\u00e9rapeutique.\\n                     \\nWe look forward to seeing you again soon,\\nInstitut Ph\\u00e9nix Energ\\u00e9tique\",\"icsFiles\":[],\"historyId\":\"362\"}'),(524,21,20,40,NULL,NULL,'2023-06-10 01:45:06',0,'{\"subject\":\"\",\"body\":\"Dear Margot Daridan,\\n                    \\nThank you once again for choosing our company. We hope you were satisfied with your Soin \\u00e0 vis\\u00e9e th\\u00e9rapeutique.\\n                     \\nWe look forward to seeing you again soon,\\nInstitut Ph\\u00e9nix Energ\\u00e9tique\",\"icsFiles\":[],\"historyId\":\"363\"}'),(525,21,37,37,NULL,NULL,'2023-06-10 02:00:07',0,'{\"subject\":\"\",\"body\":\"Dear arnaud mirande,\\n                    \\nThank you once again for choosing our company. We hope you were satisfied with your 1\\u00e8re S\\u00e9ance \\u00e0 vis\\u00e9e th\\u00e9rapeutique.\\n                     \\nWe look forward to seeing you again soon,\\nInstitut Ph\\u00e9nix Energ\\u00e9tique\",\"icsFiles\":[],\"historyId\":\"364\"}'),(526,21,20,40,NULL,NULL,'2023-06-10 02:00:07',0,'{\"subject\":\"\",\"body\":\"Dear Margot Daridan,\\n                    \\nThank you once again for choosing our company. We hope you were satisfied with your Soin \\u00e0 vis\\u00e9e th\\u00e9rapeutique.\\n                     \\nWe look forward to seeing you again soon,\\nInstitut Ph\\u00e9nix Energ\\u00e9tique\",\"icsFiles\":[],\"historyId\":\"365\"}'),(527,21,37,37,NULL,NULL,'2023-06-10 02:15:05',0,'{\"subject\":\"\",\"body\":\"Dear arnaud mirande,\\n                    \\nThank you once again for choosing our company. We hope you were satisfied with your 1\\u00e8re S\\u00e9ance \\u00e0 vis\\u00e9e th\\u00e9rapeutique.\\n                     \\nWe look forward to seeing you again soon,\\nInstitut Ph\\u00e9nix Energ\\u00e9tique\",\"icsFiles\":[],\"historyId\":\"366\"}'),(528,21,20,40,NULL,NULL,'2023-06-10 02:15:05',0,'{\"subject\":\"\",\"body\":\"Dear Margot Daridan,\\n                    \\nThank you once again for choosing our company. We hope you were satisfied with your Soin \\u00e0 vis\\u00e9e th\\u00e9rapeutique.\\n                     \\nWe look forward to seeing you again soon,\\nInstitut Ph\\u00e9nix Energ\\u00e9tique\",\"icsFiles\":[],\"historyId\":\"367\"}'),(529,21,37,37,NULL,NULL,'2023-06-10 02:30:05',0,'{\"subject\":\"\",\"body\":\"Dear arnaud mirande,\\n                    \\nThank you once again for choosing our company. We hope you were satisfied with your 1\\u00e8re S\\u00e9ance \\u00e0 vis\\u00e9e th\\u00e9rapeutique.\\n                     \\nWe look forward to seeing you again soon,\\nInstitut Ph\\u00e9nix Energ\\u00e9tique\",\"icsFiles\":[],\"historyId\":\"368\"}'),(530,21,20,40,NULL,NULL,'2023-06-10 02:30:05',0,'{\"subject\":\"\",\"body\":\"Dear Margot Daridan,\\n                    \\nThank you once again for choosing our company. We hope you were satisfied with your Soin \\u00e0 vis\\u00e9e th\\u00e9rapeutique.\\n                     \\nWe look forward to seeing you again soon,\\nInstitut Ph\\u00e9nix Energ\\u00e9tique\",\"icsFiles\":[],\"historyId\":\"369\"}'),(531,21,37,37,NULL,NULL,'2023-06-10 02:45:06',0,'{\"subject\":\"\",\"body\":\"Dear arnaud mirande,\\n                    \\nThank you once again for choosing our company. We hope you were satisfied with your 1\\u00e8re S\\u00e9ance \\u00e0 vis\\u00e9e th\\u00e9rapeutique.\\n                     \\nWe look forward to seeing you again soon,\\nInstitut Ph\\u00e9nix Energ\\u00e9tique\",\"icsFiles\":[],\"historyId\":\"370\"}'),(532,21,20,40,NULL,NULL,'2023-06-10 02:45:06',0,'{\"subject\":\"\",\"body\":\"Dear Margot Daridan,\\n                    \\nThank you once again for choosing our company. We hope you were satisfied with your Soin \\u00e0 vis\\u00e9e th\\u00e9rapeutique.\\n                     \\nWe look forward to seeing you again soon,\\nInstitut Ph\\u00e9nix Energ\\u00e9tique\",\"icsFiles\":[],\"historyId\":\"371\"}'),(533,21,37,37,NULL,NULL,'2023-06-10 03:00:07',0,'{\"subject\":\"\",\"body\":\"Dear arnaud mirande,\\n                    \\nThank you once again for choosing our company. We hope you were satisfied with your 1\\u00e8re S\\u00e9ance \\u00e0 vis\\u00e9e th\\u00e9rapeutique.\\n                     \\nWe look forward to seeing you again soon,\\nInstitut Ph\\u00e9nix Energ\\u00e9tique\",\"icsFiles\":[],\"historyId\":\"372\"}'),(534,21,20,40,NULL,NULL,'2023-06-10 03:00:07',0,'{\"subject\":\"\",\"body\":\"Dear Margot Daridan,\\n                    \\nThank you once again for choosing our company. We hope you were satisfied with your Soin \\u00e0 vis\\u00e9e th\\u00e9rapeutique.\\n                     \\nWe look forward to seeing you again soon,\\nInstitut Ph\\u00e9nix Energ\\u00e9tique\",\"icsFiles\":[],\"historyId\":\"373\"}'),(535,21,37,37,NULL,NULL,'2023-06-10 03:15:06',0,'{\"subject\":\"\",\"body\":\"Dear arnaud mirande,\\n                    \\nThank you once again for choosing our company. We hope you were satisfied with your 1\\u00e8re S\\u00e9ance \\u00e0 vis\\u00e9e th\\u00e9rapeutique.\\n                     \\nWe look forward to seeing you again soon,\\nInstitut Ph\\u00e9nix Energ\\u00e9tique\",\"icsFiles\":[],\"historyId\":\"374\"}'),(536,21,20,40,NULL,NULL,'2023-06-10 03:15:06',0,'{\"subject\":\"\",\"body\":\"Dear Margot Daridan,\\n                    \\nThank you once again for choosing our company. We hope you were satisfied with your Soin \\u00e0 vis\\u00e9e th\\u00e9rapeutique.\\n                     \\nWe look forward to seeing you again soon,\\nInstitut Ph\\u00e9nix Energ\\u00e9tique\",\"icsFiles\":[],\"historyId\":\"375\"}'),(537,21,37,37,NULL,NULL,'2023-06-10 03:30:06',0,'{\"subject\":\"\",\"body\":\"Dear arnaud mirande,\\n                    \\nThank you once again for choosing our company. We hope you were satisfied with your 1\\u00e8re S\\u00e9ance \\u00e0 vis\\u00e9e th\\u00e9rapeutique.\\n                     \\nWe look forward to seeing you again soon,\\nInstitut Ph\\u00e9nix Energ\\u00e9tique\",\"icsFiles\":[],\"historyId\":\"376\"}'),(538,21,20,40,NULL,NULL,'2023-06-10 03:30:06',0,'{\"subject\":\"\",\"body\":\"Dear Margot Daridan,\\n                    \\nThank you once again for choosing our company. We hope you were satisfied with your Soin \\u00e0 vis\\u00e9e th\\u00e9rapeutique.\\n                     \\nWe look forward to seeing you again soon,\\nInstitut Ph\\u00e9nix Energ\\u00e9tique\",\"icsFiles\":[],\"historyId\":\"377\"}'),(539,21,37,37,NULL,NULL,'2023-06-10 03:45:05',0,'{\"subject\":\"\",\"body\":\"Dear arnaud mirande,\\n                    \\nThank you once again for choosing our company. We hope you were satisfied with your 1\\u00e8re S\\u00e9ance \\u00e0 vis\\u00e9e th\\u00e9rapeutique.\\n                     \\nWe look forward to seeing you again soon,\\nInstitut Ph\\u00e9nix Energ\\u00e9tique\",\"icsFiles\":[],\"historyId\":\"378\"}'),(540,21,20,40,NULL,NULL,'2023-06-10 03:45:05',0,'{\"subject\":\"\",\"body\":\"Dear Margot Daridan,\\n                    \\nThank you once again for choosing our company. We hope you were satisfied with your Soin \\u00e0 vis\\u00e9e th\\u00e9rapeutique.\\n                     \\nWe look forward to seeing you again soon,\\nInstitut Ph\\u00e9nix Energ\\u00e9tique\",\"icsFiles\":[],\"historyId\":\"379\"}'),(541,21,37,37,NULL,NULL,'2023-06-10 04:00:06',0,'{\"subject\":\"\",\"body\":\"Dear arnaud mirande,\\n                    \\nThank you once again for choosing our company. We hope you were satisfied with your 1\\u00e8re S\\u00e9ance \\u00e0 vis\\u00e9e th\\u00e9rapeutique.\\n                     \\nWe look forward to seeing you again soon,\\nInstitut Ph\\u00e9nix Energ\\u00e9tique\",\"icsFiles\":[],\"historyId\":\"380\"}'),(542,21,20,40,NULL,NULL,'2023-06-10 04:00:06',0,'{\"subject\":\"\",\"body\":\"Dear Margot Daridan,\\n                    \\nThank you once again for choosing our company. We hope you were satisfied with your Soin \\u00e0 vis\\u00e9e th\\u00e9rapeutique.\\n                     \\nWe look forward to seeing you again soon,\\nInstitut Ph\\u00e9nix Energ\\u00e9tique\",\"icsFiles\":[],\"historyId\":\"381\"}'),(543,21,37,37,NULL,NULL,'2023-06-10 04:15:05',0,'{\"subject\":\"\",\"body\":\"Dear arnaud mirande,\\n                    \\nThank you once again for choosing our company. We hope you were satisfied with your 1\\u00e8re S\\u00e9ance \\u00e0 vis\\u00e9e th\\u00e9rapeutique.\\n                     \\nWe look forward to seeing you again soon,\\nInstitut Ph\\u00e9nix Energ\\u00e9tique\",\"icsFiles\":[],\"historyId\":\"382\"}'),(544,21,20,40,NULL,NULL,'2023-06-10 04:15:05',0,'{\"subject\":\"\",\"body\":\"Dear Margot Daridan,\\n                    \\nThank you once again for choosing our company. We hope you were satisfied with your Soin \\u00e0 vis\\u00e9e th\\u00e9rapeutique.\\n                     \\nWe look forward to seeing you again soon,\\nInstitut Ph\\u00e9nix Energ\\u00e9tique\",\"icsFiles\":[],\"historyId\":\"383\"}'),(545,21,37,37,NULL,NULL,'2023-06-10 04:30:05',0,'{\"subject\":\"\",\"body\":\"Dear arnaud mirande,\\n                    \\nThank you once again for choosing our company. We hope you were satisfied with your 1\\u00e8re S\\u00e9ance \\u00e0 vis\\u00e9e th\\u00e9rapeutique.\\n                     \\nWe look forward to seeing you again soon,\\nInstitut Ph\\u00e9nix Energ\\u00e9tique\",\"icsFiles\":[],\"historyId\":\"384\"}'),(546,21,20,40,NULL,NULL,'2023-06-10 04:30:06',0,'{\"subject\":\"\",\"body\":\"Dear Margot Daridan,\\n                    \\nThank you once again for choosing our company. We hope you were satisfied with your Soin \\u00e0 vis\\u00e9e th\\u00e9rapeutique.\\n                     \\nWe look forward to seeing you again soon,\\nInstitut Ph\\u00e9nix Energ\\u00e9tique\",\"icsFiles\":[],\"historyId\":\"385\"}'),(547,21,37,37,NULL,NULL,'2023-06-10 04:45:05',0,'{\"subject\":\"\",\"body\":\"Dear arnaud mirande,\\n                    \\nThank you once again for choosing our company. We hope you were satisfied with your 1\\u00e8re S\\u00e9ance \\u00e0 vis\\u00e9e th\\u00e9rapeutique.\\n                     \\nWe look forward to seeing you again soon,\\nInstitut Ph\\u00e9nix Energ\\u00e9tique\",\"icsFiles\":[],\"historyId\":\"386\"}'),(548,21,20,40,NULL,NULL,'2023-06-10 04:45:05',0,'{\"subject\":\"\",\"body\":\"Dear Margot Daridan,\\n                    \\nThank you once again for choosing our company. We hope you were satisfied with your Soin \\u00e0 vis\\u00e9e th\\u00e9rapeutique.\\n                     \\nWe look forward to seeing you again soon,\\nInstitut Ph\\u00e9nix Energ\\u00e9tique\",\"icsFiles\":[],\"historyId\":\"387\"}'),(549,21,37,37,NULL,NULL,'2023-06-10 05:00:05',0,'{\"subject\":\"\",\"body\":\"Dear arnaud mirande,\\n                    \\nThank you once again for choosing our company. We hope you were satisfied with your 1\\u00e8re S\\u00e9ance \\u00e0 vis\\u00e9e th\\u00e9rapeutique.\\n                     \\nWe look forward to seeing you again soon,\\nInstitut Ph\\u00e9nix Energ\\u00e9tique\",\"icsFiles\":[],\"historyId\":\"388\"}'),(550,21,20,40,NULL,NULL,'2023-06-10 05:00:06',0,'{\"subject\":\"\",\"body\":\"Dear Margot Daridan,\\n                    \\nThank you once again for choosing our company. We hope you were satisfied with your Soin \\u00e0 vis\\u00e9e th\\u00e9rapeutique.\\n                     \\nWe look forward to seeing you again soon,\\nInstitut Ph\\u00e9nix Energ\\u00e9tique\",\"icsFiles\":[],\"historyId\":\"389\"}'),(551,21,37,37,NULL,NULL,'2023-06-10 05:15:05',0,'{\"subject\":\"\",\"body\":\"Dear arnaud mirande,\\n                    \\nThank you once again for choosing our company. We hope you were satisfied with your 1\\u00e8re S\\u00e9ance \\u00e0 vis\\u00e9e th\\u00e9rapeutique.\\n                     \\nWe look forward to seeing you again soon,\\nInstitut Ph\\u00e9nix Energ\\u00e9tique\",\"icsFiles\":[],\"historyId\":\"390\"}'),(552,21,20,40,NULL,NULL,'2023-06-10 05:15:06',0,'{\"subject\":\"\",\"body\":\"Dear Margot Daridan,\\n                    \\nThank you once again for choosing our company. We hope you were satisfied with your Soin \\u00e0 vis\\u00e9e th\\u00e9rapeutique.\\n                     \\nWe look forward to seeing you again soon,\\nInstitut Ph\\u00e9nix Energ\\u00e9tique\",\"icsFiles\":[],\"historyId\":\"391\"}'),(553,21,37,37,NULL,NULL,'2023-06-10 05:30:06',0,'{\"subject\":\"\",\"body\":\"Dear arnaud mirande,\\n                    \\nThank you once again for choosing our company. We hope you were satisfied with your 1\\u00e8re S\\u00e9ance \\u00e0 vis\\u00e9e th\\u00e9rapeutique.\\n                     \\nWe look forward to seeing you again soon,\\nInstitut Ph\\u00e9nix Energ\\u00e9tique\",\"icsFiles\":[],\"historyId\":\"392\"}'),(554,21,20,40,NULL,NULL,'2023-06-10 05:30:06',0,'{\"subject\":\"\",\"body\":\"Dear Margot Daridan,\\n                    \\nThank you once again for choosing our company. We hope you were satisfied with your Soin \\u00e0 vis\\u00e9e th\\u00e9rapeutique.\\n                     \\nWe look forward to seeing you again soon,\\nInstitut Ph\\u00e9nix Energ\\u00e9tique\",\"icsFiles\":[],\"historyId\":\"393\"}'),(555,21,37,37,NULL,NULL,'2023-06-10 05:45:05',0,'{\"subject\":\"\",\"body\":\"Dear arnaud mirande,\\n                    \\nThank you once again for choosing our company. We hope you were satisfied with your 1\\u00e8re S\\u00e9ance \\u00e0 vis\\u00e9e th\\u00e9rapeutique.\\n                     \\nWe look forward to seeing you again soon,\\nInstitut Ph\\u00e9nix Energ\\u00e9tique\",\"icsFiles\":[],\"historyId\":\"394\"}'),(556,21,20,40,NULL,NULL,'2023-06-10 05:45:05',0,'{\"subject\":\"\",\"body\":\"Dear Margot Daridan,\\n                    \\nThank you once again for choosing our company. We hope you were satisfied with your Soin \\u00e0 vis\\u00e9e th\\u00e9rapeutique.\\n                     \\nWe look forward to seeing you again soon,\\nInstitut Ph\\u00e9nix Energ\\u00e9tique\",\"icsFiles\":[],\"historyId\":\"395\"}'),(557,21,37,37,NULL,NULL,'2023-06-10 06:00:06',0,'{\"subject\":\"\",\"body\":\"Dear arnaud mirande,\\n                    \\nThank you once again for choosing our company. We hope you were satisfied with your 1\\u00e8re S\\u00e9ance \\u00e0 vis\\u00e9e th\\u00e9rapeutique.\\n                     \\nWe look forward to seeing you again soon,\\nInstitut Ph\\u00e9nix Energ\\u00e9tique\",\"icsFiles\":[],\"historyId\":\"396\"}'),(558,21,20,40,NULL,NULL,'2023-06-10 06:00:06',0,'{\"subject\":\"\",\"body\":\"Dear Margot Daridan,\\n                    \\nThank you once again for choosing our company. We hope you were satisfied with your Soin \\u00e0 vis\\u00e9e th\\u00e9rapeutique.\\n                     \\nWe look forward to seeing you again soon,\\nInstitut Ph\\u00e9nix Energ\\u00e9tique\",\"icsFiles\":[],\"historyId\":\"397\"}'),(559,21,37,37,NULL,NULL,'2023-06-10 06:15:05',0,'{\"subject\":\"\",\"body\":\"Dear arnaud mirande,\\n                    \\nThank you once again for choosing our company. We hope you were satisfied with your 1\\u00e8re S\\u00e9ance \\u00e0 vis\\u00e9e th\\u00e9rapeutique.\\n                     \\nWe look forward to seeing you again soon,\\nInstitut Ph\\u00e9nix Energ\\u00e9tique\",\"icsFiles\":[],\"historyId\":\"398\"}'),(560,21,20,40,NULL,NULL,'2023-06-10 06:15:05',0,'{\"subject\":\"\",\"body\":\"Dear Margot Daridan,\\n                    \\nThank you once again for choosing our company. We hope you were satisfied with your Soin \\u00e0 vis\\u00e9e th\\u00e9rapeutique.\\n                     \\nWe look forward to seeing you again soon,\\nInstitut Ph\\u00e9nix Energ\\u00e9tique\",\"icsFiles\":[],\"historyId\":\"399\"}'),(561,21,37,37,NULL,NULL,'2023-06-10 06:30:07',0,'{\"subject\":\"\",\"body\":\"Dear arnaud mirande,\\n                    \\nThank you once again for choosing our company. We hope you were satisfied with your 1\\u00e8re S\\u00e9ance \\u00e0 vis\\u00e9e th\\u00e9rapeutique.\\n                     \\nWe look forward to seeing you again soon,\\nInstitut Ph\\u00e9nix Energ\\u00e9tique\",\"icsFiles\":[],\"historyId\":\"400\"}'),(562,21,20,40,NULL,NULL,'2023-06-10 06:30:07',0,'{\"subject\":\"\",\"body\":\"Dear Margot Daridan,\\n                    \\nThank you once again for choosing our company. We hope you were satisfied with your Soin \\u00e0 vis\\u00e9e th\\u00e9rapeutique.\\n                     \\nWe look forward to seeing you again soon,\\nInstitut Ph\\u00e9nix Energ\\u00e9tique\",\"icsFiles\":[],\"historyId\":\"401\"}'),(563,21,37,37,NULL,NULL,'2023-06-10 06:45:05',0,'{\"subject\":\"\",\"body\":\"Dear arnaud mirande,\\n                    \\nThank you once again for choosing our company. We hope you were satisfied with your 1\\u00e8re S\\u00e9ance \\u00e0 vis\\u00e9e th\\u00e9rapeutique.\\n                     \\nWe look forward to seeing you again soon,\\nInstitut Ph\\u00e9nix Energ\\u00e9tique\",\"icsFiles\":[],\"historyId\":\"402\"}'),(564,21,20,40,NULL,NULL,'2023-06-10 06:45:06',0,'{\"subject\":\"\",\"body\":\"Dear Margot Daridan,\\n                    \\nThank you once again for choosing our company. We hope you were satisfied with your Soin \\u00e0 vis\\u00e9e th\\u00e9rapeutique.\\n                     \\nWe look forward to seeing you again soon,\\nInstitut Ph\\u00e9nix Energ\\u00e9tique\",\"icsFiles\":[],\"historyId\":\"403\"}'),(565,21,37,37,NULL,NULL,'2023-06-10 07:00:05',0,'{\"subject\":\"\",\"body\":\"Dear arnaud mirande,\\n                    \\nThank you once again for choosing our company. We hope you were satisfied with your 1\\u00e8re S\\u00e9ance \\u00e0 vis\\u00e9e th\\u00e9rapeutique.\\n                     \\nWe look forward to seeing you again soon,\\nInstitut Ph\\u00e9nix Energ\\u00e9tique\",\"icsFiles\":[],\"historyId\":\"404\"}'),(566,21,20,40,NULL,NULL,'2023-06-10 07:00:05',0,'{\"subject\":\"\",\"body\":\"Dear Margot Daridan,\\n                    \\nThank you once again for choosing our company. We hope you were satisfied with your Soin \\u00e0 vis\\u00e9e th\\u00e9rapeutique.\\n                     \\nWe look forward to seeing you again soon,\\nInstitut Ph\\u00e9nix Energ\\u00e9tique\",\"icsFiles\":[],\"historyId\":\"405\"}'),(567,21,37,37,NULL,NULL,'2023-06-10 07:15:05',0,'{\"subject\":\"\",\"body\":\"Dear arnaud mirande,\\n                    \\nThank you once again for choosing our company. We hope you were satisfied with your 1\\u00e8re S\\u00e9ance \\u00e0 vis\\u00e9e th\\u00e9rapeutique.\\n                     \\nWe look forward to seeing you again soon,\\nInstitut Ph\\u00e9nix Energ\\u00e9tique\",\"icsFiles\":[],\"historyId\":\"406\"}'),(568,21,20,40,NULL,NULL,'2023-06-10 07:15:06',0,'{\"subject\":\"\",\"body\":\"Dear Margot Daridan,\\n                    \\nThank you once again for choosing our company. We hope you were satisfied with your Soin \\u00e0 vis\\u00e9e th\\u00e9rapeutique.\\n                     \\nWe look forward to seeing you again soon,\\nInstitut Ph\\u00e9nix Energ\\u00e9tique\",\"icsFiles\":[],\"historyId\":\"407\"}'),(569,21,37,37,NULL,NULL,'2023-06-10 07:30:06',0,'{\"subject\":\"\",\"body\":\"Dear arnaud mirande,\\n                    \\nThank you once again for choosing our company. We hope you were satisfied with your 1\\u00e8re S\\u00e9ance \\u00e0 vis\\u00e9e th\\u00e9rapeutique.\\n                     \\nWe look forward to seeing you again soon,\\nInstitut Ph\\u00e9nix Energ\\u00e9tique\",\"icsFiles\":[],\"historyId\":\"408\"}'),(570,21,20,40,NULL,NULL,'2023-06-10 07:30:06',0,'{\"subject\":\"\",\"body\":\"Dear Margot Daridan,\\n                    \\nThank you once again for choosing our company. We hope you were satisfied with your Soin \\u00e0 vis\\u00e9e th\\u00e9rapeutique.\\n                     \\nWe look forward to seeing you again soon,\\nInstitut Ph\\u00e9nix Energ\\u00e9tique\",\"icsFiles\":[],\"historyId\":\"409\"}'),(571,21,37,37,NULL,NULL,'2023-06-10 07:45:06',0,'{\"subject\":\"\",\"body\":\"Dear arnaud mirande,\\n                    \\nThank you once again for choosing our company. We hope you were satisfied with your 1\\u00e8re S\\u00e9ance \\u00e0 vis\\u00e9e th\\u00e9rapeutique.\\n                     \\nWe look forward to seeing you again soon,\\nInstitut Ph\\u00e9nix Energ\\u00e9tique\",\"icsFiles\":[],\"historyId\":\"410\"}'),(572,21,20,40,NULL,NULL,'2023-06-10 07:45:07',0,'{\"subject\":\"\",\"body\":\"Dear Margot Daridan,\\n                    \\nThank you once again for choosing our company. We hope you were satisfied with your Soin \\u00e0 vis\\u00e9e th\\u00e9rapeutique.\\n                     \\nWe look forward to seeing you again soon,\\nInstitut Ph\\u00e9nix Energ\\u00e9tique\",\"icsFiles\":[],\"historyId\":\"411\"}'),(573,21,37,37,NULL,NULL,'2023-06-10 08:00:06',0,'{\"subject\":\"\",\"body\":\"Dear arnaud mirande,\\n                    \\nThank you once again for choosing our company. We hope you were satisfied with your 1\\u00e8re S\\u00e9ance \\u00e0 vis\\u00e9e th\\u00e9rapeutique.\\n                     \\nWe look forward to seeing you again soon,\\nInstitut Ph\\u00e9nix Energ\\u00e9tique\",\"icsFiles\":[],\"historyId\":\"412\"}'),(574,21,20,40,NULL,NULL,'2023-06-10 08:00:06',0,'{\"subject\":\"\",\"body\":\"Dear Margot Daridan,\\n                    \\nThank you once again for choosing our company. We hope you were satisfied with your Soin \\u00e0 vis\\u00e9e th\\u00e9rapeutique.\\n                     \\nWe look forward to seeing you again soon,\\nInstitut Ph\\u00e9nix Energ\\u00e9tique\",\"icsFiles\":[],\"historyId\":\"413\"}'),(575,21,37,37,NULL,NULL,'2023-06-10 08:15:06',0,'{\"subject\":\"\",\"body\":\"Dear arnaud mirande,\\n                    \\nThank you once again for choosing our company. We hope you were satisfied with your 1\\u00e8re S\\u00e9ance \\u00e0 vis\\u00e9e th\\u00e9rapeutique.\\n                     \\nWe look forward to seeing you again soon,\\nInstitut Ph\\u00e9nix Energ\\u00e9tique\",\"icsFiles\":[],\"historyId\":\"414\"}'),(576,21,20,40,NULL,NULL,'2023-06-10 08:15:06',0,'{\"subject\":\"\",\"body\":\"Dear Margot Daridan,\\n                    \\nThank you once again for choosing our company. We hope you were satisfied with your Soin \\u00e0 vis\\u00e9e th\\u00e9rapeutique.\\n                     \\nWe look forward to seeing you again soon,\\nInstitut Ph\\u00e9nix Energ\\u00e9tique\",\"icsFiles\":[],\"historyId\":\"415\"}'),(577,21,37,37,NULL,NULL,'2023-06-10 08:30:06',0,'{\"subject\":\"\",\"body\":\"Dear arnaud mirande,\\n                    \\nThank you once again for choosing our company. We hope you were satisfied with your 1\\u00e8re S\\u00e9ance \\u00e0 vis\\u00e9e th\\u00e9rapeutique.\\n                     \\nWe look forward to seeing you again soon,\\nInstitut Ph\\u00e9nix Energ\\u00e9tique\",\"icsFiles\":[],\"historyId\":\"416\"}'),(578,21,20,40,NULL,NULL,'2023-06-10 08:30:06',0,'{\"subject\":\"\",\"body\":\"Dear Margot Daridan,\\n                    \\nThank you once again for choosing our company. We hope you were satisfied with your Soin \\u00e0 vis\\u00e9e th\\u00e9rapeutique.\\n                     \\nWe look forward to seeing you again soon,\\nInstitut Ph\\u00e9nix Energ\\u00e9tique\",\"icsFiles\":[],\"historyId\":\"417\"}'),(579,21,37,37,NULL,NULL,'2023-06-10 08:45:07',0,'{\"subject\":\"\",\"body\":\"Dear arnaud mirande,\\n                    \\nThank you once again for choosing our company. We hope you were satisfied with your 1\\u00e8re S\\u00e9ance \\u00e0 vis\\u00e9e th\\u00e9rapeutique.\\n                     \\nWe look forward to seeing you again soon,\\nInstitut Ph\\u00e9nix Energ\\u00e9tique\",\"icsFiles\":[],\"historyId\":\"418\"}'),(580,21,20,40,NULL,NULL,'2023-06-10 08:45:07',0,'{\"subject\":\"\",\"body\":\"Dear Margot Daridan,\\n                    \\nThank you once again for choosing our company. We hope you were satisfied with your Soin \\u00e0 vis\\u00e9e th\\u00e9rapeutique.\\n                     \\nWe look forward to seeing you again soon,\\nInstitut Ph\\u00e9nix Energ\\u00e9tique\",\"icsFiles\":[],\"historyId\":\"419\"}'),(581,21,37,37,NULL,NULL,'2023-06-10 09:00:07',0,'{\"subject\":\"\",\"body\":\"Dear arnaud mirande,\\n                    \\nThank you once again for choosing our company. We hope you were satisfied with your 1\\u00e8re S\\u00e9ance \\u00e0 vis\\u00e9e th\\u00e9rapeutique.\\n                     \\nWe look forward to seeing you again soon,\\nInstitut Ph\\u00e9nix Energ\\u00e9tique\",\"icsFiles\":[],\"historyId\":\"420\"}'),(582,21,20,40,NULL,NULL,'2023-06-10 09:00:07',0,'{\"subject\":\"\",\"body\":\"Dear Margot Daridan,\\n                    \\nThank you once again for choosing our company. We hope you were satisfied with your Soin \\u00e0 vis\\u00e9e th\\u00e9rapeutique.\\n                     \\nWe look forward to seeing you again soon,\\nInstitut Ph\\u00e9nix Energ\\u00e9tique\",\"icsFiles\":[],\"historyId\":\"421\"}'),(583,21,37,37,NULL,NULL,'2023-06-10 09:15:06',0,'{\"subject\":\"\",\"body\":\"Dear arnaud mirande,\\n                    \\nThank you once again for choosing our company. We hope you were satisfied with your 1\\u00e8re S\\u00e9ance \\u00e0 vis\\u00e9e th\\u00e9rapeutique.\\n                     \\nWe look forward to seeing you again soon,\\nInstitut Ph\\u00e9nix Energ\\u00e9tique\",\"icsFiles\":[],\"historyId\":\"422\"}'),(584,21,20,40,NULL,NULL,'2023-06-10 09:15:06',0,'{\"subject\":\"\",\"body\":\"Dear Margot Daridan,\\n                    \\nThank you once again for choosing our company. We hope you were satisfied with your Soin \\u00e0 vis\\u00e9e th\\u00e9rapeutique.\\n                     \\nWe look forward to seeing you again soon,\\nInstitut Ph\\u00e9nix Energ\\u00e9tique\",\"icsFiles\":[],\"historyId\":\"423\"}'),(585,21,37,37,NULL,NULL,'2023-06-10 09:30:06',0,'{\"subject\":\"\",\"body\":\"Dear arnaud mirande,\\n                    \\nThank you once again for choosing our company. We hope you were satisfied with your 1\\u00e8re S\\u00e9ance \\u00e0 vis\\u00e9e th\\u00e9rapeutique.\\n                     \\nWe look forward to seeing you again soon,\\nInstitut Ph\\u00e9nix Energ\\u00e9tique\",\"icsFiles\":[],\"historyId\":\"424\"}'),(586,21,20,40,NULL,NULL,'2023-06-10 09:30:06',0,'{\"subject\":\"\",\"body\":\"Dear Margot Daridan,\\n                    \\nThank you once again for choosing our company. We hope you were satisfied with your Soin \\u00e0 vis\\u00e9e th\\u00e9rapeutique.\\n                     \\nWe look forward to seeing you again soon,\\nInstitut Ph\\u00e9nix Energ\\u00e9tique\",\"icsFiles\":[],\"historyId\":\"425\"}'),(587,21,37,37,NULL,NULL,'2023-06-10 09:45:06',0,'{\"subject\":\"\",\"body\":\"Dear arnaud mirande,\\n                    \\nThank you once again for choosing our company. We hope you were satisfied with your 1\\u00e8re S\\u00e9ance \\u00e0 vis\\u00e9e th\\u00e9rapeutique.\\n                     \\nWe look forward to seeing you again soon,\\nInstitut Ph\\u00e9nix Energ\\u00e9tique\",\"icsFiles\":[],\"historyId\":\"426\"}'),(588,21,20,40,NULL,NULL,'2023-06-10 09:45:06',0,'{\"subject\":\"\",\"body\":\"Dear Margot Daridan,\\n                    \\nThank you once again for choosing our company. We hope you were satisfied with your Soin \\u00e0 vis\\u00e9e th\\u00e9rapeutique.\\n                     \\nWe look forward to seeing you again soon,\\nInstitut Ph\\u00e9nix Energ\\u00e9tique\",\"icsFiles\":[],\"historyId\":\"427\"}'),(589,21,37,37,NULL,NULL,'2023-06-10 10:00:06',0,'{\"subject\":\"\",\"body\":\"Dear arnaud mirande,\\n                    \\nThank you once again for choosing our company. We hope you were satisfied with your 1\\u00e8re S\\u00e9ance \\u00e0 vis\\u00e9e th\\u00e9rapeutique.\\n                     \\nWe look forward to seeing you again soon,\\nInstitut Ph\\u00e9nix Energ\\u00e9tique\",\"icsFiles\":[],\"historyId\":\"428\"}'),(590,21,20,40,NULL,NULL,'2023-06-10 10:00:06',0,'{\"subject\":\"\",\"body\":\"Dear Margot Daridan,\\n                    \\nThank you once again for choosing our company. We hope you were satisfied with your Soin \\u00e0 vis\\u00e9e th\\u00e9rapeutique.\\n                     \\nWe look forward to seeing you again soon,\\nInstitut Ph\\u00e9nix Energ\\u00e9tique\",\"icsFiles\":[],\"historyId\":\"429\"}'),(591,21,37,37,NULL,NULL,'2023-06-10 10:15:05',0,'{\"subject\":\"\",\"body\":\"Dear arnaud mirande,\\n                    \\nThank you once again for choosing our company. We hope you were satisfied with your 1\\u00e8re S\\u00e9ance \\u00e0 vis\\u00e9e th\\u00e9rapeutique.\\n                     \\nWe look forward to seeing you again soon,\\nInstitut Ph\\u00e9nix Energ\\u00e9tique\",\"icsFiles\":[],\"historyId\":\"430\"}'),(592,21,20,40,NULL,NULL,'2023-06-10 10:15:06',0,'{\"subject\":\"\",\"body\":\"Dear Margot Daridan,\\n                    \\nThank you once again for choosing our company. We hope you were satisfied with your Soin \\u00e0 vis\\u00e9e th\\u00e9rapeutique.\\n                     \\nWe look forward to seeing you again soon,\\nInstitut Ph\\u00e9nix Energ\\u00e9tique\",\"icsFiles\":[],\"historyId\":\"431\"}'),(593,21,37,37,NULL,NULL,'2023-06-10 10:30:05',0,'{\"subject\":\"\",\"body\":\"Dear arnaud mirande,\\n                    \\nThank you once again for choosing our company. We hope you were satisfied with your 1\\u00e8re S\\u00e9ance \\u00e0 vis\\u00e9e th\\u00e9rapeutique.\\n                     \\nWe look forward to seeing you again soon,\\nInstitut Ph\\u00e9nix Energ\\u00e9tique\",\"icsFiles\":[],\"historyId\":\"432\"}'),(594,21,20,40,NULL,NULL,'2023-06-10 10:30:06',0,'{\"subject\":\"\",\"body\":\"Dear Margot Daridan,\\n                    \\nThank you once again for choosing our company. We hope you were satisfied with your Soin \\u00e0 vis\\u00e9e th\\u00e9rapeutique.\\n                     \\nWe look forward to seeing you again soon,\\nInstitut Ph\\u00e9nix Energ\\u00e9tique\",\"icsFiles\":[],\"historyId\":\"433\"}'),(595,21,37,37,NULL,NULL,'2023-06-10 10:45:05',0,'{\"subject\":\"\",\"body\":\"Dear arnaud mirande,\\n                    \\nThank you once again for choosing our company. We hope you were satisfied with your 1\\u00e8re S\\u00e9ance \\u00e0 vis\\u00e9e th\\u00e9rapeutique.\\n                     \\nWe look forward to seeing you again soon,\\nInstitut Ph\\u00e9nix Energ\\u00e9tique\",\"icsFiles\":[],\"historyId\":\"434\"}'),(596,21,20,40,NULL,NULL,'2023-06-10 10:45:06',0,'{\"subject\":\"\",\"body\":\"Dear Margot Daridan,\\n                    \\nThank you once again for choosing our company. We hope you were satisfied with your Soin \\u00e0 vis\\u00e9e th\\u00e9rapeutique.\\n                     \\nWe look forward to seeing you again soon,\\nInstitut Ph\\u00e9nix Energ\\u00e9tique\",\"icsFiles\":[],\"historyId\":\"435\"}'),(597,21,37,37,NULL,NULL,'2023-06-10 11:00:05',0,'{\"subject\":\"\",\"body\":\"Dear arnaud mirande,\\n                    \\nThank you once again for choosing our company. We hope you were satisfied with your 1\\u00e8re S\\u00e9ance \\u00e0 vis\\u00e9e th\\u00e9rapeutique.\\n                     \\nWe look forward to seeing you again soon,\\nInstitut Ph\\u00e9nix Energ\\u00e9tique\",\"icsFiles\":[],\"historyId\":\"436\"}'),(598,21,20,40,NULL,NULL,'2023-06-10 11:00:05',0,'{\"subject\":\"\",\"body\":\"Dear Margot Daridan,\\n                    \\nThank you once again for choosing our company. We hope you were satisfied with your Soin \\u00e0 vis\\u00e9e th\\u00e9rapeutique.\\n                     \\nWe look forward to seeing you again soon,\\nInstitut Ph\\u00e9nix Energ\\u00e9tique\",\"icsFiles\":[],\"historyId\":\"437\"}'),(599,21,37,37,NULL,NULL,'2023-06-10 11:15:06',0,'{\"subject\":\"\",\"body\":\"Dear arnaud mirande,\\n                    \\nThank you once again for choosing our company. We hope you were satisfied with your 1\\u00e8re S\\u00e9ance \\u00e0 vis\\u00e9e th\\u00e9rapeutique.\\n                     \\nWe look forward to seeing you again soon,\\nInstitut Ph\\u00e9nix Energ\\u00e9tique\",\"icsFiles\":[],\"historyId\":\"438\"}'),(600,21,20,40,NULL,NULL,'2023-06-10 11:15:07',0,'{\"subject\":\"\",\"body\":\"Dear Margot Daridan,\\n                    \\nThank you once again for choosing our company. We hope you were satisfied with your Soin \\u00e0 vis\\u00e9e th\\u00e9rapeutique.\\n                     \\nWe look forward to seeing you again soon,\\nInstitut Ph\\u00e9nix Energ\\u00e9tique\",\"icsFiles\":[],\"historyId\":\"439\"}'),(601,21,37,37,NULL,NULL,'2023-06-10 11:30:06',0,'{\"subject\":\"\",\"body\":\"Dear arnaud mirande,\\n                    \\nThank you once again for choosing our company. We hope you were satisfied with your 1\\u00e8re S\\u00e9ance \\u00e0 vis\\u00e9e th\\u00e9rapeutique.\\n                     \\nWe look forward to seeing you again soon,\\nInstitut Ph\\u00e9nix Energ\\u00e9tique\",\"icsFiles\":[],\"historyId\":\"440\"}'),(602,21,20,40,NULL,NULL,'2023-06-10 11:30:06',0,'{\"subject\":\"\",\"body\":\"Dear Margot Daridan,\\n                    \\nThank you once again for choosing our company. We hope you were satisfied with your Soin \\u00e0 vis\\u00e9e th\\u00e9rapeutique.\\n                     \\nWe look forward to seeing you again soon,\\nInstitut Ph\\u00e9nix Energ\\u00e9tique\",\"icsFiles\":[],\"historyId\":\"441\"}'),(603,21,37,37,NULL,NULL,'2023-06-10 11:45:05',0,'{\"subject\":\"\",\"body\":\"Dear arnaud mirande,\\n                    \\nThank you once again for choosing our company. We hope you were satisfied with your 1\\u00e8re S\\u00e9ance \\u00e0 vis\\u00e9e th\\u00e9rapeutique.\\n                     \\nWe look forward to seeing you again soon,\\nInstitut Ph\\u00e9nix Energ\\u00e9tique\",\"icsFiles\":[],\"historyId\":\"442\"}'),(604,21,20,40,NULL,NULL,'2023-06-10 11:45:05',0,'{\"subject\":\"\",\"body\":\"Dear Margot Daridan,\\n                    \\nThank you once again for choosing our company. We hope you were satisfied with your Soin \\u00e0 vis\\u00e9e th\\u00e9rapeutique.\\n                     \\nWe look forward to seeing you again soon,\\nInstitut Ph\\u00e9nix Energ\\u00e9tique\",\"icsFiles\":[],\"historyId\":\"443\"}'),(605,21,37,37,NULL,NULL,'2023-06-10 12:00:05',0,'{\"subject\":\"\",\"body\":\"Dear arnaud mirande,\\n                    \\nThank you once again for choosing our company. We hope you were satisfied with your 1\\u00e8re S\\u00e9ance \\u00e0 vis\\u00e9e th\\u00e9rapeutique.\\n                     \\nWe look forward to seeing you again soon,\\nInstitut Ph\\u00e9nix Energ\\u00e9tique\",\"icsFiles\":[],\"historyId\":\"444\"}'),(606,21,20,40,NULL,NULL,'2023-06-10 12:00:05',0,'{\"subject\":\"\",\"body\":\"Dear Margot Daridan,\\n                    \\nThank you once again for choosing our company. We hope you were satisfied with your Soin \\u00e0 vis\\u00e9e th\\u00e9rapeutique.\\n                     \\nWe look forward to seeing you again soon,\\nInstitut Ph\\u00e9nix Energ\\u00e9tique\",\"icsFiles\":[],\"historyId\":\"445\"}'),(607,21,37,37,NULL,NULL,'2023-06-10 12:15:05',0,'{\"subject\":\"\",\"body\":\"Dear arnaud mirande,\\n                    \\nThank you once again for choosing our company. We hope you were satisfied with your 1\\u00e8re S\\u00e9ance \\u00e0 vis\\u00e9e th\\u00e9rapeutique.\\n                     \\nWe look forward to seeing you again soon,\\nInstitut Ph\\u00e9nix Energ\\u00e9tique\",\"icsFiles\":[],\"historyId\":\"446\"}'),(608,21,20,40,NULL,NULL,'2023-06-10 12:15:05',0,'{\"subject\":\"\",\"body\":\"Dear Margot Daridan,\\n                    \\nThank you once again for choosing our company. We hope you were satisfied with your Soin \\u00e0 vis\\u00e9e th\\u00e9rapeutique.\\n                     \\nWe look forward to seeing you again soon,\\nInstitut Ph\\u00e9nix Energ\\u00e9tique\",\"icsFiles\":[],\"historyId\":\"447\"}'),(609,21,37,37,NULL,NULL,'2023-06-10 12:30:05',0,'{\"subject\":\"\",\"body\":\"Dear arnaud mirande,\\n                    \\nThank you once again for choosing our company. We hope you were satisfied with your 1\\u00e8re S\\u00e9ance \\u00e0 vis\\u00e9e th\\u00e9rapeutique.\\n                     \\nWe look forward to seeing you again soon,\\nInstitut Ph\\u00e9nix Energ\\u00e9tique\",\"icsFiles\":[],\"historyId\":\"448\"}'),(610,21,20,40,NULL,NULL,'2023-06-10 12:30:05',0,'{\"subject\":\"\",\"body\":\"Dear Margot Daridan,\\n                    \\nThank you once again for choosing our company. We hope you were satisfied with your Soin \\u00e0 vis\\u00e9e th\\u00e9rapeutique.\\n                     \\nWe look forward to seeing you again soon,\\nInstitut Ph\\u00e9nix Energ\\u00e9tique\",\"icsFiles\":[],\"historyId\":\"449\"}'),(611,21,37,37,NULL,NULL,'2023-06-10 12:45:05',0,'{\"subject\":\"\",\"body\":\"Dear arnaud mirande,\\n                    \\nThank you once again for choosing our company. We hope you were satisfied with your 1\\u00e8re S\\u00e9ance \\u00e0 vis\\u00e9e th\\u00e9rapeutique.\\n                     \\nWe look forward to seeing you again soon,\\nInstitut Ph\\u00e9nix Energ\\u00e9tique\",\"icsFiles\":[],\"historyId\":\"450\"}'),(612,21,20,40,NULL,NULL,'2023-06-10 12:45:06',0,'{\"subject\":\"\",\"body\":\"Dear Margot Daridan,\\n                    \\nThank you once again for choosing our company. We hope you were satisfied with your Soin \\u00e0 vis\\u00e9e th\\u00e9rapeutique.\\n                     \\nWe look forward to seeing you again soon,\\nInstitut Ph\\u00e9nix Energ\\u00e9tique\",\"icsFiles\":[],\"historyId\":\"451\"}'),(613,21,37,37,NULL,NULL,'2023-06-10 13:00:06',0,'{\"subject\":\"\",\"body\":\"Dear arnaud mirande,\\n                    \\nThank you once again for choosing our company. We hope you were satisfied with your 1\\u00e8re S\\u00e9ance \\u00e0 vis\\u00e9e th\\u00e9rapeutique.\\n                     \\nWe look forward to seeing you again soon,\\nInstitut Ph\\u00e9nix Energ\\u00e9tique\",\"icsFiles\":[],\"historyId\":\"452\"}'),(614,21,20,40,NULL,NULL,'2023-06-10 13:00:06',0,'{\"subject\":\"\",\"body\":\"Dear Margot Daridan,\\n                    \\nThank you once again for choosing our company. We hope you were satisfied with your Soin \\u00e0 vis\\u00e9e th\\u00e9rapeutique.\\n                     \\nWe look forward to seeing you again soon,\\nInstitut Ph\\u00e9nix Energ\\u00e9tique\",\"icsFiles\":[],\"historyId\":\"453\"}'),(615,21,37,37,NULL,NULL,'2023-06-10 13:15:06',0,'{\"subject\":\"\",\"body\":\"Dear arnaud mirande,\\n                    \\nThank you once again for choosing our company. We hope you were satisfied with your 1\\u00e8re S\\u00e9ance \\u00e0 vis\\u00e9e th\\u00e9rapeutique.\\n                     \\nWe look forward to seeing you again soon,\\nInstitut Ph\\u00e9nix Energ\\u00e9tique\",\"icsFiles\":[],\"historyId\":\"454\"}'),